83.71.81.174 - - [01/Aug/2008:02:31:08 -0700] "GET /includes/jquery/plugins/cluetip/jquery.dimensions.js HTTP/1.1" 304 240 "http://registration.corkworlds2009.com/" "Mozilla/5.0 (Windows; U; Windows NT 6.0; en-GB; rv:1.9.0.1) Gecko/2008070208 Firefox/3.0.1"
83.71.81.174 - - [01/Aug/2008:02:31:09 -0700] "GET /includes/jquery/plugins/cluetip/jquery.cluetip.js HTTP/1.1" 304 240 "http://registration.corkworlds2009.com/" "Mozilla/5.0 (Windows; U; Windows NT 6.0; en-GB; rv:1.9.0.1) Gecko/2008070208 Firefox/3.0.1"
202.28.180.202 - - [01/Aug/2008:02:31:09 -0700] "GET /templates/cworlds2009/images/footer-bg.jpg HTTP/1.0" 304 240 "http://registration.corkworlds2009.com/" "Mozilla/4.0 (compatible; MSIE 6.0; Windows NT 5.1; SV1; .NET CLR 2.0.50727)"
202.28.180.202 - - [01/Aug/2008:02:31:09 -0700] "GET /modules/mod_disable/css/mod_disable.css HTTP/1.0" 304 239 "http://registration.corkworlds2009.com/" "Mozilla/4.0 (compatible; MSIE 6.0; Windows NT 5.1; SV1; .NET CLR 2.0.50727)"
202.28.180.202 - - [01/Aug/2008:02:31:09 -0700] "GET /templates/cworlds2009/images/box-top.png HTTP/1.0" 304 238 "http://registration.corkworlds2009.com/" "Mozilla/4.0 (compatible; MSIE 6.0; Windows NT 5.1; SV1; .NET CLR 2.0.50727)"
202.28.180.202 - - [01/Aug/2008:02:31:09 -0700] "GET /templates/cworlds2009/images/box-topleft.png HTTP/1.0" 304 238 "http://registration.corkworlds2009.com/" "Mozilla/4.0 (compatible; MSIE 6.0; Windows NT 5.1; SV1; .NET CLR 2.0.50727)"
83.71.81.174 - - [01/Aug/2008:02:31:09 -0700] "GET /includes/jquery/plugins/simplemodal/css/simplemodal.css HTTP/1.1" 304 239 "http://registration.corkworlds2009.com/" "Mozilla/5.0 (Windows; U; Windows NT 6.0; en-GB; rv:1.9.0.1) Gecko/2008070208 Firefox/3.0.1"
83.71.81.174 - - [01/Aug/2008:02:31:09 -0700] "GET /includes/jquery/plugins/cluetip/jquery.cluetip.css HTTP/1.1" 304 240 "http://registration.corkworlds2009.com/" "Mozilla/5.0 (Windows; U; Windows NT 6.0; en-GB; rv:1.9.0.1) Gecko/2008070208 Firefox/3.0.1"
83.71.81.174 - - [01/Aug/2008:02:31:09 -0700] "GET /templates/cworlds2009/images/box-right.png HTTP/1.1" 304 238 "http://registration.corkworlds2009.com/templates/cworlds2009/css/programs.css" "Mozilla/5.0 (Windows; U; Windows NT 6.0; en-GB; rv:1.9.0.1) Gecko/2008070208 Firefox/3.0.1"
83.71.81.174 - - [01/Aug/2008:02:31:09 -0700] "GET /templates/cworlds2009/images/box-left.png HTTP/1.1" 304 237 "http://registration.corkworlds2009.com/templates/cworlds2009/css/programs.css" "Mozilla/5.0 (Windows; U; Windows NT 6.0; en-GB; rv:1.9.0.1) Gecko/2008070208 Firefox/3.0.1"
83.71.81.174 - - [01/Aug/2008:02:31:09 -0700] "GET /templates/cworlds2009/images/box-top.png HTTP/1.1" 304 237 "http://registration.corkworlds2009.com/templates/cworlds2009/css/programs.css" "Mozilla/5.0 (Windows; U; Windows NT 6.0; en-GB; rv:1.9.0.1) Gecko/2008070208 Firefox/3.0.1"
83.71.81.174 - - [01/Aug/2008:02:31:09 -0700] "GET /templates/cworlds2009/images/box-topleft.png HTTP/1.1" 304 237 "http://registration.corkworlds2009.com/templates/cworlds2009/css/programs.css" "Mozilla/5.0 (Windows; U; Windows NT 6.0; en-GB; rv:1.9.0.1) Gecko/2008070208 Firefox/3.0.1"
83.71.81.174 - - [01/Aug/2008:02:31:09 -0700] "GET /templates/cworlds2009/images/register.jpg HTTP/1.1" 304 240 "http://registration.corkworlds2009.com/templates/cworlds2009/css/programs.css" "Mozilla/5.0 (Windows; U; Windows NT 6.0; en-GB; rv:1.9.0.1) Gecko/2008070208 Firefox/3.0.1"
83.71.81.174 - - [01/Aug/2008:02:31:10 -0700] "GET /templates/cworlds2009/images/footer-bg.jpg HTTP/1.1" 304 239 "http://registration.corkworlds2009.com/templates/cworlds2009/css/cworlds2009.css" "Mozilla/5.0 (Windows; U; Windows NT 6.0; en-GB; rv:1.9.0.1) Gecko/2008070208 Firefox/3.0.1"
83.71.81.174 - - [01/Aug/2008:02:31:10 -0700] "GET /modules/mod_disable/js/mod_disable.js HTTP/1.1" 304 239 "http://registration.corkworlds2009.com/" "Mozilla/5.0 (Windows; U; Windows NT 6.0; en-GB; rv:1.9.0.1) Gecko/2008070208 Firefox/3.0.1"
83.71.81.174 - - [01/Aug/2008:02:31:10 -0700] "GET /modules/mod_disable/css/mod_disable.css HTTP/1.1" 200 846 "http://registration.corkworlds2009.com/" "Mozilla/5.0 (Windows; U; Windows NT 6.0; en-GB; rv:1.9.0.1) Gecko/2008070208 Firefox/3.0.1"
202.28.180.202 - - [01/Aug/2008:02:31:10 -0700] "GET /includes/jquery/plugins/cluetip/wait.gif HTTP/1.0" 304 239 "http://registration.corkworlds2009.com/" "Mozilla/4.0 (compatible; MSIE 6.0; Windows NT 5.1; SV1; .NET CLR 2.0.50727)"
83.71.81.174 - - [01/Aug/2008:02:31:12 -0700] "GET /includes/jquery/plugins/cluetip/wait.gif HTTP/1.1" 304 240 "http://registration.corkworlds2009.com/includes/jquery/plugins/cluetip/jquery.cluetip.css" "Mozilla/5.0 (Windows; U; Windows NT 6.0; en-GB; rv:1.9.0.1) Gecko/2008070208 Firefox/3.0.1"
202.28.180.202 - - [01/Aug/2008:02:31:17 -0700] "GET /includes/validator/validator.js HTTP/1.0" 304 240 "http://registration.corkworlds2009.com/" "Mozilla/4.0 (compatible; MSIE 6.0; Windows NT 5.1; SV1; .NET CLR 2.0.50727)"
202.28.180.202 - - [01/Aug/2008:02:31:17 -0700] "GET / HTTP/1.0" 200 35678 "http://www.corkworlds2009.com" "Mozilla/4.0 (compatible; MSIE 6.0; Windows NT 5.1; SV1; .NET CLR 2.0.50727)"
202.28.180.202 - - [01/Aug/2008:02:31:18 -0700] "GET /includes/jquery/jquery.js HTTP/1.0" 304 241 "http://registration.corkworlds2009.com/" "Mozilla/4.0 (compatible; MSIE 6.0; Windows NT 5.1; SV1; .NET CLR 2.0.50727)"
202.28.180.202 - - [01/Aug/2008:02:31:18 -0700] "GET /templates/cworlds2009/css/cworlds2009.css HTTP/1.0" 304 239 "http://registration.corkworlds2009.com/" "Mozilla/4.0 (compatible; MSIE 6.0; Windows NT 5.1; SV1; .NET CLR 2.0.50727)"
202.28.180.202 - - [01/Aug/2008:02:31:19 -0700] "GET /includes/css/system.css HTTP/1.0" 304 239 "http://registration.corkworlds2009.com/" "Mozilla/4.0 (compatible; MSIE 6.0; Windows NT 5.1; SV1; .NET CLR 2.0.50727)"
202.28.180.202 - - [01/Aug/2008:02:31:19 -0700] "GET /templates/cworlds2009/css/programs.css HTTP/1.0" 304 240 "http://registration.corkworlds2009.com/" "Mozilla/4.0 (compatible; MSIE 6.0; Windows NT 5.1; SV1; .NET CLR 2.0.50727)"
202.28.180.202 - - [01/Aug/2008:02:31:19 -0700] "GET /templates/cworlds2009/css/iebased.css HTTP/1.0" 304 238 "http://registration.corkworlds2009.com/" "Mozilla/4.0 (compatible; MSIE 6.0; Windows NT 5.1; SV1; .NET CLR 2.0.50727)"
202.28.180.202 - - [01/Aug/2008:02:31:19 -0700] "GET /modules/mod_welcome/css/mod_welcome.css HTTP/1.0" 304 238 "http://registration.corkworlds2009.com/" "Mozilla/4.0 (compatible; MSIE 6.0; Windows NT 5.1; SV1; .NET CLR 2.0.50727)"
202.28.180.202 - - [01/Aug/2008:02:31:19 -0700] "GET /modules/mod_login/css/mod_login.css HTTP/1.0" 304 238 "http://registration.corkworlds2009.com/" "Mozilla/4.0 (compatible; MSIE 6.0; Windows NT 5.1; SV1; .NET CLR 2.0.50727)"
202.28.180.202 - - [01/Aug/2008:02:31:19 -0700] "GET /templates/cworlds2009/images/banner.jpg HTTP/1.0" 304 239 "http://registration.corkworlds2009.com/" "Mozilla/4.0 (compatible; MSIE 6.0; Windows NT 5.1; SV1; .NET CLR 2.0.50727)"
202.28.180.202 - - [01/Aug/2008:02:31:19 -0700] "GET /templates/cworlds2009/images/container-bg.jpg HTTP/1.0" 304 238 "http://registration.corkworlds2009.com/" "Mozilla/4.0 (compatible; MSIE 6.0; Windows NT 5.1; SV1; .NET CLR 2.0.50727)"
202.28.180.202 - - [01/Aug/2008:02:31:19 -0700] "GET /templates/cworlds2009/images/top-welcome-menu.jpg HTTP/1.0" 304 239 "http://registration.corkworlds2009.com/" "Mozilla/4.0 (compatible; MSIE 6.0; Windows NT 5.1; SV1; .NET CLR 2.0.50727)"
202.28.180.202 - - [01/Aug/2008:02:31:19 -0700] "GET /templates/cworlds2009/images/top-menu-sp.jpg HTTP/1.0" 304 239 "http://registration.corkworlds2009.com/" "Mozilla/4.0 (compatible; MSIE 6.0; Windows NT 5.1; SV1; .NET CLR 2.0.50727)"
202.28.180.202 - - [01/Aug/2008:02:31:19 -0700] "GET /templates/cworlds2009/images/user-actions-box-bg.jpg HTTP/1.0" 304 239 "http://registration.corkworlds2009.com/" "Mozilla/4.0 (compatible; MSIE 6.0; Windows NT 5.1; SV1; .NET CLR 2.0.50727)"
202.28.180.202 - - [01/Aug/2008:02:31:19 -0700] "GET /templates/cworlds2009/images/user-actions-box-header.jpg HTTP/1.0" 304 240 "http://registration.corkworlds2009.com/" "Mozilla/4.0 (compatible; MSIE 6.0; Windows NT 5.1; SV1; .NET CLR 2.0.50727)"
202.28.180.202 - - [01/Aug/2008:02:31:19 -0700] "GET /modules/mod_welcome/images/bullet.jpg HTTP/1.0" 304 239 "http://registration.corkworlds2009.com/" "Mozilla/4.0 (compatible; MSIE 6.0; Windows NT 5.1; SV1; .NET CLR 2.0.50727)"
202.28.180.202 - - [01/Aug/2008:02:31:20 -0700] "GET /includes/jquery/plugins/simplemodal/jquery.simplemodal.js HTTP/1.0" 304 240 "http://registration.corkworlds2009.com/" "Mozilla/4.0 (compatible; MSIE 6.0; Windows NT 5.1; SV1; .NET CLR 2.0.50727)"
202.28.180.202 - - [01/Aug/2008:02:31:20 -0700] "GET /templates/cworlds2009/images/submit.png HTTP/1.0" 304 239 "http://registration.corkworlds2009.com/" "Mozilla/4.0 (compatible; MSIE 6.0; Windows NT 5.1; SV1; .NET CLR 2.0.50727)"
202.28.180.202 - - [01/Aug/2008:02:31:20 -0700] "GET /templates/cworlds2009/images/mainbody-bg.jpg HTTP/1.0" 304 240 "http://registration.corkworlds2009.com/" "Mozilla/4.0 (compatible; MSIE 6.0; Windows NT 5.1; SV1; .NET CLR 2.0.50727)"
202.28.180.202 - - [01/Aug/2008:02:31:20 -0700] "GET /templates/cworlds2009/images/note.png HTTP/1.0" 304 239 "http://registration.corkworlds2009.com/" "Mozilla/4.0 (compatible; MSIE 6.0; Windows NT 5.1; SV1; .NET CLR 2.0.50727)"
202.28.180.202 - - [01/Aug/2008:02:31:20 -0700] "GET /templates/cworlds2009/images/information.png HTTP/1.0" 304 239 "http://registration.corkworlds2009.com/" "Mozilla/4.0 (compatible; MSIE 6.0; Windows NT 5.1; SV1; .NET CLR 2.0.50727)"
202.28.180.202 - - [01/Aug/2008:02:31:20 -0700] "GET /includes/jquery/plugins/cluetip/jquery.dimensions.js HTTP/1.0" 304 240 "http://registration.corkworlds2009.com/" "Mozilla/4.0 (compatible; MSIE 6.0; Windows NT 5.1; SV1; .NET CLR 2.0.50727)"
202.28.180.202 - - [01/Aug/2008:02:31:20 -0700] "GET /includes/jquery/plugins/cluetip/jquery.cluetip.js HTTP/1.0" 304 240 "http://registration.corkworlds2009.com/" "Mozilla/4.0 (compatible; MSIE 6.0; Windows NT 5.1; SV1; .NET CLR 2.0.50727)"
202.28.180.202 - - [01/Aug/2008:02:31:21 -0700] "GET /includes/jquery/plugins/simplemodal/css/simplemodal.css HTTP/1.0" 304 239 "http://registration.corkworlds2009.com/" "Mozilla/4.0 (compatible; MSIE 6.0; Windows NT 5.1; SV1; .NET CLR 2.0.50727)"
202.28.180.202 - - [01/Aug/2008:02:31:21 -0700] "GET /includes/jquery/plugins/simplemodal/css/simplemodal_ie.css HTTP/1.0" 304 239 "http://registration.corkworlds2009.com/" "Mozilla/4.0 (compatible; MSIE 6.0; Windows NT 5.1; SV1; .NET CLR 2.0.50727)"
202.28.180.202 - - [01/Aug/2008:02:31:21 -0700] "GET /includes/jquery/plugins/cluetip/jquery.cluetip.css HTTP/1.0" 304 240 "http://registration.corkworlds2009.com/" "Mozilla/4.0 (compatible; MSIE 6.0; Windows NT 5.1; SV1; .NET CLR 2.0.50727)"
202.28.180.202 - - [01/Aug/2008:02:31:21 -0700] "GET /templates/cworlds2009/images/register.jpg HTTP/1.0" 304 240 "http://registration.corkworlds2009.com/" "Mozilla/4.0 (compatible; MSIE 6.0; Windows NT 5.1; SV1; .NET CLR 2.0.50727)"
202.28.180.202 - - [01/Aug/2008:02:31:21 -0700] "GET /modules/mod_disable/js/mod_disable.js HTTP/1.0" 304 239 "http://registration.corkworlds2009.com/" "Mozilla/4.0 (compatible; MSIE 6.0; Windows NT 5.1; SV1; .NET CLR 2.0.50727)"
202.28.180.202 - - [01/Aug/2008:02:31:21 -0700] "GET /templates/cworlds2009/images/box-right.png HTTP/1.0" 304 238 "http://registration.corkworlds2009.com/" "Mozilla/4.0 (compatible; MSIE 6.0; Windows NT 5.1; SV1; .NET CLR 2.0.50727)"
202.28.180.202 - - [01/Aug/2008:02:31:21 -0700] "GET /templates/cworlds2009/images/box-left.png HTTP/1.0" 304 237 "http://registration.corkworlds2009.com/" "Mozilla/4.0 (compatible; MSIE 6.0; Windows NT 5.1; SV1; .NET CLR 2.0.50727)"
202.28.180.202 - - [01/Aug/2008:02:31:22 -0700] "GET /templates/cworlds2009/images/box-top.png HTTP/1.0" 304 237 "http://registration.corkworlds2009.com/" "Mozilla/4.0 (compatible; MSIE 6.0; Windows NT 5.1; SV1; .NET CLR 2.0.50727)"
202.28.180.202 - - [01/Aug/2008:02:31:22 -0700] "GET /templates/cworlds2009/images/box-topleft.png HTTP/1.0" 304 237 "http://registration.corkworlds2009.com/" "Mozilla/4.0 (compatible; MSIE 6.0; Windows NT 5.1; SV1; .NET CLR 2.0.50727)"
202.28.180.202 - - [01/Aug/2008:02:31:22 -0700] "GET /templates/cworlds2009/images/footer-bg.jpg HTTP/1.0" 304 239 "http://registration.corkworlds2009.com/" "Mozilla/4.0 (compatible; MSIE 6.0; Windows NT 5.1; SV1; .NET CLR 2.0.50727)"
202.28.180.202 - - [01/Aug/2008:02:31:22 -0700] "GET /modules/mod_disable/css/mod_disable.css HTTP/1.0" 304 238 "http://registration.corkworlds2009.com/" "Mozilla/4.0 (compatible; MSIE 6.0; Windows NT 5.1; SV1; .NET CLR 2.0.50727)"
202.28.180.202 - - [01/Aug/2008:02:31:23 -0700] "GET /includes/jquery/plugins/cluetip/wait.gif HTTP/1.0" 304 239 "http://registration.corkworlds2009.com/" "Mozilla/4.0 (compatible; MSIE 6.0; Windows NT 5.1; SV1; .NET CLR 2.0.50727)"
202.28.180.202 - - [01/Aug/2008:02:31:25 -0700] "GET /includes/validator/validator.js HTTP/1.0" 304 240 "http://registration.corkworlds2009.com/" "Mozilla/4.0 (compatible; MSIE 6.0; Windows NT 5.1; SV1; .NET CLR 2.0.50727)"
202.28.180.202 - - [01/Aug/2008:02:31:24 -0700] "GET / HTTP/1.0" 200 35678 "http://www.corkworlds2009.com" "Mozilla/4.0 (compatible; MSIE 6.0; Windows NT 5.1; SV1; .NET CLR 2.0.50727)"
202.28.180.202 - - [01/Aug/2008:02:31:26 -0700] "GET /includes/jquery/jquery.js HTTP/1.0" 304 241 "http://registration.corkworlds2009.com/" "Mozilla/4.0 (compatible; MSIE 6.0; Windows NT 5.1; SV1; .NET CLR 2.0.50727)"
202.28.180.202 - - [01/Aug/2008:02:31:26 -0700] "GET /includes/css/system.css HTTP/1.0" 304 238 "http://registration.corkworlds2009.com/" "Mozilla/4.0 (compatible; MSIE 6.0; Windows NT 5.1; SV1; .NET CLR 2.0.50727)"
202.28.180.202 - - [01/Aug/2008:02:31:26 -0700] "GET /templates/cworlds2009/css/iebased.css HTTP/1.0" 304 238 "http://registration.corkworlds2009.com/" "Mozilla/4.0 (compatible; MSIE 6.0; Windows NT 5.1; SV1; .NET CLR 2.0.50727)"
202.28.180.202 - - [01/Aug/2008:02:31:26 -0700] "GET /templates/cworlds2009/css/cworlds2009.css HTTP/1.0" 304 240 "http://registration.corkworlds2009.com/" "Mozilla/4.0 (compatible; MSIE 6.0; Windows NT 5.1; SV1; .NET CLR 2.0.50727)"
202.28.180.202 - - [01/Aug/2008:02:31:26 -0700] "GET /templates/cworlds2009/css/programs.css HTTP/1.0" 304 240 "http://registration.corkworlds2009.com/" "Mozilla/4.0 (compatible; MSIE 6.0; Windows NT 5.1; SV1; .NET CLR 2.0.50727)"
202.28.180.202 - - [01/Aug/2008:02:31:26 -0700] "GET /modules/mod_welcome/css/mod_welcome.css HTTP/1.0" 304 238 "http://registration.corkworlds2009.com/" "Mozilla/4.0 (compatible; MSIE 6.0; Windows NT 5.1; SV1; .NET CLR 2.0.50727)"
202.28.180.202 - - [01/Aug/2008:02:31:27 -0700] "GET /modules/mod_login/css/mod_login.css HTTP/1.0" 304 238 "http://registration.corkworlds2009.com/" "Mozilla/4.0 (compatible; MSIE 6.0; Windows NT 5.1; SV1; .NET CLR 2.0.50727)"
202.28.180.202 - - [01/Aug/2008:02:31:27 -0700] "GET /templates/cworlds2009/images/container-bg.jpg HTTP/1.0" 304 238 "http://registration.corkworlds2009.com/" "Mozilla/4.0 (compatible; MSIE 6.0; Windows NT 5.1; SV1; .NET CLR 2.0.50727)"
202.28.180.202 - - [01/Aug/2008:02:31:27 -0700] "GET /templates/cworlds2009/images/top-welcome-menu.jpg HTTP/1.0" 304 239 "http://registration.corkworlds2009.com/" "Mozilla/4.0 (compatible; MSIE 6.0; Windows NT 5.1; SV1; .NET CLR 2.0.50727)"
202.28.180.202 - - [01/Aug/2008:02:31:27 -0700] "GET /templates/cworlds2009/images/banner.jpg HTTP/1.0" 304 239 "http://registration.corkworlds2009.com/" "Mozilla/4.0 (compatible; MSIE 6.0; Windows NT 5.1; SV1; .NET CLR 2.0.50727)"
202.28.180.202 - - [01/Aug/2008:02:31:27 -0700] "GET /templates/cworlds2009/images/top-menu-sp.jpg HTTP/1.0" 304 239 "http://registration.corkworlds2009.com/" "Mozilla/4.0 (compatible; MSIE 6.0; Windows NT 5.1; SV1; .NET CLR 2.0.50727)"
202.28.180.202 - - [01/Aug/2008:02:31:27 -0700] "GET /templates/cworlds2009/images/user-actions-box-bg.jpg HTTP/1.0" 304 239 "http://registration.corkworlds2009.com/" "Mozilla/4.0 (compatible; MSIE 6.0; Windows NT 5.1; SV1; .NET CLR 2.0.50727)"
202.28.180.202 - - [01/Aug/2008:02:31:27 -0700] "GET /modules/mod_welcome/images/bullet.jpg HTTP/1.0" 304 239 "http://registration.corkworlds2009.com/" "Mozilla/4.0 (compatible; MSIE 6.0; Windows NT 5.1; SV1; .NET CLR 2.0.50727)"
202.28.180.202 - - [01/Aug/2008:02:31:27 -0700] "GET /templates/cworlds2009/images/user-actions-box-header.jpg HTTP/1.0" 304 240 "http://registration.corkworlds2009.com/" "Mozilla/4.0 (compatible; MSIE 6.0; Windows NT 5.1; SV1; .NET CLR 2.0.50727)"
202.28.180.202 - - [01/Aug/2008:02:31:27 -0700] "GET /templates/cworlds2009/images/submit.png HTTP/1.0" 304 239 "http://registration.corkworlds2009.com/" "Mozilla/4.0 (compatible; MSIE 6.0; Windows NT 5.1; SV1; .NET CLR 2.0.50727)"
202.28.180.202 - - [01/Aug/2008:02:31:27 -0700] "GET /includes/jquery/plugins/simplemodal/jquery.simplemodal.js HTTP/1.0" 304 240 "http://registration.corkworlds2009.com/" "Mozilla/4.0 (compatible; MSIE 6.0; Windows NT 5.1; SV1; .NET CLR 2.0.50727)"
202.28.180.202 - - [01/Aug/2008:02:31:27 -0700] "GET /templates/cworlds2009/images/mainbody-bg.jpg HTTP/1.0" 304 240 "http://registration.corkworlds2009.com/" "Mozilla/4.0 (compatible; MSIE 6.0; Windows NT 5.1; SV1; .NET CLR 2.0.50727)"
202.28.180.202 - - [01/Aug/2008:02:31:27 -0700] "GET /templates/cworlds2009/images/note.png HTTP/1.0" 304 239 "http://registration.corkworlds2009.com/" "Mozilla/4.0 (compatible; MSIE 6.0; Windows NT 5.1; SV1; .NET CLR 2.0.50727)"
202.28.180.202 - - [01/Aug/2008:02:31:28 -0700] "GET /templates/cworlds2009/images/information.png HTTP/1.0" 304 239 "http://registration.corkworlds2009.com/" "Mozilla/4.0 (compatible; MSIE 6.0; Windows NT 5.1; SV1; .NET CLR 2.0.50727)"
202.28.180.202 - - [01/Aug/2008:02:31:28 -0700] "GET /includes/jquery/plugins/cluetip/jquery.dimensions.js HTTP/1.0" 304 240 "http://registration.corkworlds2009.com/" "Mozilla/4.0 (compatible; MSIE 6.0; Windows NT 5.1; SV1; .NET CLR 2.0.50727)"
75.69.93.93 - - [01/Aug/2008:02:32:20 -0700] "GET / HTTP/1.1" 200 9495 "http://www.corkworlds2009.com/index.php?option=com_content&view=article&id=5&Itemid=4" "Mozilla/5.0 (Windows; U; Windows NT 5.1; en-US; rv:1.9.0.1) Gecko/2008070208 Firefox/3.0.1"
75.69.93.93 - - [01/Aug/2008:02:32:21 -0700] "GET /modules/mod_disable/css/mod_disable.css HTTP/1.1" 200 846 "http://registration.corkworlds2009.com/" "Mozilla/5.0 (Windows; U; Windows NT 5.1; en-US; rv:1.9.0.1) Gecko/2008070208 Firefox/3.0.1"
89.21.65.59 - - [01/Aug/2008:02:32:40 -0700] "GET / HTTP/1.1" 200 9553 "http://www.corkworlds2009.com/index.php?option=com_content&view=article&id=5&Itemid=4" "Mozilla/4.0 (compatible; MSIE 6.0; Windows NT 5.1; SV1; MRSPUTNIK 2, 0, 0, 36 HW; MRA 5.1 (build 02214))"
89.21.65.59 - - [01/Aug/2008:02:32:42 -0700] "GET /includes/validator/validator.js HTTP/1.1" 200 11850 "http://registration.corkworlds2009.com/" "Mozilla/4.0 (compatible; MSIE 6.0; Windows NT 5.1; SV1; MRSPUTNIK 2, 0, 0, 36 HW; MRA 5.1 (build 02214))"
86.136.3.87 - - [01/Aug/2008:02:32:51 -0700] "GET / HTTP/1.1" 200 9495 "http://www.corkworlds2009.com/index.php?option=com_content&view=article&id=8&Itemid=9" "Mozilla/5.0 (Windows; U; Windows NT 5.1; en-GB; rv:1.8.1.16) Gecko/20080702 Firefox/2.0.0.16"
86.136.3.87 - - [01/Aug/2008:02:32:52 -0700] "GET /includes/validator/validator.js HTTP/1.1" 200 11849 "http://registration.corkworlds2009.com/" "Mozilla/5.0 (Windows; U; Windows NT 5.1; en-GB; rv:1.8.1.16) Gecko/20080702 Firefox/2.0.0.16"
86.136.3.87 - - [01/Aug/2008:02:32:52 -0700] "GET /includes/jquery/jquery.js HTTP/1.1" 200 100557 "http://registration.corkworlds2009.com/" "Mozilla/5.0 (Windows; U; Windows NT 5.1; en-GB; rv:1.8.1.16) Gecko/20080702 Firefox/2.0.0.16"
89.21.65.59 - - [01/Aug/2008:02:32:45 -0700] "GET /includes/jquery/jquery.js HTTP/1.1" 200 100558 "http://registration.corkworlds2009.com/" "Mozilla/4.0 (compatible; MSIE 6.0; Windows NT 5.1; SV1; MRSPUTNIK 2, 0, 0, 36 HW; MRA 5.1 (build 02214))"
86.136.3.87 - - [01/Aug/2008:02:32:54 -0700] "GET /includes/css/system.css HTTP/1.1" 200 1570 "http://registration.corkworlds2009.com/" "Mozilla/5.0 (Windows; U; Windows NT 5.1; en-GB; rv:1.8.1.16) Gecko/20080702 Firefox/2.0.0.16"
86.136.3.87 - - [01/Aug/2008:02:32:54 -0700] "GET /templates/cworlds2009/favicon.ico HTTP/1.1" 200 1508 "-" "Mozilla/5.0 (Windows; U; Windows NT 5.1; en-GB; rv:1.8.1.16) Gecko/20080702 Firefox/2.0.0.16"
86.136.3.87 - - [01/Aug/2008:02:32:54 -0700] "GET /templates/cworlds2009/css/cworlds2009.css HTTP/1.1" 200 4459 "http://registration.corkworlds2009.com/" "Mozilla/5.0 (Windows; U; Windows NT 5.1; en-GB; rv:1.8.1.16) Gecko/20080702 Firefox/2.0.0.16"
86.136.3.87 - - [01/Aug/2008:02:32:55 -0700] "GET /templates/cworlds2009/css/programs.css HTTP/1.1" 200 5160 "http://registration.corkworlds2009.com/" "Mozilla/5.0 (Windows; U; Windows NT 5.1; en-GB; rv:1.8.1.16) Gecko/20080702 Firefox/2.0.0.16"
86.136.3.87 - - [01/Aug/2008:02:32:55 -0700] "GET /templates/cworlds2009/images/container-bg.jpg HTTP/1.1" 200 782 "http://registration.corkworlds2009.com/templates/cworlds2009/css/cworlds2009.css" "Mozilla/5.0 (Windows; U; Windows NT 5.1; en-GB; rv:1.8.1.16) Gecko/20080702 Firefox/2.0.0.16"
86.136.3.87 - - [01/Aug/2008:02:32:55 -0700] "GET /templates/cworlds2009/images/banner.jpg HTTP/1.1" 200 16004 "http://registration.corkworlds2009.com/templates/cworlds2009/css/cworlds2009.css" "Mozilla/5.0 (Windows; U; Windows NT 5.1; en-GB; rv:1.8.1.16) Gecko/20080702 Firefox/2.0.0.16"
86.136.3.87 - - [01/Aug/2008:02:32:55 -0700] "GET /modules/mod_welcome/css/mod_welcome.css HTTP/1.1" 200 541 "http://registration.corkworlds2009.com/" "Mozilla/5.0 (Windows; U; Windows NT 5.1; en-GB; rv:1.8.1.16) Gecko/20080702 Firefox/2.0.0.16"
86.136.3.87 - - [01/Aug/2008:02:32:55 -0700] "GET /templates/cworlds2009/images/top-welcome-menu.jpg HTTP/1.1" 200 3395 "http://registration.corkworlds2009.com/templates/cworlds2009/css/cworlds2009.css" "Mozilla/5.0 (Windows; U; Windows NT 5.1; en-GB; rv:1.8.1.16) Gecko/20080702 Firefox/2.0.0.16"
86.136.3.87 - - [01/Aug/2008:02:32:55 -0700] "GET /templates/cworlds2009/images/top-menu-sp.jpg HTTP/1.1" 200 649 "http://registration.corkworlds2009.com/templates/cworlds2009/css/cworlds2009.css" "Mozilla/5.0 (Windows; U; Windows NT 5.1; en-GB; rv:1.8.1.16) Gecko/20080702 Firefox/2.0.0.16"
86.136.3.87 - - [01/Aug/2008:02:32:56 -0700] "GET /templates/cworlds2009/images/user-actions-box-header.jpg HTTP/1.1" 200 4756 "http://registration.corkworlds2009.com/templates/cworlds2009/css/cworlds2009.css" "Mozilla/5.0 (Windows; U; Windows NT 5.1; en-GB; rv:1.8.1.16) Gecko/20080702 Firefox/2.0.0.16"
86.136.3.87 - - [01/Aug/2008:02:32:56 -0700] "GET /templates/cworlds2009/images/user-actions-box-bg.jpg HTTP/1.1" 200 840 "http://registration.corkworlds2009.com/templates/cworlds2009/css/cworlds2009.css" "Mozilla/5.0 (Windows; U; Windows NT 5.1; en-GB; rv:1.8.1.16) Gecko/20080702 Firefox/2.0.0.16"
89.21.65.59 - - [01/Aug/2008:02:32:56 -0700] "GET /templates/cworlds2009/css/cworlds2009.css HTTP/1.1" 200 4459 "http://registration.corkworlds2009.com/" "Mozilla/4.0 (compatible; MSIE 6.0; Windows NT 5.1; SV1; MRSPUTNIK 2, 0, 0, 36 HW; MRA 5.1 (build 02214))"
86.136.3.87 - - [01/Aug/2008:02:32:56 -0700] "GET /modules/mod_welcome/images/bullet.jpg HTTP/1.1" 200 782 "http://registration.corkworlds2009.com/modules/mod_welcome/css/mod_welcome.css" "Mozilla/5.0 (Windows; U; Windows NT 5.1; en-GB; rv:1.8.1.16) Gecko/20080702 Firefox/2.0.0.16"
86.136.3.87 - - [01/Aug/2008:02:32:56 -0700] "GET /modules/mod_login/css/mod_login.css HTTP/1.1" 200 488 "http://registration.corkworlds2009.com/" "Mozilla/5.0 (Windows; U; Windows NT 5.1; en-GB; rv:1.8.1.16) Gecko/20080702 Firefox/2.0.0.16"
89.21.65.59 - - [01/Aug/2008:02:32:57 -0700] "GET /includes/css/system.css HTTP/1.1" 200 1571 "http://registration.corkworlds2009.com/" "Mozilla/4.0 (compatible; MSIE 6.0; Windows NT 5.1; SV1; MRSPUTNIK 2, 0, 0, 36 HW; MRA 5.1 (build 02214))"
86.136.3.87 - - [01/Aug/2008:02:32:57 -0700] "GET /includes/jquery/plugins/simplemodal/jquery.simplemodal.js HTTP/1.1" 200 11230 "http://registration.corkworlds2009.com/" "Mozilla/5.0 (Windows; U; Windows NT 5.1; en-GB; rv:1.8.1.16) Gecko/20080702 Firefox/2.0.0.16"
86.136.3.87 - - [01/Aug/2008:02:32:57 -0700] "GET /templates/cworlds2009/images/submit.png HTTP/1.1" 200 1743 "http://registration.corkworlds2009.com/templates/cworlds2009/css/programs.css" "Mozilla/5.0 (Windows; U; Windows NT 5.1; en-GB; rv:1.8.1.16) Gecko/20080702 Firefox/2.0.0.16"
86.136.3.87 - - [01/Aug/2008:02:32:57 -0700] "GET /templates/cworlds2009/images/mainbody-bg.jpg HTTP/1.1" 200 14263 "http://registration.corkworlds2009.com/templates/cworlds2009/css/cworlds2009.css" "Mozilla/5.0 (Windows; U; Windows NT 5.1; en-GB; rv:1.8.1.16) Gecko/20080702 Firefox/2.0.0.16"
89.21.65.59 - - [01/Aug/2008:02:32:57 -0700] "GET /templates/cworlds2009/css/programs.css HTTP/1.1" 200 5160 "http://registration.corkworlds2009.com/" "Mozilla/4.0 (compatible; MSIE 6.0; Windows NT 5.1; SV1; MRSPUTNIK 2, 0, 0, 36 HW; MRA 5.1 (build 02214))"
86.136.3.87 - - [01/Aug/2008:02:32:57 -0700] "GET /templates/cworlds2009/images/note.png HTTP/1.1" 200 843 "http://registration.corkworlds2009.com/templates/cworlds2009/css/programs.css" "Mozilla/5.0 (Windows; U; Windows NT 5.1; en-GB; rv:1.8.1.16) Gecko/20080702 Firefox/2.0.0.16"
89.21.65.59 - - [01/Aug/2008:02:32:57 -0700] "GET /modules/mod_welcome/css/mod_welcome.css HTTP/1.1" 200 541 "http://registration.corkworlds2009.com/" "Mozilla/4.0 (compatible; MSIE 6.0; Windows NT 5.1; SV1; MRSPUTNIK 2, 0, 0, 36 HW; MRA 5.1 (build 02214))"
86.136.3.87 - - [01/Aug/2008:02:32:58 -0700] "GET /templates/cworlds2009/images/information.png HTTP/1.1" 200 1121 "http://registration.corkworlds2009.com/templates/cworlds2009/css/programs.css" "Mozilla/5.0 (Windows; U; Windows NT 5.1; en-GB; rv:1.8.1.16) Gecko/20080702 Firefox/2.0.0.16"
86.136.3.87 - - [01/Aug/2008:02:32:58 -0700] "GET /includes/jquery/plugins/cluetip/jquery.dimensions.js HTTP/1.1" 200 24401 "http://registration.corkworlds2009.com/" "Mozilla/5.0 (Windows; U; Windows NT 5.1; en-GB; rv:1.8.1.16) Gecko/20080702 Firefox/2.0.0.16"
89.21.65.59 - - [01/Aug/2008:02:32:58 -0700] "GET /modules/mod_login/css/mod_login.css HTTP/1.1" 200 488 "http://registration.corkworlds2009.com/" "Mozilla/4.0 (compatible; MSIE 6.0; Windows NT 5.1; SV1; MRSPUTNIK 2, 0, 0, 36 HW; MRA 5.1 (build 02214))"
89.21.65.59 - - [01/Aug/2008:02:32:58 -0700] "GET /templates/cworlds2009/css/iebased.css HTTP/1.1" 200 527 "http://registration.corkworlds2009.com/" "Mozilla/4.0 (compatible; MSIE 6.0; Windows NT 5.1; SV1; MRSPUTNIK 2, 0, 0, 36 HW; MRA 5.1 (build 02214))"
89.21.65.59 - - [01/Aug/2008:02:32:59 -0700] "GET /templates/cworlds2009/images/user-actions-box-bg.jpg HTTP/1.1" 200 840 "http://registration.corkworlds2009.com/" "Mozilla/4.0 (compatible; MSIE 6.0; Windows NT 5.1; SV1; MRSPUTNIK 2, 0, 0, 36 HW; MRA 5.1 (build 02214))"
86.136.3.87 - - [01/Aug/2008:02:32:58 -0700] "GET /includes/jquery/plugins/cluetip/jquery.cluetip.js HTTP/1.1" 200 24415 "http://registration.corkworlds2009.com/" "Mozilla/5.0 (Windows; U; Windows NT 5.1; en-GB; rv:1.8.1.16) Gecko/20080702 Firefox/2.0.0.16"
89.21.65.59 - - [01/Aug/2008:02:32:59 -0700] "GET /templates/cworlds2009/images/container-bg.jpg HTTP/1.1" 200 782 "http://registration.corkworlds2009.com/" "Mozilla/4.0 (compatible; MSIE 6.0; Windows NT 5.1; SV1; MRSPUTNIK 2, 0, 0, 36 HW; MRA 5.1 (build 02214))"
86.136.3.87 - - [01/Aug/2008:02:32:59 -0700] "GET /includes/jquery/plugins/simplemodal/css/simplemodal.css HTTP/1.1" 200 1165 "http://registration.corkworlds2009.com/" "Mozilla/5.0 (Windows; U; Windows NT 5.1; en-GB; rv:1.8.1.16) Gecko/20080702 Firefox/2.0.0.16"
86.136.3.87 - - [01/Aug/2008:02:32:59 -0700] "GET /includes/jquery/plugins/cluetip/jquery.cluetip.css HTTP/1.1" 200 4917 "http://registration.corkworlds2009.com/" "Mozilla/5.0 (Windows; U; Windows NT 5.1; en-GB; rv:1.8.1.16) Gecko/20080702 Firefox/2.0.0.16"
89.21.65.59 - - [01/Aug/2008:02:32:59 -0700] "GET /templates/cworlds2009/images/submit.png HTTP/1.1" 200 1743 "http://registration.corkworlds2009.com/" "Mozilla/4.0 (compatible; MSIE 6.0; Windows NT 5.1; SV1; MRSPUTNIK 2, 0, 0, 36 HW; MRA 5.1 (build 02214))"
89.21.65.59 - - [01/Aug/2008:02:32:59 -0700] "GET /includes/jquery/plugins/simplemodal/jquery.simplemodal.js HTTP/1.1" 200 11230 "http://registration.corkworlds2009.com/" "Mozilla/4.0 (compatible; MSIE 6.0; Windows NT 5.1; SV1; MRSPUTNIK 2, 0, 0, 36 HW; MRA 5.1 (build 02214))"
86.136.3.87 - - [01/Aug/2008:02:32:59 -0700] "GET /templates/cworlds2009/images/box-left.png HTTP/1.1" 200 562 "http://registration.corkworlds2009.com/templates/cworlds2009/css/programs.css" "Mozilla/5.0 (Windows; U; Windows NT 5.1; en-GB; rv:1.8.1.16) Gecko/20080702 Firefox/2.0.0.16"
86.136.3.87 - - [01/Aug/2008:02:32:59 -0700] "GET /templates/cworlds2009/images/box-right.png HTTP/1.1" 200 2532 "http://registration.corkworlds2009.com/templates/cworlds2009/css/programs.css" "Mozilla/5.0 (Windows; U; Windows NT 5.1; en-GB; rv:1.8.1.16) Gecko/20080702 Firefox/2.0.0.16"
86.136.3.87 - - [01/Aug/2008:02:33:00 -0700] "GET /modules/mod_disable/js/mod_disable.js HTTP/1.1" 200 2467 "http://registration.corkworlds2009.com/" "Mozilla/5.0 (Windows; U; Windows NT 5.1; en-GB; rv:1.8.1.16) Gecko/20080702 Firefox/2.0.0.16"
86.136.3.87 - - [01/Aug/2008:02:33:00 -0700] "GET /templates/cworlds2009/images/box-top.png HTTP/1.1" 200 579 "http://registration.corkworlds2009.com/templates/cworlds2009/css/programs.css" "Mozilla/5.0 (Windows; U; Windows NT 5.1; en-GB; rv:1.8.1.16) Gecko/20080702 Firefox/2.0.0.16"
86.136.3.87 - - [01/Aug/2008:02:33:00 -0700] "GET /templates/cworlds2009/images/box-topleft.png HTTP/1.1" 200 554 "http://registration.corkworlds2009.com/templates/cworlds2009/css/programs.css" "Mozilla/5.0 (Windows; U; Windows NT 5.1; en-GB; rv:1.8.1.16) Gecko/20080702 Firefox/2.0.0.16"
86.136.3.87 - - [01/Aug/2008:02:33:00 -0700] "GET /templates/cworlds2009/images/register.jpg HTTP/1.1" 200 5780 "http://registration.corkworlds2009.com/templates/cworlds2009/css/programs.css" "Mozilla/5.0 (Windows; U; Windows NT 5.1; en-GB; rv:1.8.1.16) Gecko/20080702 Firefox/2.0.0.16"
86.136.3.87 - - [01/Aug/2008:02:33:00 -0700] "GET /templates/cworlds2009/images/footer-bg.jpg HTTP/1.1" 200 5992 "http://registration.corkworlds2009.com/templates/cworlds2009/css/cworlds2009.css" "Mozilla/5.0 (Windows; U; Windows NT 5.1; en-GB; rv:1.8.1.16) Gecko/20080702 Firefox/2.0.0.16"
89.21.65.59 - - [01/Aug/2008:02:33:00 -0700] "GET /templates/cworlds2009/images/banner.jpg HTTP/1.1" 200 16004 "http://registration.corkworlds2009.com/" "Mozilla/4.0 (compatible; MSIE 6.0; Windows NT 5.1; SV1; MRSPUTNIK 2, 0, 0, 36 HW; MRA 5.1 (build 02214))"
89.21.65.59 - - [01/Aug/2008:02:33:05 -0700] "GET /templates/cworlds2009/images/top-menu-sp.jpg HTTP/1.1" 200 650 "http://registration.corkworlds2009.com/" "Mozilla/4.0 (compatible; MSIE 6.0; Windows NT 5.1; SV1; MRSPUTNIK 2, 0, 0, 36 HW; MRA 5.1 (build 02214))"
89.21.65.59 - - [01/Aug/2008:02:33:06 -0700] "GET /templates/cworlds2009/images/user-actions-box-header.jpg HTTP/1.1" 200 4756 "http://registration.corkworlds2009.com/" "Mozilla/4.0 (compatible; MSIE 6.0; Windows NT 5.1; SV1; MRSPUTNIK 2, 0, 0, 36 HW; MRA 5.1 (build 02214))"
86.136.3.87 - - [01/Aug/2008:02:33:07 -0700] "GET /modules/mod_disable/css/mod_disable.css HTTP/1.1" 200 847 "http://registration.corkworlds2009.com/" "Mozilla/5.0 (Windows; U; Windows NT 5.1; en-GB; rv:1.8.1.16) Gecko/20080702 Firefox/2.0.0.16"
89.21.65.59 - - [01/Aug/2008:02:33:07 -0700] "GET /modules/mod_welcome/images/bullet.jpg HTTP/1.1" 200 782 "http://registration.corkworlds2009.com/" "Mozilla/4.0 (compatible; MSIE 6.0; Windows NT 5.1; SV1; MRSPUTNIK 2, 0, 0, 36 HW; MRA 5.1 (build 02214))"
86.136.3.87 - - [01/Aug/2008:02:33:07 -0700] "GET /includes/jquery/plugins/cluetip/wait.gif HTTP/1.1" 200 775 "http://registration.corkworlds2009.com/includes/jquery/plugins/cluetip/jquery.cluetip.css" "Mozilla/5.0 (Windows; U; Windows NT 5.1; en-GB; rv:1.8.1.16) Gecko/20080702 Firefox/2.0.0.16"
89.21.65.59 - - [01/Aug/2008:02:33:07 -0700] "GET /templates/cworlds2009/images/note.png HTTP/1.1" 200 843 "http://registration.corkworlds2009.com/" "Mozilla/4.0 (compatible; MSIE 6.0; Windows NT 5.1; SV1; MRSPUTNIK 2, 0, 0, 36 HW; MRA 5.1 (build 02214))"
89.21.65.59 - - [01/Aug/2008:02:33:08 -0700] "GET /templates/cworlds2009/images/information.png HTTP/1.1" 200 1121 "http://registration.corkworlds2009.com/" "Mozilla/4.0 (compatible; MSIE 6.0; Windows NT 5.1; SV1; MRSPUTNIK 2, 0, 0, 36 HW; MRA 5.1 (build 02214))"
89.21.65.59 - - [01/Aug/2008:02:33:07 -0700] "GET /templates/cworlds2009/images/mainbody-bg.jpg HTTP/1.1" 200 14264 "http://registration.corkworlds2009.com/" "Mozilla/4.0 (compatible; MSIE 6.0; Windows NT 5.1; SV1; MRSPUTNIK 2, 0, 0, 36 HW; MRA 5.1 (build 02214))"
89.21.65.59 - - [01/Aug/2008:02:33:10 -0700] "GET /includes/jquery/plugins/cluetip/jquery.dimensions.js HTTP/1.1" 200 24401 "http://registration.corkworlds2009.com/" "Mozilla/4.0 (compatible; MSIE 6.0; Windows NT 5.1; SV1; MRSPUTNIK 2, 0, 0, 36 HW; MRA 5.1 (build 02214))"
89.21.65.59 - - [01/Aug/2008:02:33:12 -0700] "GET /templates/cworlds2009/images/top-welcome-menu.jpg HTTP/1.1" 200 3396 "http://registration.corkworlds2009.com/" "Mozilla/4.0 (compatible; MSIE 6.0; Windows NT 5.1; SV1; MRSPUTNIK 2, 0, 0, 36 HW; MRA 5.1 (build 02214))"
89.21.65.59 - - [01/Aug/2008:02:33:13 -0700] "GET /includes/jquery/plugins/cluetip/jquery.cluetip.js HTTP/1.1" 200 24415 "http://registration.corkworlds2009.com/" "Mozilla/4.0 (compatible; MSIE 6.0; Windows NT 5.1; SV1; MRSPUTNIK 2, 0, 0, 36 HW; MRA 5.1 (build 02214))"
89.21.65.59 - - [01/Aug/2008:02:33:16 -0700] "GET /includes/jquery/plugins/simplemodal/css/simplemodal.css HTTP/1.1" 200 1165 "http://registration.corkworlds2009.com/" "Mozilla/4.0 (compatible; MSIE 6.0; Windows NT 5.1; SV1; MRSPUTNIK 2, 0, 0, 36 HW; MRA 5.1 (build 02214))"
89.21.65.59 - - [01/Aug/2008:02:33:16 -0700] "GET /includes/jquery/plugins/cluetip/jquery.cluetip.css HTTP/1.1" 200 4918 "http://registration.corkworlds2009.com/" "Mozilla/4.0 (compatible; MSIE 6.0; Windows NT 5.1; SV1; MRSPUTNIK 2, 0, 0, 36 HW; MRA 5.1 (build 02214))"
89.21.65.59 - - [01/Aug/2008:02:33:17 -0700] "GET /includes/jquery/plugins/simplemodal/css/simplemodal_ie.css HTTP/1.1" 200 1135 "http://registration.corkworlds2009.com/" "Mozilla/4.0 (compatible; MSIE 6.0; Windows NT 5.1; SV1; MRSPUTNIK 2, 0, 0, 36 HW; MRA 5.1 (build 02214))"
89.21.65.59 - - [01/Aug/2008:02:33:18 -0700] "GET /templates/cworlds2009/images/register.jpg HTTP/1.1" 200 5780 "http://registration.corkworlds2009.com/" "Mozilla/4.0 (compatible; MSIE 6.0; Windows NT 5.1; SV1; MRSPUTNIK 2, 0, 0, 36 HW; MRA 5.1 (build 02214))"
89.21.65.59 - - [01/Aug/2008:02:33:18 -0700] "GET /modules/mod_disable/js/mod_disable.js HTTP/1.1" 200 2467 "http://registration.corkworlds2009.com/" "Mozilla/4.0 (compatible; MSIE 6.0; Windows NT 5.1; SV1; MRSPUTNIK 2, 0, 0, 36 HW; MRA 5.1 (build 02214))"
89.21.65.59 - - [01/Aug/2008:02:33:19 -0700] "GET /templates/cworlds2009/images/box-right.png HTTP/1.1" 200 2532 "http://registration.corkworlds2009.com/" "Mozilla/4.0 (compatible; MSIE 6.0; Windows NT 5.1; SV1; MRSPUTNIK 2, 0, 0, 36 HW; MRA 5.1 (build 02214))"
89.21.65.59 - - [01/Aug/2008:02:33:20 -0700] "GET /templates/cworlds2009/images/box-left.png HTTP/1.1" 200 562 "http://registration.corkworlds2009.com/" "Mozilla/4.0 (compatible; MSIE 6.0; Windows NT 5.1; SV1; MRSPUTNIK 2, 0, 0, 36 HW; MRA 5.1 (build 02214))"
89.21.65.59 - - [01/Aug/2008:02:33:20 -0700] "GET /templates/cworlds2009/images/box-top.png HTTP/1.1" 200 579 "http://registration.corkworlds2009.com/" "Mozilla/4.0 (compatible; MSIE 6.0; Windows NT 5.1; SV1; MRSPUTNIK 2, 0, 0, 36 HW; MRA 5.1 (build 02214))"
89.21.65.59 - - [01/Aug/2008:02:33:20 -0700] "GET /templates/cworlds2009/images/box-topleft.png HTTP/1.1" 200 554 "http://registration.corkworlds2009.com/" "Mozilla/4.0 (compatible; MSIE 6.0; Windows NT 5.1; SV1; MRSPUTNIK 2, 0, 0, 36 HW; MRA 5.1 (build 02214))"
89.21.65.59 - - [01/Aug/2008:02:33:20 -0700] "GET /templates/cworlds2009/images/footer-bg.jpg HTTP/1.1" 200 5992 "http://registration.corkworlds2009.com/" "Mozilla/4.0 (compatible; MSIE 6.0; Windows NT 5.1; SV1; MRSPUTNIK 2, 0, 0, 36 HW; MRA 5.1 (build 02214))"
89.21.65.59 - - [01/Aug/2008:02:33:20 -0700] "GET /modules/mod_disable/css/mod_disable.css HTTP/1.1" 200 846 "http://registration.corkworlds2009.com/" "Mozilla/4.0 (compatible; MSIE 6.0; Windows NT 5.1; SV1; MRSPUTNIK 2, 0, 0, 36 HW; MRA 5.1 (build 02214))"
89.21.65.59 - - [01/Aug/2008:02:33:21 -0700] "GET /includes/jquery/plugins/cluetip/wait.gif HTTP/1.1" 200 775 "http://registration.corkworlds2009.com/" "Mozilla/4.0 (compatible; MSIE 6.0; Windows NT 5.1; SV1; MRSPUTNIK 2, 0, 0, 36 HW; MRA 5.1 (build 02214))"
86.135.242.14 - - [01/Aug/2008:02:33:42 -0700] "GET / HTTP/1.1" 200 9553 "-" "Mozilla/4.0 (compatible; MSIE 7.0; Windows NT 5.1; .NET CLR 2.0.50727)"
86.135.242.14 - - [01/Aug/2008:02:33:42 -0700] "GET /includes/validator/validator.js HTTP/1.1" 200 11850 "http://registration.corkworlds2009.com/" "Mozilla/4.0 (compatible; MSIE 7.0; Windows NT 5.1; .NET CLR 2.0.50727)"
86.135.242.14 - - [01/Aug/2008:02:33:43 -0700] "GET /includes/jquery/jquery.js HTTP/1.1" 200 100557 "http://registration.corkworlds2009.com/" "Mozilla/4.0 (compatible; MSIE 7.0; Windows NT 5.1; .NET CLR 2.0.50727)"
86.135.242.14 - - [01/Aug/2008:02:33:45 -0700] "GET /includes/css/system.css HTTP/1.1" 200 1570 "http://registration.corkworlds2009.com/" "Mozilla/4.0 (compatible; MSIE 7.0; Windows NT 5.1; .NET CLR 2.0.50727)"
86.135.242.14 - - [01/Aug/2008:02:33:45 -0700] "GET /templates/cworlds2009/css/cworlds2009.css HTTP/1.1" 200 4459 "http://registration.corkworlds2009.com/" "Mozilla/4.0 (compatible; MSIE 7.0; Windows NT 5.1; .NET CLR 2.0.50727)"
86.135.242.14 - - [01/Aug/2008:02:33:45 -0700] "GET /templates/cworlds2009/css/programs.css HTTP/1.1" 200 5160 "http://registration.corkworlds2009.com/" "Mozilla/4.0 (compatible; MSIE 7.0; Windows NT 5.1; .NET CLR 2.0.50727)"
86.135.242.14 - - [01/Aug/2008:02:33:45 -0700] "GET /modules/mod_welcome/css/mod_welcome.css HTTP/1.1" 200 541 "http://registration.corkworlds2009.com/" "Mozilla/4.0 (compatible; MSIE 7.0; Windows NT 5.1; .NET CLR 2.0.50727)"
86.135.242.14 - - [01/Aug/2008:02:33:46 -0700] "GET /modules/mod_login/css/mod_login.css HTTP/1.1" 200 488 "http://registration.corkworlds2009.com/" "Mozilla/4.0 (compatible; MSIE 7.0; Windows NT 5.1; .NET CLR 2.0.50727)"
86.135.242.14 - - [01/Aug/2008:02:33:46 -0700] "GET /templates/cworlds2009/images/container-bg.jpg HTTP/1.1" 200 782 "http://registration.corkworlds2009.com/" "Mozilla/4.0 (compatible; MSIE 7.0; Windows NT 5.1; .NET CLR 2.0.50727)"
86.135.242.14 - - [01/Aug/2008:02:33:46 -0700] "GET /templates/cworlds2009/images/top-welcome-menu.jpg HTTP/1.1" 200 3395 "http://registration.corkworlds2009.com/" "Mozilla/4.0 (compatible; MSIE 7.0; Windows NT 5.1; .NET CLR 2.0.50727)"
86.135.242.14 - - [01/Aug/2008:02:33:46 -0700] "GET /templates/cworlds2009/images/top-menu-sp.jpg HTTP/1.1" 200 649 "http://registration.corkworlds2009.com/" "Mozilla/4.0 (compatible; MSIE 7.0; Windows NT 5.1; .NET CLR 2.0.50727)"
86.135.242.14 - - [01/Aug/2008:02:33:46 -0700] "GET /templates/cworlds2009/images/banner.jpg HTTP/1.1" 200 16004 "http://registration.corkworlds2009.com/" "Mozilla/4.0 (compatible; MSIE 7.0; Windows NT 5.1; .NET CLR 2.0.50727)"
86.135.242.14 - - [01/Aug/2008:02:33:46 -0700] "GET /templates/cworlds2009/images/user-actions-box-header.jpg HTTP/1.1" 200 4756 "http://registration.corkworlds2009.com/" "Mozilla/4.0 (compatible; MSIE 7.0; Windows NT 5.1; .NET CLR 2.0.50727)"
86.135.242.14 - - [01/Aug/2008:02:33:47 -0700] "GET /templates/cworlds2009/images/user-actions-box-bg.jpg HTTP/1.1" 200 840 "http://registration.corkworlds2009.com/" "Mozilla/4.0 (compatible; MSIE 7.0; Windows NT 5.1; .NET CLR 2.0.50727)"
86.135.242.14 - - [01/Aug/2008:02:33:47 -0700] "GET /modules/mod_welcome/images/bullet.jpg HTTP/1.1" 200 782 "http://registration.corkworlds2009.com/" "Mozilla/4.0 (compatible; MSIE 7.0; Windows NT 5.1; .NET CLR 2.0.50727)"
86.135.242.14 - - [01/Aug/2008:02:33:47 -0700] "GET /templates/cworlds2009/images/submit.png HTTP/1.1" 200 1743 "http://registration.corkworlds2009.com/" "Mozilla/4.0 (compatible; MSIE 7.0; Windows NT 5.1; .NET CLR 2.0.50727)"
86.135.242.14 - - [01/Aug/2008:02:33:47 -0700] "GET /includes/jquery/plugins/simplemodal/jquery.simplemodal.js HTTP/1.1" 200 11230 "http://registration.corkworlds2009.com/" "Mozilla/4.0 (compatible; MSIE 7.0; Windows NT 5.1; .NET CLR 2.0.50727)"
86.135.242.14 - - [01/Aug/2008:02:33:47 -0700] "GET /templates/cworlds2009/images/mainbody-bg.jpg HTTP/1.1" 200 14263 "http://registration.corkworlds2009.com/" "Mozilla/4.0 (compatible; MSIE 7.0; Windows NT 5.1; .NET CLR 2.0.50727)"
86.135.242.14 - - [01/Aug/2008:02:33:47 -0700] "GET /templates/cworlds2009/images/note.png HTTP/1.1" 200 843 "http://registration.corkworlds2009.com/" "Mozilla/4.0 (compatible; MSIE 7.0; Windows NT 5.1; .NET CLR 2.0.50727)"
86.135.242.14 - - [01/Aug/2008:02:33:47 -0700] "GET /templates/cworlds2009/images/information.png HTTP/1.1" 200 1121 "http://registration.corkworlds2009.com/" "Mozilla/4.0 (compatible; MSIE 7.0; Windows NT 5.1; .NET CLR 2.0.50727)"
86.135.242.14 - - [01/Aug/2008:02:33:47 -0700] "GET /includes/jquery/plugins/cluetip/jquery.dimensions.js HTTP/1.1" 200 24401 "http://registration.corkworlds2009.com/" "Mozilla/4.0 (compatible; MSIE 7.0; Windows NT 5.1; .NET CLR 2.0.50727)"
86.135.242.14 - - [01/Aug/2008:02:33:48 -0700] "GET /includes/jquery/plugins/cluetip/jquery.cluetip.js HTTP/1.1" 200 24415 "http://registration.corkworlds2009.com/" "Mozilla/4.0 (compatible; MSIE 7.0; Windows NT 5.1; .NET CLR 2.0.50727)"
86.135.242.14 - - [01/Aug/2008:02:33:49 -0700] "GET /includes/jquery/plugins/simplemodal/css/simplemodal.css HTTP/1.1" 200 1165 "http://registration.corkworlds2009.com/" "Mozilla/4.0 (compatible; MSIE 7.0; Windows NT 5.1; .NET CLR 2.0.50727)"
86.135.242.14 - - [01/Aug/2008:02:33:49 -0700] "GET /includes/jquery/plugins/cluetip/jquery.cluetip.css HTTP/1.1" 200 4917 "http://registration.corkworlds2009.com/" "Mozilla/4.0 (compatible; MSIE 7.0; Windows NT 5.1; .NET CLR 2.0.50727)"
86.135.242.14 - - [01/Aug/2008:02:33:49 -0700] "GET /templates/cworlds2009/images/register.jpg HTTP/1.1" 200 5780 "http://registration.corkworlds2009.com/" "Mozilla/4.0 (compatible; MSIE 7.0; Windows NT 5.1; .NET CLR 2.0.50727)"
86.135.242.14 - - [01/Aug/2008:02:33:49 -0700] "GET /templates/cworlds2009/images/box-right.png HTTP/1.1" 200 2532 "http://registration.corkworlds2009.com/" "Mozilla/4.0 (compatible; MSIE 7.0; Windows NT 5.1; .NET CLR 2.0.50727)"
86.135.242.14 - - [01/Aug/2008:02:33:49 -0700] "GET /modules/mod_disable/js/mod_disable.js HTTP/1.1" 200 2467 "http://registration.corkworlds2009.com/" "Mozilla/4.0 (compatible; MSIE 7.0; Windows NT 5.1; .NET CLR 2.0.50727)"
86.135.242.14 - - [01/Aug/2008:02:33:49 -0700] "GET /templates/cworlds2009/images/box-left.png HTTP/1.1" 200 562 "http://registration.corkworlds2009.com/" "Mozilla/4.0 (compatible; MSIE 7.0; Windows NT 5.1; .NET CLR 2.0.50727)"
86.135.242.14 - - [01/Aug/2008:02:33:49 -0700] "GET /templates/cworlds2009/images/box-top.png HTTP/1.1" 200 579 "http://registration.corkworlds2009.com/" "Mozilla/4.0 (compatible; MSIE 7.0; Windows NT 5.1; .NET CLR 2.0.50727)"
86.135.242.14 - - [01/Aug/2008:02:33:50 -0700] "GET /templates/cworlds2009/images/box-topleft.png HTTP/1.1" 200 554 "http://registration.corkworlds2009.com/" "Mozilla/4.0 (compatible; MSIE 7.0; Windows NT 5.1; .NET CLR 2.0.50727)"
86.135.242.14 - - [01/Aug/2008:02:33:50 -0700] "GET /templates/cworlds2009/images/footer-bg.jpg HTTP/1.1" 200 5992 "http://registration.corkworlds2009.com/" "Mozilla/4.0 (compatible; MSIE 7.0; Windows NT 5.1; .NET CLR 2.0.50727)"
86.135.242.14 - - [01/Aug/2008:02:33:50 -0700] "GET /modules/mod_disable/css/mod_disable.css HTTP/1.1" 200 846 "http://registration.corkworlds2009.com/" "Mozilla/4.0 (compatible; MSIE 7.0; Windows NT 5.1; .NET CLR 2.0.50727)"
86.135.242.14 - - [01/Aug/2008:02:33:50 -0700] "GET /templates/cworlds2009/favicon.ico HTTP/1.1" 200 1508 "-" "Mozilla/4.0 (compatible; MSIE 7.0; Windows NT 5.1; .NET CLR 2.0.50727)"
86.135.242.14 - - [01/Aug/2008:02:33:50 -0700] "GET /includes/jquery/plugins/cluetip/wait.gif HTTP/1.1" 200 775 "http://registration.corkworlds2009.com/" "Mozilla/4.0 (compatible; MSIE 7.0; Windows NT 5.1; .NET CLR 2.0.50727)"
217.43.194.200 - - [01/Aug/2008:02:34:29 -0700] "GET / HTTP/1.1" 200 9553 "http://www.corkworlds2009.com/index.php?option=com_content&view=article&id=5&Itemid=4" "Mozilla/4.0 (compatible; MSIE 7.0; Windows NT 5.1; BT Openworld BB; .NET CLR 1.1.4322)"
217.43.194.200 - - [01/Aug/2008:02:34:30 -0700] "GET /includes/validator/validator.js HTTP/1.1" 200 11850 "http://registration.corkworlds2009.com/" "Mozilla/4.0 (compatible; MSIE 7.0; Windows NT 5.1; BT Openworld BB; .NET CLR 1.1.4322)"
130.188.8.12 - - [01/Aug/2008:02:34:30 -0700] "GET / HTTP/1.0" 200 35736 "http://www.corkworlds2009.com/" "Mozilla/4.0 (compatible; MSIE 7.0; Windows NT 5.1; .NET CLR 2.0.50727; InfoPath.1)"
217.43.194.200 - - [01/Aug/2008:02:34:31 -0700] "GET /includes/jquery/jquery.js HTTP/1.1" 200 100557 "http://registration.corkworlds2009.com/" "Mozilla/4.0 (compatible; MSIE 7.0; Windows NT 5.1; BT Openworld BB; .NET CLR 1.1.4322)"
130.188.8.12 - - [01/Aug/2008:02:34:32 -0700] "GET /includes/validator/validator.js HTTP/1.0" 200 11813 "http://registration.corkworlds2009.com/" "Mozilla/4.0 (compatible; MSIE 7.0; Windows NT 5.1; .NET CLR 2.0.50727; InfoPath.1)"
217.43.194.200 - - [01/Aug/2008:02:34:32 -0700] "GET /includes/css/system.css HTTP/1.1" 200 1570 "http://registration.corkworlds2009.com/" "Mozilla/4.0 (compatible; MSIE 7.0; Windows NT 5.1; BT Openworld BB; .NET CLR 1.1.4322)"
217.43.194.200 - - [01/Aug/2008:02:34:32 -0700] "GET /templates/cworlds2009/css/programs.css HTTP/1.1" 200 5160 "http://registration.corkworlds2009.com/" "Mozilla/4.0 (compatible; MSIE 7.0; Windows NT 5.1; BT Openworld BB; .NET CLR 1.1.4322)"
217.43.194.200 - - [01/Aug/2008:02:34:33 -0700] "GET /templates/cworlds2009/css/cworlds2009.css HTTP/1.1" 200 4459 "http://registration.corkworlds2009.com/" "Mozilla/4.0 (compatible; MSIE 7.0; Windows NT 5.1; BT Openworld BB; .NET CLR 1.1.4322)"
217.43.194.200 - - [01/Aug/2008:02:34:33 -0700] "GET /modules/mod_welcome/css/mod_welcome.css HTTP/1.1" 200 541 "http://registration.corkworlds2009.com/" "Mozilla/4.0 (compatible; MSIE 7.0; Windows NT 5.1; BT Openworld BB; .NET CLR 1.1.4322)"
217.43.194.200 - - [01/Aug/2008:02:34:33 -0700] "GET /modules/mod_login/css/mod_login.css HTTP/1.1" 200 488 "http://registration.corkworlds2009.com/" "Mozilla/4.0 (compatible; MSIE 7.0; Windows NT 5.1; BT Openworld BB; .NET CLR 1.1.4322)"
217.43.194.200 - - [01/Aug/2008:02:34:33 -0700] "GET /templates/cworlds2009/images/container-bg.jpg HTTP/1.1" 200 782 "http://registration.corkworlds2009.com/" "Mozilla/4.0 (compatible; MSIE 7.0; Windows NT 5.1; BT Openworld BB; .NET CLR 1.1.4322)"
217.43.194.200 - - [01/Aug/2008:02:34:33 -0700] "GET /templates/cworlds2009/images/banner.jpg HTTP/1.1" 200 16004 "http://registration.corkworlds2009.com/" "Mozilla/4.0 (compatible; MSIE 7.0; Windows NT 5.1; BT Openworld BB; .NET CLR 1.1.4322)"
217.43.194.200 - - [01/Aug/2008:02:34:33 -0700] "GET /templates/cworlds2009/images/top-welcome-menu.jpg HTTP/1.1" 200 3395 "http://registration.corkworlds2009.com/" "Mozilla/4.0 (compatible; MSIE 7.0; Windows NT 5.1; BT Openworld BB; .NET CLR 1.1.4322)"
217.43.194.200 - - [01/Aug/2008:02:34:33 -0700] "GET /templates/cworlds2009/images/top-menu-sp.jpg HTTP/1.1" 200 649 "http://registration.corkworlds2009.com/" "Mozilla/4.0 (compatible; MSIE 7.0; Windows NT 5.1; BT Openworld BB; .NET CLR 1.1.4322)"
217.43.194.200 - - [01/Aug/2008:02:34:34 -0700] "GET /templates/cworlds2009/images/user-actions-box-header.jpg HTTP/1.1" 200 4756 "http://registration.corkworlds2009.com/" "Mozilla/4.0 (compatible; MSIE 7.0; Windows NT 5.1; BT Openworld BB; .NET CLR 1.1.4322)"
217.43.194.200 - - [01/Aug/2008:02:34:34 -0700] "GET /templates/cworlds2009/images/user-actions-box-bg.jpg HTTP/1.1" 200 840 "http://registration.corkworlds2009.com/" "Mozilla/4.0 (compatible; MSIE 7.0; Windows NT 5.1; BT Openworld BB; .NET CLR 1.1.4322)"
217.43.194.200 - - [01/Aug/2008:02:34:34 -0700] "GET /modules/mod_welcome/images/bullet.jpg HTTP/1.1" 200 782 "http://registration.corkworlds2009.com/" "Mozilla/4.0 (compatible; MSIE 7.0; Windows NT 5.1; BT Openworld BB; .NET CLR 1.1.4322)"
217.43.194.200 - - [01/Aug/2008:02:34:34 -0700] "GET /includes/jquery/plugins/simplemodal/jquery.simplemodal.js HTTP/1.1" 200 11230 "http://registration.corkworlds2009.com/" "Mozilla/4.0 (compatible; MSIE 7.0; Windows NT 5.1; BT Openworld BB; .NET CLR 1.1.4322)"
217.43.194.200 - - [01/Aug/2008:02:34:34 -0700] "GET /templates/cworlds2009/images/submit.png HTTP/1.1" 200 1743 "http://registration.corkworlds2009.com/" "Mozilla/4.0 (compatible; MSIE 7.0; Windows NT 5.1; BT Openworld BB; .NET CLR 1.1.4322)"
217.43.194.200 - - [01/Aug/2008:02:34:34 -0700] "GET /templates/cworlds2009/images/mainbody-bg.jpg HTTP/1.1" 200 14263 "http://registration.corkworlds2009.com/" "Mozilla/4.0 (compatible; MSIE 7.0; Windows NT 5.1; BT Openworld BB; .NET CLR 1.1.4322)"
217.43.194.200 - - [01/Aug/2008:02:34:34 -0700] "GET /templates/cworlds2009/images/note.png HTTP/1.1" 200 843 "http://registration.corkworlds2009.com/" "Mozilla/4.0 (compatible; MSIE 7.0; Windows NT 5.1; BT Openworld BB; .NET CLR 1.1.4322)"
130.188.8.12 - - [01/Aug/2008:02:34:34 -0700] "GET /includes/jquery/jquery.js HTTP/1.0" 200 100521 "http://registration.corkworlds2009.com/" "Mozilla/4.0 (compatible; MSIE 7.0; Windows NT 5.1; .NET CLR 2.0.50727; InfoPath.1)"
