203.158.62.250 - - [01/Aug/2008:00:51:19 -0700] "GET /templates/cworlds2009/images/footer-bg.jpg HTTP/1.1" 200 5992 "http://registration.corkworlds2009.com/" "Mozilla/5.0 (Macintosh; U; Intel Mac OS X 10_5_3; en-us) AppleWebKit/525.18 (KHTML, like Gecko) Version/3.1.1 Safari/525.20"
203.158.62.250 - - [01/Aug/2008:00:51:19 -0700] "GET /modules/mod_disable/css/mod_disable.css HTTP/1.1" 200 846 "http://registration.corkworlds2009.com/" "Mozilla/5.0 (Macintosh; U; Intel Mac OS X 10_5_3; en-us) AppleWebKit/525.18 (KHTML, like Gecko) Version/3.1.1 Safari/525.20"
203.158.62.250 - - [01/Aug/2008:00:51:20 -0700] "GET /includes/jquery/plugins/cluetip/wait.gif HTTP/1.1" 200 775 "http://registration.corkworlds2009.com/" "Mozilla/5.0 (Macintosh; U; Intel Mac OS X 10_5_3; en-us) AppleWebKit/525.18 (KHTML, like Gecko) Version/3.1.1 Safari/525.20"
218.247.244.25 - - [01/Aug/2008:00:51:19 -0700] "GET /templates/cworlds2009/images/banner.jpg HTTP/1.1" 200 16005 "http://registration.corkworlds2009.com/" "Mozilla/4.0 (compatible; MSIE 6.0; Windows NT 5.1; SV1; InfoPath.2)"
218.247.244.25 - - [01/Aug/2008:00:51:19 -0700] "GET /templates/cworlds2009/images/mainbody-bg.jpg HTTP/1.1" 200 14264 "http://registration.corkworlds2009.com/" "Mozilla/4.0 (compatible; MSIE 6.0; Windows NT 5.1; SV1; InfoPath.2)"
218.247.244.25 - - [01/Aug/2008:00:51:21 -0700] "GET /includes/jquery/plugins/cluetip/jquery.dimensions.js HTTP/1.1" 200 24401 "http://registration.corkworlds2009.com/" "Mozilla/4.0 (compatible; MSIE 6.0; Windows NT 5.1; SV1; InfoPath.2)"
218.247.244.25 - - [01/Aug/2008:00:51:23 -0700] "GET /includes/jquery/plugins/cluetip/jquery.cluetip.js HTTP/1.1" 200 24415 "http://registration.corkworlds2009.com/" "Mozilla/4.0 (compatible; MSIE 6.0; Windows NT 5.1; SV1; InfoPath.2)"
218.247.244.25 - - [01/Aug/2008:00:51:24 -0700] "GET /includes/jquery/plugins/simplemodal/css/simplemodal.css HTTP/1.1" 200 1165 "http://registration.corkworlds2009.com/" "Mozilla/4.0 (compatible; MSIE 6.0; Windows NT 5.1; SV1; InfoPath.2)"
218.247.244.25 - - [01/Aug/2008:00:51:24 -0700] "GET /includes/jquery/plugins/cluetip/jquery.cluetip.css HTTP/1.1" 200 4918 "http://registration.corkworlds2009.com/" "Mozilla/4.0 (compatible; MSIE 6.0; Windows NT 5.1; SV1; InfoPath.2)"
218.247.244.25 - - [01/Aug/2008:00:51:24 -0700] "GET /includes/jquery/plugins/simplemodal/css/simplemodal_ie.css HTTP/1.1" 200 1136 "http://registration.corkworlds2009.com/" "Mozilla/4.0 (compatible; MSIE 6.0; Windows NT 5.1; SV1; InfoPath.2)"
218.247.244.25 - - [01/Aug/2008:00:51:25 -0700] "GET /templates/cworlds2009/images/register.jpg HTTP/1.1" 200 5780 "http://registration.corkworlds2009.com/" "Mozilla/4.0 (compatible; MSIE 6.0; Windows NT 5.1; SV1; InfoPath.2)"
218.247.244.25 - - [01/Aug/2008:00:51:25 -0700] "GET /modules/mod_disable/js/mod_disable.js HTTP/1.1" 200 2467 "http://registration.corkworlds2009.com/" "Mozilla/4.0 (compatible; MSIE 6.0; Windows NT 5.1; SV1; InfoPath.2)"
218.247.244.25 - - [01/Aug/2008:00:51:25 -0700] "GET /templates/cworlds2009/images/box-right.png HTTP/1.1" 200 2532 "http://registration.corkworlds2009.com/" "Mozilla/4.0 (compatible; MSIE 6.0; Windows NT 5.1; SV1; InfoPath.2)"
218.247.244.25 - - [01/Aug/2008:00:51:26 -0700] "GET /templates/cworlds2009/images/box-left.png HTTP/1.1" 200 563 "http://registration.corkworlds2009.com/" "Mozilla/4.0 (compatible; MSIE 6.0; Windows NT 5.1; SV1; InfoPath.2)"
218.247.244.25 - - [01/Aug/2008:00:51:26 -0700] "GET /modules/mod_disable/css/mod_disable.css HTTP/1.1" 200 846 "http://registration.corkworlds2009.com/" "Mozilla/4.0 (compatible; MSIE 6.0; Windows NT 5.1; SV1; InfoPath.2)"
218.247.244.25 - - [01/Aug/2008:00:51:26 -0700] "GET /includes/jquery/plugins/cluetip/wait.gif HTTP/1.1" 200 775 "http://registration.corkworlds2009.com/" "Mozilla/4.0 (compatible; MSIE 6.0; Windows NT 5.1; SV1; InfoPath.2)"
203.81.166.10 - - [01/Aug/2008:00:51:27 -0700] "POST /administration/institutions.php HTTP/1.1" 200 1933 "http://registration.corkworlds2009.com/administration/login.php" "Mozilla/5.0 (Windows; U; Windows NT 6.0; en-US; rv:1.9.0.1) Gecko/2008070208 Firefox/3.0.1"
218.247.244.25 - - [01/Aug/2008:00:51:29 -0700] "GET /templates/cworlds2009/images/box-top.png HTTP/1.1" 200 580 "http://registration.corkworlds2009.com/" "Mozilla/4.0 (compatible; MSIE 6.0; Windows NT 5.1; SV1; InfoPath.2)"
218.247.244.25 - - [01/Aug/2008:00:51:29 -0700] "GET /templates/cworlds2009/images/box-topleft.png HTTP/1.1" 200 555 "http://registration.corkworlds2009.com/" "Mozilla/4.0 (compatible; MSIE 6.0; Windows NT 5.1; SV1; InfoPath.2)"
218.247.244.25 - - [01/Aug/2008:00:51:29 -0700] "GET /templates/cworlds2009/images/footer-bg.jpg HTTP/1.1" 200 5993 "http://registration.corkworlds2009.com/" "Mozilla/4.0 (compatible; MSIE 6.0; Windows NT 5.1; SV1; InfoPath.2)"
140.247.142.74 - - [01/Aug/2008:00:57:58 -0700] "GET / HTTP/1.1" 200 9553 "-" "Mozilla/5.0 (Windows; U; Windows NT 5.1; en-US; rv:1.8.1.16) Gecko/20080702 Firefox/2.0.0.16"
140.247.142.74 - - [01/Aug/2008:00:58:00 -0700] "GET /includes/validator/validator.js HTTP/1.1" 200 11850 "http://registration.corkworlds2009.com/" "Mozilla/5.0 (Windows; U; Windows NT 5.1; en-US; rv:1.8.1.16) Gecko/20080702 Firefox/2.0.0.16"
140.247.142.74 - - [01/Aug/2008:00:58:00 -0700] "GET /includes/jquery/jquery.js HTTP/1.1" 200 100557 "http://registration.corkworlds2009.com/" "Mozilla/5.0 (Windows; U; Windows NT 5.1; en-US; rv:1.8.1.16) Gecko/20080702 Firefox/2.0.0.16"
140.247.142.74 - - [01/Aug/2008:00:58:01 -0700] "GET /includes/css/system.css HTTP/1.1" 200 1570 "http://registration.corkworlds2009.com/" "Mozilla/5.0 (Windows; U; Windows NT 5.1; en-US; rv:1.8.1.16) Gecko/20080702 Firefox/2.0.0.16"
140.247.142.74 - - [01/Aug/2008:00:58:01 -0700] "GET /templates/cworlds2009/favicon.ico HTTP/1.1" 200 1508 "-" "Mozilla/5.0 (Windows; U; Windows NT 5.1; en-US; rv:1.8.1.16) Gecko/20080702 Firefox/2.0.0.16"
140.247.142.74 - - [01/Aug/2008:00:58:01 -0700] "GET /templates/cworlds2009/css/cworlds2009.css HTTP/1.1" 200 4458 "http://registration.corkworlds2009.com/" "Mozilla/5.0 (Windows; U; Windows NT 5.1; en-US; rv:1.8.1.16) Gecko/20080702 Firefox/2.0.0.16"
140.247.142.74 - - [01/Aug/2008:00:58:02 -0700] "GET /templates/cworlds2009/css/programs.css HTTP/1.1" 200 5160 "http://registration.corkworlds2009.com/" "Mozilla/5.0 (Windows; U; Windows NT 5.1; en-US; rv:1.8.1.16) Gecko/20080702 Firefox/2.0.0.16"
140.247.142.74 - - [01/Aug/2008:00:58:02 -0700] "GET /templates/cworlds2009/images/container-bg.jpg HTTP/1.1" 200 782 "http://registration.corkworlds2009.com/templates/cworlds2009/css/cworlds2009.css" "Mozilla/5.0 (Windows; U; Windows NT 5.1; en-US; rv:1.8.1.16) Gecko/20080702 Firefox/2.0.0.16"
140.247.142.74 - - [01/Aug/2008:00:58:02 -0700] "GET /templates/cworlds2009/images/banner.jpg HTTP/1.1" 200 16004 "http://registration.corkworlds2009.com/templates/cworlds2009/css/cworlds2009.css" "Mozilla/5.0 (Windows; U; Windows NT 5.1; en-US; rv:1.8.1.16) Gecko/20080702 Firefox/2.0.0.16"
140.247.142.74 - - [01/Aug/2008:00:58:02 -0700] "GET /modules/mod_welcome/css/mod_welcome.css HTTP/1.1" 200 541 "http://registration.corkworlds2009.com/" "Mozilla/5.0 (Windows; U; Windows NT 5.1; en-US; rv:1.8.1.16) Gecko/20080702 Firefox/2.0.0.16"
140.247.142.74 - - [01/Aug/2008:00:58:02 -0700] "GET /templates/cworlds2009/images/top-welcome-menu.jpg HTTP/1.1" 200 3395 "http://registration.corkworlds2009.com/templates/cworlds2009/css/cworlds2009.css" "Mozilla/5.0 (Windows; U; Windows NT 5.1; en-US; rv:1.8.1.16) Gecko/20080702 Firefox/2.0.0.16"
140.247.142.74 - - [01/Aug/2008:00:58:02 -0700] "GET /templates/cworlds2009/images/top-menu-sp.jpg HTTP/1.1" 200 649 "http://registration.corkworlds2009.com/templates/cworlds2009/css/cworlds2009.css" "Mozilla/5.0 (Windows; U; Windows NT 5.1; en-US; rv:1.8.1.16) Gecko/20080702 Firefox/2.0.0.16"
140.247.142.74 - - [01/Aug/2008:00:58:02 -0700] "GET /templates/cworlds2009/images/user-actions-box-header.jpg HTTP/1.1" 200 4756 "http://registration.corkworlds2009.com/templates/cworlds2009/css/cworlds2009.css" "Mozilla/5.0 (Windows; U; Windows NT 5.1; en-US; rv:1.8.1.16) Gecko/20080702 Firefox/2.0.0.16"
140.247.142.74 - - [01/Aug/2008:00:58:02 -0700] "GET /templates/cworlds2009/images/user-actions-box-bg.jpg HTTP/1.1" 200 840 "http://registration.corkworlds2009.com/templates/cworlds2009/css/cworlds2009.css" "Mozilla/5.0 (Windows; U; Windows NT 5.1; en-US; rv:1.8.1.16) Gecko/20080702 Firefox/2.0.0.16"
140.247.142.74 - - [01/Aug/2008:00:58:02 -0700] "GET /modules/mod_welcome/images/bullet.jpg HTTP/1.1" 200 782 "http://registration.corkworlds2009.com/modules/mod_welcome/css/mod_welcome.css" "Mozilla/5.0 (Windows; U; Windows NT 5.1; en-US; rv:1.8.1.16) Gecko/20080702 Firefox/2.0.0.16"
140.247.142.74 - - [01/Aug/2008:00:58:02 -0700] "GET /modules/mod_login/css/mod_login.css HTTP/1.1" 200 488 "http://registration.corkworlds2009.com/" "Mozilla/5.0 (Windows; U; Windows NT 5.1; en-US; rv:1.8.1.16) Gecko/20080702 Firefox/2.0.0.16"
140.247.142.74 - - [01/Aug/2008:00:58:02 -0700] "GET /templates/cworlds2009/images/submit.png HTTP/1.1" 200 1743 "http://registration.corkworlds2009.com/templates/cworlds2009/css/programs.css" "Mozilla/5.0 (Windows; U; Windows NT 5.1; en-US; rv:1.8.1.16) Gecko/20080702 Firefox/2.0.0.16"
140.247.142.74 - - [01/Aug/2008:00:58:03 -0700] "GET /templates/cworlds2009/images/note.png HTTP/1.1" 200 843 "http://registration.corkworlds2009.com/templates/cworlds2009/css/programs.css" "Mozilla/5.0 (Windows; U; Windows NT 5.1; en-US; rv:1.8.1.16) Gecko/20080702 Firefox/2.0.0.16"
140.247.142.74 - - [01/Aug/2008:00:58:02 -0700] "GET /templates/cworlds2009/images/mainbody-bg.jpg HTTP/1.1" 200 14263 "http://registration.corkworlds2009.com/templates/cworlds2009/css/cworlds2009.css" "Mozilla/5.0 (Windows; U; Windows NT 5.1; en-US; rv:1.8.1.16) Gecko/20080702 Firefox/2.0.0.16"
140.247.142.74 - - [01/Aug/2008:00:58:03 -0700] "GET /templates/cworlds2009/images/information.png HTTP/1.1" 200 1121 "http://registration.corkworlds2009.com/templates/cworlds2009/css/programs.css" "Mozilla/5.0 (Windows; U; Windows NT 5.1; en-US; rv:1.8.1.16) Gecko/20080702 Firefox/2.0.0.16"
140.247.142.74 - - [01/Aug/2008:00:58:03 -0700] "GET /includes/jquery/plugins/simplemodal/jquery.simplemodal.js HTTP/1.1" 200 11230 "http://registration.corkworlds2009.com/" "Mozilla/5.0 (Windows; U; Windows NT 5.1; en-US; rv:1.8.1.16) Gecko/20080702 Firefox/2.0.0.16"
140.247.142.74 - - [01/Aug/2008:00:58:03 -0700] "GET /includes/jquery/plugins/cluetip/jquery.dimensions.js HTTP/1.1" 200 24401 "http://registration.corkworlds2009.com/" "Mozilla/5.0 (Windows; U; Windows NT 5.1; en-US; rv:1.8.1.16) Gecko/20080702 Firefox/2.0.0.16"
140.247.142.74 - - [01/Aug/2008:00:58:03 -0700] "GET /includes/jquery/plugins/cluetip/jquery.cluetip.js HTTP/1.1" 200 24415 "http://registration.corkworlds2009.com/" "Mozilla/5.0 (Windows; U; Windows NT 5.1; en-US; rv:1.8.1.16) Gecko/20080702 Firefox/2.0.0.16"
140.247.142.74 - - [01/Aug/2008:00:58:04 -0700] "GET /includes/jquery/plugins/simplemodal/css/simplemodal.css HTTP/1.1" 200 1165 "http://registration.corkworlds2009.com/" "Mozilla/5.0 (Windows; U; Windows NT 5.1; en-US; rv:1.8.1.16) Gecko/20080702 Firefox/2.0.0.16"
140.247.142.74 - - [01/Aug/2008:00:58:04 -0700] "GET /includes/jquery/plugins/cluetip/jquery.cluetip.css HTTP/1.1" 200 4917 "http://registration.corkworlds2009.com/" "Mozilla/5.0 (Windows; U; Windows NT 5.1; en-US; rv:1.8.1.16) Gecko/20080702 Firefox/2.0.0.16"
140.247.142.74 - - [01/Aug/2008:00:58:04 -0700] "GET /templates/cworlds2009/images/box-right.png HTTP/1.1" 200 2532 "http://registration.corkworlds2009.com/templates/cworlds2009/css/programs.css" "Mozilla/5.0 (Windows; U; Windows NT 5.1; en-US; rv:1.8.1.16) Gecko/20080702 Firefox/2.0.0.16"
140.247.142.74 - - [01/Aug/2008:00:58:04 -0700] "GET /templates/cworlds2009/images/box-left.png HTTP/1.1" 200 562 "http://registration.corkworlds2009.com/templates/cworlds2009/css/programs.css" "Mozilla/5.0 (Windows; U; Windows NT 5.1; en-US; rv:1.8.1.16) Gecko/20080702 Firefox/2.0.0.16"
140.247.142.74 - - [01/Aug/2008:00:58:04 -0700] "GET /templates/cworlds2009/images/box-top.png HTTP/1.1" 200 579 "http://registration.corkworlds2009.com/templates/cworlds2009/css/programs.css" "Mozilla/5.0 (Windows; U; Windows NT 5.1; en-US; rv:1.8.1.16) Gecko/20080702 Firefox/2.0.0.16"
140.247.142.74 - - [01/Aug/2008:00:58:04 -0700] "GET /templates/cworlds2009/images/box-topleft.png HTTP/1.1" 200 554 "http://registration.corkworlds2009.com/templates/cworlds2009/css/programs.css" "Mozilla/5.0 (Windows; U; Windows NT 5.1; en-US; rv:1.8.1.16) Gecko/20080702 Firefox/2.0.0.16"
140.247.142.74 - - [01/Aug/2008:00:58:04 -0700] "GET /templates/cworlds2009/images/register.jpg HTTP/1.1" 200 5780 "http://registration.corkworlds2009.com/templates/cworlds2009/css/programs.css" "Mozilla/5.0 (Windows; U; Windows NT 5.1; en-US; rv:1.8.1.16) Gecko/20080702 Firefox/2.0.0.16"
140.247.142.74 - - [01/Aug/2008:00:58:04 -0700] "GET /templates/cworlds2009/images/footer-bg.jpg HTTP/1.1" 200 5992 "http://registration.corkworlds2009.com/templates/cworlds2009/css/cworlds2009.css" "Mozilla/5.0 (Windows; U; Windows NT 5.1; en-US; rv:1.8.1.16) Gecko/20080702 Firefox/2.0.0.16"
140.247.142.74 - - [01/Aug/2008:00:58:04 -0700] "GET /modules/mod_disable/js/mod_disable.js HTTP/1.1" 200 2467 "http://registration.corkworlds2009.com/" "Mozilla/5.0 (Windows; U; Windows NT 5.1; en-US; rv:1.8.1.16) Gecko/20080702 Firefox/2.0.0.16"
140.247.142.74 - - [01/Aug/2008:00:58:05 -0700] "GET /modules/mod_disable/css/mod_disable.css HTTP/1.1" 200 846 "http://registration.corkworlds2009.com/" "Mozilla/5.0 (Windows; U; Windows NT 5.1; en-US; rv:1.8.1.16) Gecko/20080702 Firefox/2.0.0.16"
140.247.142.74 - - [01/Aug/2008:00:58:05 -0700] "GET /includes/jquery/plugins/cluetip/wait.gif HTTP/1.1" 200 775 "http://registration.corkworlds2009.com/includes/jquery/plugins/cluetip/jquery.cluetip.css" "Mozilla/5.0 (Windows; U; Windows NT 5.1; en-US; rv:1.8.1.16) Gecko/20080702 Firefox/2.0.0.16"
86.133.191.0 - - [01/Aug/2008:00:59:11 -0700] "GET / HTTP/1.1" 200 9553 "http://www.corkworlds2009.com/" "Mozilla/5.0 (Macintosh; U; PPC Mac OS X; en) AppleWebKit/523.12.2 (KHTML, like Gecko) Version/3.0.4 Safari/523.12.2"
86.133.191.0 - - [01/Aug/2008:00:59:12 -0700] "GET /includes/validator/validator.js HTTP/1.1" 200 11850 "http://registration.corkworlds2009.com/" "Mozilla/5.0 (Macintosh; U; PPC Mac OS X; en) AppleWebKit/523.12.2 (KHTML, like Gecko) Version/3.0.4 Safari/523.12.2"
86.133.191.0 - - [01/Aug/2008:00:59:12 -0700] "GET /favicon.ico HTTP/1.1" 404 567 "http://registration.corkworlds2009.com/" "Mozilla/5.0 (Macintosh; U; PPC Mac OS X; en) AppleWebKit/523.12.2 (KHTML, like Gecko) Version/3.0.4 Safari/523.12.2"
86.133.191.0 - - [01/Aug/2008:00:59:13 -0700] "GET /includes/jquery/jquery.js HTTP/1.1" 200 100557 "http://registration.corkworlds2009.com/" "Mozilla/5.0 (Macintosh; U; PPC Mac OS X; en) AppleWebKit/523.12.2 (KHTML, like Gecko) Version/3.0.4 Safari/523.12.2"
86.133.191.0 - - [01/Aug/2008:00:59:14 -0700] "GET /includes/css/system.css HTTP/1.1" 200 1570 "http://registration.corkworlds2009.com/" "Mozilla/5.0 (Macintosh; U; PPC Mac OS X; en) AppleWebKit/523.12.2 (KHTML, like Gecko) Version/3.0.4 Safari/523.12.2"
86.133.191.0 - - [01/Aug/2008:00:59:14 -0700] "GET /modules/mod_login/css/mod_login.css HTTP/1.1" 200 488 "http://registration.corkworlds2009.com/" "Mozilla/5.0 (Macintosh; U; PPC Mac OS X; en) AppleWebKit/523.12.2 (KHTML, like Gecko) Version/3.0.4 Safari/523.12.2"
86.133.191.0 - - [01/Aug/2008:00:59:14 -0700] "GET /templates/cworlds2009/css/programs.css HTTP/1.1" 200 5161 "http://registration.corkworlds2009.com/" "Mozilla/5.0 (Macintosh; U; PPC Mac OS X; en) AppleWebKit/523.12.2 (KHTML, like Gecko) Version/3.0.4 Safari/523.12.2"
86.133.191.0 - - [01/Aug/2008:00:59:14 -0700] "GET /modules/mod_welcome/css/mod_welcome.css HTTP/1.1" 200 542 "http://registration.corkworlds2009.com/" "Mozilla/5.0 (Macintosh; U; PPC Mac OS X; en) AppleWebKit/523.12.2 (KHTML, like Gecko) Version/3.0.4 Safari/523.12.2"
86.133.191.0 - - [01/Aug/2008:00:59:14 -0700] "GET /templates/cworlds2009/css/cworlds2009.css HTTP/1.1" 200 4459 "http://registration.corkworlds2009.com/" "Mozilla/5.0 (Macintosh; U; PPC Mac OS X; en) AppleWebKit/523.12.2 (KHTML, like Gecko) Version/3.0.4 Safari/523.12.2"
86.133.191.0 - - [01/Aug/2008:00:59:15 -0700] "GET /includes/jquery/plugins/simplemodal/jquery.simplemodal.js HTTP/1.1" 200 11230 "http://registration.corkworlds2009.com/" "Mozilla/5.0 (Macintosh; U; PPC Mac OS X; en) AppleWebKit/523.12.2 (KHTML, like Gecko) Version/3.0.4 Safari/523.12.2"
86.133.191.0 - - [01/Aug/2008:00:59:15 -0700] "GET /templates/cworlds2009/images/container-bg.jpg HTTP/1.1" 200 782 "http://registration.corkworlds2009.com/" "Mozilla/5.0 (Macintosh; U; PPC Mac OS X; en) AppleWebKit/523.12.2 (KHTML, like Gecko) Version/3.0.4 Safari/523.12.2"
86.133.191.0 - - [01/Aug/2008:00:59:15 -0700] "GET /templates/cworlds2009/images/top-welcome-menu.jpg HTTP/1.1" 200 3395 "http://registration.corkworlds2009.com/" "Mozilla/5.0 (Macintosh; U; PPC Mac OS X; en) AppleWebKit/523.12.2 (KHTML, like Gecko) Version/3.0.4 Safari/523.12.2"
86.133.191.0 - - [01/Aug/2008:00:59:15 -0700] "GET /templates/cworlds2009/images/top-menu-sp.jpg HTTP/1.1" 200 649 "http://registration.corkworlds2009.com/" "Mozilla/5.0 (Macintosh; U; PPC Mac OS X; en) AppleWebKit/523.12.2 (KHTML, like Gecko) Version/3.0.4 Safari/523.12.2"
86.133.191.0 - - [01/Aug/2008:00:59:15 -0700] "GET /modules/mod_welcome/images/bullet.jpg HTTP/1.1" 200 782 "http://registration.corkworlds2009.com/" "Mozilla/5.0 (Macintosh; U; PPC Mac OS X; en) AppleWebKit/523.12.2 (KHTML, like Gecko) Version/3.0.4 Safari/523.12.2"
86.133.191.0 - - [01/Aug/2008:00:59:15 -0700] "GET /templates/cworlds2009/images/user-actions-box-header.jpg HTTP/1.1" 200 4756 "http://registration.corkworlds2009.com/" "Mozilla/5.0 (Macintosh; U; PPC Mac OS X; en) AppleWebKit/523.12.2 (KHTML, like Gecko) Version/3.0.4 Safari/523.12.2"
86.133.191.0 - - [01/Aug/2008:00:59:15 -0700] "GET /templates/cworlds2009/images/banner.jpg HTTP/1.1" 200 16004 "http://registration.corkworlds2009.com/" "Mozilla/5.0 (Macintosh; U; PPC Mac OS X; en) AppleWebKit/523.12.2 (KHTML, like Gecko) Version/3.0.4 Safari/523.12.2"
86.133.191.0 - - [01/Aug/2008:00:59:15 -0700] "GET /templates/cworlds2009/images/submit.png HTTP/1.1" 200 1743 "http://registration.corkworlds2009.com/" "Mozilla/5.0 (Macintosh; U; PPC Mac OS X; en) AppleWebKit/523.12.2 (KHTML, like Gecko) Version/3.0.4 Safari/523.12.2"
86.133.191.0 - - [01/Aug/2008:00:59:15 -0700] "GET /templates/cworlds2009/images/information.png HTTP/1.1" 200 1121 "http://registration.corkworlds2009.com/" "Mozilla/5.0 (Macintosh; U; PPC Mac OS X; en) AppleWebKit/523.12.2 (KHTML, like Gecko) Version/3.0.4 Safari/523.12.2"
86.133.191.0 - - [01/Aug/2008:00:59:15 -0700] "GET /templates/cworlds2009/images/mainbody-bg.jpg HTTP/1.1" 200 14263 "http://registration.corkworlds2009.com/" "Mozilla/5.0 (Macintosh; U; PPC Mac OS X; en) AppleWebKit/523.12.2 (KHTML, like Gecko) Version/3.0.4 Safari/523.12.2"
86.133.191.0 - - [01/Aug/2008:00:59:15 -0700] "GET /templates/cworlds2009/images/user-actions-box-bg.jpg HTTP/1.1" 200 840 "http://registration.corkworlds2009.com/" "Mozilla/5.0 (Macintosh; U; PPC Mac OS X; en) AppleWebKit/523.12.2 (KHTML, like Gecko) Version/3.0.4 Safari/523.12.2"
86.133.191.0 - - [01/Aug/2008:00:59:15 -0700] "GET /includes/jquery/plugins/cluetip/jquery.dimensions.js HTTP/1.1" 200 24401 "http://registration.corkworlds2009.com/" "Mozilla/5.0 (Macintosh; U; PPC Mac OS X; en) AppleWebKit/523.12.2 (KHTML, like Gecko) Version/3.0.4 Safari/523.12.2"
86.133.191.0 - - [01/Aug/2008:00:59:15 -0700] "GET /templates/cworlds2009/images/note.png HTTP/1.1" 200 843 "http://registration.corkworlds2009.com/" "Mozilla/5.0 (Macintosh; U; PPC Mac OS X; en) AppleWebKit/523.12.2 (KHTML, like Gecko) Version/3.0.4 Safari/523.12.2"
86.133.191.0 - - [01/Aug/2008:00:59:16 -0700] "GET /includes/jquery/plugins/cluetip/jquery.cluetip.js HTTP/1.1" 200 24415 "http://registration.corkworlds2009.com/" "Mozilla/5.0 (Macintosh; U; PPC Mac OS X; en) AppleWebKit/523.12.2 (KHTML, like Gecko) Version/3.0.4 Safari/523.12.2"
86.133.191.0 - - [01/Aug/2008:00:59:16 -0700] "GET /includes/jquery/plugins/simplemodal/css/simplemodal.css HTTP/1.1" 200 1165 "http://registration.corkworlds2009.com/" "Mozilla/5.0 (Macintosh; U; PPC Mac OS X; en) AppleWebKit/523.12.2 (KHTML, like Gecko) Version/3.0.4 Safari/523.12.2"
86.133.191.0 - - [01/Aug/2008:00:59:16 -0700] "GET /includes/jquery/plugins/cluetip/jquery.cluetip.css HTTP/1.1" 200 4917 "http://registration.corkworlds2009.com/" "Mozilla/5.0 (Macintosh; U; PPC Mac OS X; en) AppleWebKit/523.12.2 (KHTML, like Gecko) Version/3.0.4 Safari/523.12.2"
86.133.191.0 - - [01/Aug/2008:00:59:16 -0700] "GET /modules/mod_disable/js/mod_disable.js HTTP/1.1" 200 2467 "http://registration.corkworlds2009.com/" "Mozilla/5.0 (Macintosh; U; PPC Mac OS X; en) AppleWebKit/523.12.2 (KHTML, like Gecko) Version/3.0.4 Safari/523.12.2"
86.133.191.0 - - [01/Aug/2008:00:59:17 -0700] "GET /templates/cworlds2009/images/box-right.png HTTP/1.1" 200 2532 "http://registration.corkworlds2009.com/" "Mozilla/5.0 (Macintosh; U; PPC Mac OS X; en) AppleWebKit/523.12.2 (KHTML, like Gecko) Version/3.0.4 Safari/523.12.2"
86.133.191.0 - - [01/Aug/2008:00:59:17 -0700] "GET /templates/cworlds2009/images/box-left.png HTTP/1.1" 200 562 "http://registration.corkworlds2009.com/" "Mozilla/5.0 (Macintosh; U; PPC Mac OS X; en) AppleWebKit/523.12.2 (KHTML, like Gecko) Version/3.0.4 Safari/523.12.2"
86.133.191.0 - - [01/Aug/2008:00:59:17 -0700] "GET /templates/cworlds2009/images/box-top.png HTTP/1.1" 200 579 "http://registration.corkworlds2009.com/" "Mozilla/5.0 (Macintosh; U; PPC Mac OS X; en) AppleWebKit/523.12.2 (KHTML, like Gecko) Version/3.0.4 Safari/523.12.2"
86.133.191.0 - - [01/Aug/2008:00:59:17 -0700] "GET /templates/cworlds2009/images/box-topleft.png HTTP/1.1" 200 554 "http://registration.corkworlds2009.com/" "Mozilla/5.0 (Macintosh; U; PPC Mac OS X; en) AppleWebKit/523.12.2 (KHTML, like Gecko) Version/3.0.4 Safari/523.12.2"
86.133.191.0 - - [01/Aug/2008:00:59:17 -0700] "GET /templates/cworlds2009/images/register.jpg HTTP/1.1" 200 5780 "http://registration.corkworlds2009.com/" "Mozilla/5.0 (Macintosh; U; PPC Mac OS X; en) AppleWebKit/523.12.2 (KHTML, like Gecko) Version/3.0.4 Safari/523.12.2"
86.133.191.0 - - [01/Aug/2008:00:59:17 -0700] "GET /templates/cworlds2009/images/footer-bg.jpg HTTP/1.1" 200 5992 "http://registration.corkworlds2009.com/" "Mozilla/5.0 (Macintosh; U; PPC Mac OS X; en) AppleWebKit/523.12.2 (KHTML, like Gecko) Version/3.0.4 Safari/523.12.2"
86.133.191.0 - - [01/Aug/2008:00:59:17 -0700] "GET /modules/mod_disable/css/mod_disable.css HTTP/1.1" 200 846 "http://registration.corkworlds2009.com/" "Mozilla/5.0 (Macintosh; U; PPC Mac OS X; en) AppleWebKit/523.12.2 (KHTML, like Gecko) Version/3.0.4 Safari/523.12.2"
86.133.191.0 - - [01/Aug/2008:00:59:17 -0700] "GET /includes/jquery/plugins/cluetip/wait.gif HTTP/1.1" 200 775 "http://registration.corkworlds2009.com/" "Mozilla/5.0 (Macintosh; U; PPC Mac OS X; en) AppleWebKit/523.12.2 (KHTML, like Gecko) Version/3.0.4 Safari/523.12.2"
79.132.65.49 - - [01/Aug/2008:00:59:23 -0700] "GET / HTTP/1.1" 200 9553 "http://www.corkworlds2009.com/" "Mozilla/4.0 (compatible; MSIE 7.0; Windows NT 5.1; .NET CLR 1.1.4322; InfoPath.1; .NET CLR 2.0.50727; .NET CLR 3.0.04506.30)"
79.132.65.49 - - [01/Aug/2008:00:59:24 -0700] "GET /includes/validator/validator.js HTTP/1.1" 200 11849 "http://registration.corkworlds2009.com/" "Mozilla/4.0 (compatible; MSIE 7.0; Windows NT 5.1; .NET CLR 1.1.4322; InfoPath.1; .NET CLR 2.0.50727; .NET CLR 3.0.04506.30)"
79.132.65.49 - - [01/Aug/2008:00:59:24 -0700] "GET /includes/jquery/jquery.js HTTP/1.1" 200 100557 "http://registration.corkworlds2009.com/" "Mozilla/4.0 (compatible; MSIE 7.0; Windows NT 5.1; .NET CLR 1.1.4322; InfoPath.1; .NET CLR 2.0.50727; .NET CLR 3.0.04506.30)"
79.132.65.49 - - [01/Aug/2008:00:59:26 -0700] "GET /includes/css/system.css HTTP/1.1" 200 1570 "http://registration.corkworlds2009.com/" "Mozilla/4.0 (compatible; MSIE 7.0; Windows NT 5.1; .NET CLR 1.1.4322; InfoPath.1; .NET CLR 2.0.50727; .NET CLR 3.0.04506.30)"
79.132.65.49 - - [01/Aug/2008:00:59:26 -0700] "GET /templates/cworlds2009/css/cworlds2009.css HTTP/1.1" 200 4459 "http://registration.corkworlds2009.com/" "Mozilla/4.0 (compatible; MSIE 7.0; Windows NT 5.1; .NET CLR 1.1.4322; InfoPath.1; .NET CLR 2.0.50727; .NET CLR 3.0.04506.30)"
79.132.65.49 - - [01/Aug/2008:00:59:26 -0700] "GET /templates/cworlds2009/css/programs.css HTTP/1.1" 200 5160 "http://registration.corkworlds2009.com/" "Mozilla/4.0 (compatible; MSIE 7.0; Windows NT 5.1; .NET CLR 1.1.4322; InfoPath.1; .NET CLR 2.0.50727; .NET CLR 3.0.04506.30)"
79.132.65.49 - - [01/Aug/2008:00:59:26 -0700] "GET /modules/mod_welcome/css/mod_welcome.css HTTP/1.1" 200 541 "http://registration.corkworlds2009.com/" "Mozilla/4.0 (compatible; MSIE 7.0; Windows NT 5.1; .NET CLR 1.1.4322; InfoPath.1; .NET CLR 2.0.50727; .NET CLR 3.0.04506.30)"
79.132.65.49 - - [01/Aug/2008:00:59:26 -0700] "GET /modules/mod_login/css/mod_login.css HTTP/1.1" 200 488 "http://registration.corkworlds2009.com/" "Mozilla/4.0 (compatible; MSIE 7.0; Windows NT 5.1; .NET CLR 1.1.4322; InfoPath.1; .NET CLR 2.0.50727; .NET CLR 3.0.04506.30)"
84.203.176.114 - - [01/Aug/2008:00:59:26 -0700] "GET / HTTP/1.1" 200 9553 "-" "Mozilla/5.0 (Windows; U; Windows NT 5.1; en-GB; rv:1.9.0.1) Gecko/2008070208 Firefox/3.0.1"
79.132.65.49 - - [01/Aug/2008:00:59:26 -0700] "GET /templates/cworlds2009/images/container-bg.jpg HTTP/1.1" 200 782 "http://registration.corkworlds2009.com/" "Mozilla/4.0 (compatible; MSIE 7.0; Windows NT 5.1; .NET CLR 1.1.4322; InfoPath.1; .NET CLR 2.0.50727; .NET CLR 3.0.04506.30)"
84.203.176.114 - - [01/Aug/2008:00:59:27 -0700] "GET /includes/validator/validator.js HTTP/1.1" 304 240 "http://registration.corkworlds2009.com/" "Mozilla/5.0 (Windows; U; Windows NT 5.1; en-GB; rv:1.9.0.1) Gecko/2008070208 Firefox/3.0.1"
79.132.65.49 - - [01/Aug/2008:00:59:27 -0700] "GET /templates/cworlds2009/images/top-welcome-menu.jpg HTTP/1.1" 200 3395 "http://registration.corkworlds2009.com/" "Mozilla/4.0 (compatible; MSIE 7.0; Windows NT 5.1; .NET CLR 1.1.4322; InfoPath.1; .NET CLR 2.0.50727; .NET CLR 3.0.04506.30)"
84.203.176.114 - - [01/Aug/2008:00:59:27 -0700] "GET /includes/jquery/jquery.js HTTP/1.1" 304 241 "http://registration.corkworlds2009.com/" "Mozilla/5.0 (Windows; U; Windows NT 5.1; en-GB; rv:1.9.0.1) Gecko/2008070208 Firefox/3.0.1"
79.132.65.49 - - [01/Aug/2008:00:59:27 -0700] "GET /templates/cworlds2009/images/banner.jpg HTTP/1.1" 200 16004 "http://registration.corkworlds2009.com/" "Mozilla/4.0 (compatible; MSIE 7.0; Windows NT 5.1; .NET CLR 1.1.4322; InfoPath.1; .NET CLR 2.0.50727; .NET CLR 3.0.04506.30)"
79.132.65.49 - - [01/Aug/2008:00:59:27 -0700] "GET /templates/cworlds2009/images/top-menu-sp.jpg HTTP/1.1" 200 649 "http://registration.corkworlds2009.com/" "Mozilla/4.0 (compatible; MSIE 7.0; Windows NT 5.1; .NET CLR 1.1.4322; InfoPath.1; .NET CLR 2.0.50727; .NET CLR 3.0.04506.30)"
84.203.176.114 - - [01/Aug/2008:00:59:27 -0700] "GET /includes/css/system.css HTTP/1.1" 304 238 "http://registration.corkworlds2009.com/" "Mozilla/5.0 (Windows; U; Windows NT 5.1; en-GB; rv:1.9.0.1) Gecko/2008070208 Firefox/3.0.1"
84.203.176.114 - - [01/Aug/2008:00:59:27 -0700] "GET /templates/cworlds2009/css/cworlds2009.css HTTP/1.1" 304 239 "http://registration.corkworlds2009.com/" "Mozilla/5.0 (Windows; U; Windows NT 5.1; en-GB; rv:1.9.0.1) Gecko/2008070208 Firefox/3.0.1"
79.132.65.49 - - [01/Aug/2008:00:59:27 -0700] "GET /templates/cworlds2009/images/user-actions-box-header.jpg HTTP/1.1" 200 4756 "http://registration.corkworlds2009.com/" "Mozilla/4.0 (compatible; MSIE 7.0; Windows NT 5.1; .NET CLR 1.1.4322; InfoPath.1; .NET CLR 2.0.50727; .NET CLR 3.0.04506.30)"
84.203.176.114 - - [01/Aug/2008:00:59:27 -0700] "GET /templates/cworlds2009/css/programs.css HTTP/1.1" 304 240 "http://registration.corkworlds2009.com/" "Mozilla/5.0 (Windows; U; Windows NT 5.1; en-GB; rv:1.9.0.1) Gecko/2008070208 Firefox/3.0.1"
84.203.176.114 - - [01/Aug/2008:00:59:27 -0700] "GET /modules/mod_welcome/css/mod_welcome.css HTTP/1.1" 304 239 "http://registration.corkworlds2009.com/" "Mozilla/5.0 (Windows; U; Windows NT 5.1; en-GB; rv:1.9.0.1) Gecko/2008070208 Firefox/3.0.1"
84.203.176.114 - - [01/Aug/2008:00:59:27 -0700] "GET /modules/mod_login/css/mod_login.css HTTP/1.1" 304 239 "http://registration.corkworlds2009.com/" "Mozilla/5.0 (Windows; U; Windows NT 5.1; en-GB; rv:1.9.0.1) Gecko/2008070208 Firefox/3.0.1"
79.132.65.49 - - [01/Aug/2008:00:59:27 -0700] "GET /templates/cworlds2009/images/user-actions-box-bg.jpg HTTP/1.1" 200 840 "http://registration.corkworlds2009.com/" "Mozilla/4.0 (compatible; MSIE 7.0; Windows NT 5.1; .NET CLR 1.1.4322; InfoPath.1; .NET CLR 2.0.50727; .NET CLR 3.0.04506.30)"
79.132.65.49 - - [01/Aug/2008:00:59:27 -0700] "GET /modules/mod_welcome/images/bullet.jpg HTTP/1.1" 200 782 "http://registration.corkworlds2009.com/" "Mozilla/4.0 (compatible; MSIE 7.0; Windows NT 5.1; .NET CLR 1.1.4322; InfoPath.1; .NET CLR 2.0.50727; .NET CLR 3.0.04506.30)"
84.203.176.114 - - [01/Aug/2008:00:59:27 -0700] "GET /templates/cworlds2009/images/container-bg.jpg HTTP/1.1" 304 238 "http://registration.corkworlds2009.com/templates/cworlds2009/css/cworlds2009.css" "Mozilla/5.0 (Windows; U; Windows NT 5.1; en-GB; rv:1.9.0.1) Gecko/2008070208 Firefox/3.0.1"
84.203.176.114 - - [01/Aug/2008:00:59:27 -0700] "GET /templates/cworlds2009/images/banner.jpg HTTP/1.1" 304 239 "http://registration.corkworlds2009.com/templates/cworlds2009/css/cworlds2009.css" "Mozilla/5.0 (Windows; U; Windows NT 5.1; en-GB; rv:1.9.0.1) Gecko/2008070208 Firefox/3.0.1"
84.203.176.114 - - [01/Aug/2008:00:59:27 -0700] "GET /templates/cworlds2009/images/top-welcome-menu.jpg HTTP/1.1" 304 239 "http://registration.corkworlds2009.com/templates/cworlds2009/css/cworlds2009.css" "Mozilla/5.0 (Windows; U; Windows NT 5.1; en-GB; rv:1.9.0.1) Gecko/2008070208 Firefox/3.0.1"
84.203.176.114 - - [01/Aug/2008:00:59:27 -0700] "GET /templates/cworlds2009/images/top-menu-sp.jpg HTTP/1.1" 304 239 "http://registration.corkworlds2009.com/templates/cworlds2009/css/cworlds2009.css" "Mozilla/5.0 (Windows; U; Windows NT 5.1; en-GB; rv:1.9.0.1) Gecko/2008070208 Firefox/3.0.1"
84.203.176.114 - - [01/Aug/2008:00:59:27 -0700] "GET /templates/cworlds2009/images/user-actions-box-header.jpg HTTP/1.1" 304 240 "http://registration.corkworlds2009.com/templates/cworlds2009/css/cworlds2009.css" "Mozilla/5.0 (Windows; U; Windows NT 5.1; en-GB; rv:1.9.0.1) Gecko/2008070208 Firefox/3.0.1"
79.132.65.49 - - [01/Aug/2008:00:59:28 -0700] "GET /templates/cworlds2009/images/submit.png HTTP/1.1" 200 1743 "http://registration.corkworlds2009.com/" "Mozilla/4.0 (compatible; MSIE 7.0; Windows NT 5.1; .NET CLR 1.1.4322; InfoPath.1; .NET CLR 2.0.50727; .NET CLR 3.0.04506.30)"
84.203.176.114 - - [01/Aug/2008:00:59:28 -0700] "GET /includes/jquery/plugins/simplemodal/jquery.simplemodal.js HTTP/1.1" 304 240 "http://registration.corkworlds2009.com/" "Mozilla/5.0 (Windows; U; Windows NT 5.1; en-GB; rv:1.9.0.1) Gecko/2008070208 Firefox/3.0.1"
84.203.176.114 - - [01/Aug/2008:00:59:28 -0700] "GET /templates/cworlds2009/images/mainbody-bg.jpg HTTP/1.1" 304 240 "http://registration.corkworlds2009.com/templates/cworlds2009/css/cworlds2009.css" "Mozilla/5.0 (Windows; U; Windows NT 5.1; en-GB; rv:1.9.0.1) Gecko/2008070208 Firefox/3.0.1"
84.203.176.114 - - [01/Aug/2008:00:59:28 -0700] "GET /modules/mod_welcome/images/bullet.jpg HTTP/1.1" 304 239 "http://registration.corkworlds2009.com/modules/mod_welcome/css/mod_welcome.css" "Mozilla/5.0 (Windows; U; Windows NT 5.1; en-GB; rv:1.9.0.1) Gecko/2008070208 Firefox/3.0.1"
84.203.176.114 - - [01/Aug/2008:00:59:28 -0700] "GET /templates/cworlds2009/images/note.png HTTP/1.1" 304 239 "http://registration.corkworlds2009.com/templates/cworlds2009/css/programs.css" "Mozilla/5.0 (Windows; U; Windows NT 5.1; en-GB; rv:1.9.0.1) Gecko/2008070208 Firefox/3.0.1"
84.203.176.114 - - [01/Aug/2008:00:59:28 -0700] "GET /templates/cworlds2009/images/user-actions-box-bg.jpg HTTP/1.1" 304 240 "http://registration.corkworlds2009.com/templates/cworlds2009/css/cworlds2009.css" "Mozilla/5.0 (Windows; U; Windows NT 5.1; en-GB; rv:1.9.0.1) Gecko/2008070208 Firefox/3.0.1"
84.203.176.114 - - [01/Aug/2008:00:59:28 -0700] "GET /templates/cworlds2009/images/submit.png HTTP/1.1" 304 239 "http://registration.corkworlds2009.com/templates/cworlds2009/css/programs.css" "Mozilla/5.0 (Windows; U; Windows NT 5.1; en-GB; rv:1.9.0.1) Gecko/2008070208 Firefox/3.0.1"
79.132.65.49 - - [01/Aug/2008:00:59:28 -0700] "GET /includes/jquery/plugins/simplemodal/jquery.simplemodal.js HTTP/1.1" 200 11230 "http://registration.corkworlds2009.com/" "Mozilla/4.0 (compatible; MSIE 7.0; Windows NT 5.1; .NET CLR 1.1.4322; InfoPath.1; .NET CLR 2.0.50727; .NET CLR 3.0.04506.30)"
79.132.65.49 - - [01/Aug/2008:00:59:28 -0700] "GET /templates/cworlds2009/images/mainbody-bg.jpg HTTP/1.1" 200 14263 "http://registration.corkworlds2009.com/" "Mozilla/4.0 (compatible; MSIE 7.0; Windows NT 5.1; .NET CLR 1.1.4322; InfoPath.1; .NET CLR 2.0.50727; .NET CLR 3.0.04506.30)"
84.203.176.114 - - [01/Aug/2008:00:59:28 -0700] "GET /templates/cworlds2009/images/information.png HTTP/1.1" 304 239 "http://registration.corkworlds2009.com/templates/cworlds2009/css/programs.css" "Mozilla/5.0 (Windows; U; Windows NT 5.1; en-GB; rv:1.9.0.1) Gecko/2008070208 Firefox/3.0.1"
84.203.176.114 - - [01/Aug/2008:00:59:28 -0700] "GET /includes/jquery/plugins/cluetip/jquery.dimensions.js HTTP/1.1" 304 240 "http://registration.corkworlds2009.com/" "Mozilla/5.0 (Windows; U; Windows NT 5.1; en-GB; rv:1.9.0.1) Gecko/2008070208 Firefox/3.0.1"
79.132.65.49 - - [01/Aug/2008:00:59:28 -0700] "GET /templates/cworlds2009/images/note.png HTTP/1.1" 200 843 "http://registration.corkworlds2009.com/" "Mozilla/4.0 (compatible; MSIE 7.0; Windows NT 5.1; .NET CLR 1.1.4322; InfoPath.1; .NET CLR 2.0.50727; .NET CLR 3.0.04506.30)"
84.203.176.114 - - [01/Aug/2008:00:59:28 -0700] "GET /includes/jquery/plugins/cluetip/jquery.cluetip.js HTTP/1.1" 304 240 "http://registration.corkworlds2009.com/" "Mozilla/5.0 (Windows; U; Windows NT 5.1; en-GB; rv:1.9.0.1) Gecko/2008070208 Firefox/3.0.1"
84.203.176.114 - - [01/Aug/2008:00:59:28 -0700] "GET /includes/jquery/plugins/simplemodal/css/simplemodal.css HTTP/1.1" 304 239 "http://registration.corkworlds2009.com/" "Mozilla/5.0 (Windows; U; Windows NT 5.1; en-GB; rv:1.9.0.1) Gecko/2008070208 Firefox/3.0.1"
84.203.176.114 - - [01/Aug/2008:00:59:28 -0700] "GET /includes/jquery/plugins/cluetip/jquery.cluetip.css HTTP/1.1" 304 240 "http://registration.corkworlds2009.com/" "Mozilla/5.0 (Windows; U; Windows NT 5.1; en-GB; rv:1.9.0.1) Gecko/2008070208 Firefox/3.0.1"
84.203.176.114 - - [01/Aug/2008:00:59:28 -0700] "GET /templates/cworlds2009/images/box-right.png HTTP/1.1" 304 238 "http://registration.corkworlds2009.com/templates/cworlds2009/css/programs.css" "Mozilla/5.0 (Windows; U; Windows NT 5.1; en-GB; rv:1.9.0.1) Gecko/2008070208 Firefox/3.0.1"
79.132.65.49 - - [01/Aug/2008:00:59:28 -0700] "GET /templates/cworlds2009/images/information.png HTTP/1.1" 200 1121 "http://registration.corkworlds2009.com/" "Mozilla/4.0 (compatible; MSIE 7.0; Windows NT 5.1; .NET CLR 1.1.4322; InfoPath.1; .NET CLR 2.0.50727; .NET CLR 3.0.04506.30)"
84.203.176.114 - - [01/Aug/2008:00:59:28 -0700] "GET /templates/cworlds2009/images/box-top.png HTTP/1.1" 304 237 "http://registration.corkworlds2009.com/templates/cworlds2009/css/programs.css" "Mozilla/5.0 (Windows; U; Windows NT 5.1; en-GB; rv:1.9.0.1) Gecko/2008070208 Firefox/3.0.1"
84.203.176.114 - - [01/Aug/2008:00:59:28 -0700] "GET /templates/cworlds2009/images/box-topleft.png HTTP/1.1" 304 237 "http://registration.corkworlds2009.com/templates/cworlds2009/css/programs.css" "Mozilla/5.0 (Windows; U; Windows NT 5.1; en-GB; rv:1.9.0.1) Gecko/2008070208 Firefox/3.0.1"
84.203.176.114 - - [01/Aug/2008:00:59:28 -0700] "GET /templates/cworlds2009/images/box-left.png HTTP/1.1" 304 237 "http://registration.corkworlds2009.com/templates/cworlds2009/css/programs.css" "Mozilla/5.0 (Windows; U; Windows NT 5.1; en-GB; rv:1.9.0.1) Gecko/2008070208 Firefox/3.0.1"
79.132.65.49 - - [01/Aug/2008:00:59:28 -0700] "GET /includes/jquery/plugins/cluetip/jquery.dimensions.js HTTP/1.1" 200 24401 "http://registration.corkworlds2009.com/" "Mozilla/4.0 (compatible; MSIE 7.0; Windows NT 5.1; .NET CLR 1.1.4322; InfoPath.1; .NET CLR 2.0.50727; .NET CLR 3.0.04506.30)"
84.203.176.114 - - [01/Aug/2008:00:59:28 -0700] "GET /templates/cworlds2009/images/register.jpg HTTP/1.1" 304 240 "http://registration.corkworlds2009.com/templates/cworlds2009/css/programs.css" "Mozilla/5.0 (Windows; U; Windows NT 5.1; en-GB; rv:1.9.0.1) Gecko/2008070208 Firefox/3.0.1"
84.203.176.114 - - [01/Aug/2008:00:59:28 -0700] "GET /templates/cworlds2009/images/footer-bg.jpg HTTP/1.1" 304 239 "http://registration.corkworlds2009.com/templates/cworlds2009/css/cworlds2009.css" "Mozilla/5.0 (Windows; U; Windows NT 5.1; en-GB; rv:1.9.0.1) Gecko/2008070208 Firefox/3.0.1"
84.203.176.114 - - [01/Aug/2008:00:59:28 -0700] "GET /modules/mod_disable/js/mod_disable.js HTTP/1.1" 304 239 "http://registration.corkworlds2009.com/" "Mozilla/5.0 (Windows; U; Windows NT 5.1; en-GB; rv:1.9.0.1) Gecko/2008070208 Firefox/3.0.1"
84.203.176.114 - - [01/Aug/2008:00:59:28 -0700] "GET /modules/mod_disable/css/mod_disable.css HTTP/1.1" 200 846 "http://registration.corkworlds2009.com/" "Mozilla/5.0 (Windows; U; Windows NT 5.1; en-GB; rv:1.9.0.1) Gecko/2008070208 Firefox/3.0.1"
79.132.65.49 - - [01/Aug/2008:00:59:29 -0700] "GET /includes/jquery/plugins/cluetip/jquery.cluetip.js HTTP/1.1" 200 24415 "http://registration.corkworlds2009.com/" "Mozilla/4.0 (compatible; MSIE 7.0; Windows NT 5.1; .NET CLR 1.1.4322; InfoPath.1; .NET CLR 2.0.50727; .NET CLR 3.0.04506.30)"
84.203.176.114 - - [01/Aug/2008:00:59:29 -0700] "GET /includes/jquery/plugins/cluetip/wait.gif HTTP/1.1" 304 239 "http://registration.corkworlds2009.com/includes/jquery/plugins/cluetip/jquery.cluetip.css" "Mozilla/5.0 (Windows; U; Windows NT 5.1; en-GB; rv:1.9.0.1) Gecko/2008070208 Firefox/3.0.1"
79.132.65.49 - - [01/Aug/2008:00:59:29 -0700] "GET /includes/jquery/plugins/simplemodal/css/simplemodal.css HTTP/1.1" 200 1165 "http://registration.corkworlds2009.com/" "Mozilla/4.0 (compatible; MSIE 7.0; Windows NT 5.1; .NET CLR 1.1.4322; InfoPath.1; .NET CLR 2.0.50727; .NET CLR 3.0.04506.30)"
79.132.65.49 - - [01/Aug/2008:00:59:29 -0700] "GET /includes/jquery/plugins/cluetip/jquery.cluetip.css HTTP/1.1" 200 4917 "http://registration.corkworlds2009.com/" "Mozilla/4.0 (compatible; MSIE 7.0; Windows NT 5.1; .NET CLR 1.1.4322; InfoPath.1; .NET CLR 2.0.50727; .NET CLR 3.0.04506.30)"
84.203.176.114 - - [01/Aug/2008:00:59:29 -0700] "GET /templates/cworlds2009/favicon.ico HTTP/1.1" 200 1508 "-" "Mozilla/5.0 (Windows; U; Windows NT 5.1; en-GB; rv:1.9.0.1) Gecko/2008070208 Firefox/3.0.1"
79.132.65.49 - - [01/Aug/2008:00:59:30 -0700] "GET /templates/cworlds2009/images/register.jpg HTTP/1.1" 200 5780 "http://registration.corkworlds2009.com/" "Mozilla/4.0 (compatible; MSIE 7.0; Windows NT 5.1; .NET CLR 1.1.4322; InfoPath.1; .NET CLR 2.0.50727; .NET CLR 3.0.04506.30)"
79.132.65.49 - - [01/Aug/2008:00:59:30 -0700] "GET /modules/mod_disable/js/mod_disable.js HTTP/1.1" 200 2467 "http://registration.corkworlds2009.com/" "Mozilla/4.0 (compatible; MSIE 7.0; Windows NT 5.1; .NET CLR 1.1.4322; InfoPath.1; .NET CLR 2.0.50727; .NET CLR 3.0.04506.30)"
79.132.65.49 - - [01/Aug/2008:00:59:30 -0700] "GET /templates/cworlds2009/images/box-left.png HTTP/1.1" 200 562 "http://registration.corkworlds2009.com/" "Mozilla/4.0 (compatible; MSIE 7.0; Windows NT 5.1; .NET CLR 1.1.4322; InfoPath.1; .NET CLR 2.0.50727; .NET CLR 3.0.04506.30)"
79.132.65.49 - - [01/Aug/2008:00:59:30 -0700] "GET /templates/cworlds2009/images/box-right.png HTTP/1.1" 200 2532 "http://registration.corkworlds2009.com/" "Mozilla/4.0 (compatible; MSIE 7.0; Windows NT 5.1; .NET CLR 1.1.4322; InfoPath.1; .NET CLR 2.0.50727; .NET CLR 3.0.04506.30)"
79.132.65.49 - - [01/Aug/2008:00:59:30 -0700] "GET /templates/cworlds2009/images/box-top.png HTTP/1.1" 200 579 "http://registration.corkworlds2009.com/" "Mozilla/4.0 (compatible; MSIE 7.0; Windows NT 5.1; .NET CLR 1.1.4322; InfoPath.1; .NET CLR 2.0.50727; .NET CLR 3.0.04506.30)"
79.132.65.49 - - [01/Aug/2008:00:59:30 -0700] "GET /templates/cworlds2009/images/box-topleft.png HTTP/1.1" 200 554 "http://registration.corkworlds2009.com/" "Mozilla/4.0 (compatible; MSIE 7.0; Windows NT 5.1; .NET CLR 1.1.4322; InfoPath.1; .NET CLR 2.0.50727; .NET CLR 3.0.04506.30)"
79.132.65.49 - - [01/Aug/2008:00:59:30 -0700] "GET /templates/cworlds2009/images/footer-bg.jpg HTTP/1.1" 200 5992 "http://registration.corkworlds2009.com/" "Mozilla/4.0 (compatible; MSIE 7.0; Windows NT 5.1; .NET CLR 1.1.4322; InfoPath.1; .NET CLR 2.0.50727; .NET CLR 3.0.04506.30)"
79.132.65.49 - - [01/Aug/2008:00:59:30 -0700] "GET /modules/mod_disable/css/mod_disable.css HTTP/1.1" 200 846 "http://registration.corkworlds2009.com/" "Mozilla/4.0 (compatible; MSIE 7.0; Windows NT 5.1; .NET CLR 1.1.4322; InfoPath.1; .NET CLR 2.0.50727; .NET CLR 3.0.04506.30)"
79.132.65.49 - - [01/Aug/2008:00:59:31 -0700] "GET /templates/cworlds2009/favicon.ico HTTP/1.1" 200 1508 "-" "Mozilla/4.0 (compatible; MSIE 7.0; Windows NT 5.1; .NET CLR 1.1.4322; InfoPath.1; .NET CLR 2.0.50727; .NET CLR 3.0.04506.30)"
79.132.65.49 - - [01/Aug/2008:00:59:31 -0700] "GET /includes/jquery/plugins/cluetip/wait.gif HTTP/1.1" 200 775 "http://registration.corkworlds2009.com/" "Mozilla/4.0 (compatible; MSIE 7.0; Windows NT 5.1; .NET CLR 1.1.4322; InfoPath.1; .NET CLR 2.0.50727; .NET CLR 3.0.04506.30)"
84.203.176.114 - - [01/Aug/2008:00:59:44 -0700] "GET / HTTP/1.1" 200 9495 "-" "Mozilla/5.0 (Windows; U; Windows NT 5.1; en-GB; rv:1.9.0.1) Gecko/2008070208 Firefox/3.0.1"
84.203.176.114 - - [01/Aug/2008:00:59:44 -0700] "GET /includes/validator/validator.js HTTP/1.1" 304 240 "http://registration.corkworlds2009.com/" "Mozilla/5.0 (Windows; U; Windows NT 5.1; en-GB; rv:1.9.0.1) Gecko/2008070208 Firefox/3.0.1"
84.203.176.114 - - [01/Aug/2008:00:59:44 -0700] "GET /includes/jquery/jquery.js HTTP/1.1" 304 241 "http://registration.corkworlds2009.com/" "Mozilla/5.0 (Windows; U; Windows NT 5.1; en-GB; rv:1.9.0.1) Gecko/2008070208 Firefox/3.0.1"
84.203.176.114 - - [01/Aug/2008:00:59:45 -0700] "GET /includes/css/system.css HTTP/1.1" 304 238 "http://registration.corkworlds2009.com/" "Mozilla/5.0 (Windows; U; Windows NT 5.1; en-GB; rv:1.9.0.1) Gecko/2008070208 Firefox/3.0.1"
84.203.176.114 - - [01/Aug/2008:00:59:45 -0700] "GET /templates/cworlds2009/css/cworlds2009.css HTTP/1.1" 304 239 "http://registration.corkworlds2009.com/" "Mozilla/5.0 (Windows; U; Windows NT 5.1; en-GB; rv:1.9.0.1) Gecko/2008070208 Firefox/3.0.1"
84.203.176.114 - - [01/Aug/2008:00:59:45 -0700] "GET /modules/mod_login/css/mod_login.css HTTP/1.1" 304 239 "http://registration.corkworlds2009.com/" "Mozilla/5.0 (Windows; U; Windows NT 5.1; en-GB; rv:1.9.0.1) Gecko/2008070208 Firefox/3.0.1"
84.203.176.114 - - [01/Aug/2008:00:59:45 -0700] "GET /modules/mod_welcome/css/mod_welcome.css HTTP/1.1" 304 239 "http://registration.corkworlds2009.com/" "Mozilla/5.0 (Windows; U; Windows NT 5.1; en-GB; rv:1.9.0.1) Gecko/2008070208 Firefox/3.0.1"
84.203.176.114 - - [01/Aug/2008:00:59:45 -0700] "GET /templates/cworlds2009/css/programs.css HTTP/1.1" 304 240 "http://registration.corkworlds2009.com/" "Mozilla/5.0 (Windows; U; Windows NT 5.1; en-GB; rv:1.9.0.1) Gecko/2008070208 Firefox/3.0.1"
84.203.176.114 - - [01/Aug/2008:00:59:45 -0700] "GET /templates/cworlds2009/images/banner.jpg HTTP/1.1" 304 239 "http://registration.corkworlds2009.com/templates/cworlds2009/css/cworlds2009.css" "Mozilla/5.0 (Windows; U; Windows NT 5.1; en-GB; rv:1.9.0.1) Gecko/2008070208 Firefox/3.0.1"
84.203.176.114 - - [01/Aug/2008:00:59:45 -0700] "GET /templates/cworlds2009/images/user-actions-box-header.jpg HTTP/1.1" 304 240 "http://registration.corkworlds2009.com/templates/cworlds2009/css/cworlds2009.css" "Mozilla/5.0 (Windows; U; Windows NT 5.1; en-GB; rv:1.9.0.1) Gecko/2008070208 Firefox/3.0.1"
84.203.176.114 - - [01/Aug/2008:00:59:45 -0700] "GET /templates/cworlds2009/images/top-welcome-menu.jpg HTTP/1.1" 304 239 "http://registration.corkworlds2009.com/templates/cworlds2009/css/cworlds2009.css" "Mozilla/5.0 (Windows; U; Windows NT 5.1; en-GB; rv:1.9.0.1) Gecko/2008070208 Firefox/3.0.1"
84.203.176.114 - - [01/Aug/2008:00:59:45 -0700] "GET /templates/cworlds2009/images/container-bg.jpg HTTP/1.1" 304 238 "http://registration.corkworlds2009.com/templates/cworlds2009/css/cworlds2009.css" "Mozilla/5.0 (Windows; U; Windows NT 5.1; en-GB; rv:1.9.0.1) Gecko/2008070208 Firefox/3.0.1"
84.203.176.114 - - [01/Aug/2008:00:59:45 -0700] "GET /templates/cworlds2009/images/top-menu-sp.jpg HTTP/1.1" 304 239 "http://registration.corkworlds2009.com/templates/cworlds2009/css/cworlds2009.css" "Mozilla/5.0 (Windows; U; Windows NT 5.1; en-GB; rv:1.9.0.1) Gecko/2008070208 Firefox/3.0.1"
84.203.176.114 - - [01/Aug/2008:00:59:45 -0700] "GET /templates/cworlds2009/images/user-actions-box-bg.jpg HTTP/1.1" 304 240 "http://registration.corkworlds2009.com/templates/cworlds2009/css/cworlds2009.css" "Mozilla/5.0 (Windows; U; Windows NT 5.1; en-GB; rv:1.9.0.1) Gecko/2008070208 Firefox/3.0.1"
84.203.176.114 - - [01/Aug/2008:00:59:45 -0700] "GET /includes/jquery/plugins/simplemodal/jquery.simplemodal.js HTTP/1.1" 304 240 "http://registration.corkworlds2009.com/" "Mozilla/5.0 (Windows; U; Windows NT 5.1; en-GB; rv:1.9.0.1) Gecko/2008070208 Firefox/3.0.1"
84.203.176.114 - - [01/Aug/2008:00:59:45 -0700] "GET /templates/cworlds2009/images/mainbody-bg.jpg HTTP/1.1" 304 240 "http://registration.corkworlds2009.com/templates/cworlds2009/css/cworlds2009.css" "Mozilla/5.0 (Windows; U; Windows NT 5.1; en-GB; rv:1.9.0.1) Gecko/2008070208 Firefox/3.0.1"
84.203.176.114 - - [01/Aug/2008:00:59:45 -0700] "GET /modules/mod_welcome/images/bullet.jpg HTTP/1.1" 304 239 "http://registration.corkworlds2009.com/modules/mod_welcome/css/mod_welcome.css" "Mozilla/5.0 (Windows; U; Windows NT 5.1; en-GB; rv:1.9.0.1) Gecko/2008070208 Firefox/3.0.1"
84.203.176.114 - - [01/Aug/2008:00:59:45 -0700] "GET /templates/cworlds2009/images/note.png HTTP/1.1" 304 239 "http://registration.corkworlds2009.com/templates/cworlds2009/css/programs.css" "Mozilla/5.0 (Windows; U; Windows NT 5.1; en-GB; rv:1.9.0.1) Gecko/2008070208 Firefox/3.0.1"
84.203.176.114 - - [01/Aug/2008:00:59:45 -0700] "GET /templates/cworlds2009/images/submit.png HTTP/1.1" 304 239 "http://registration.corkworlds2009.com/templates/cworlds2009/css/programs.css" "Mozilla/5.0 (Windows; U; Windows NT 5.1; en-GB; rv:1.9.0.1) Gecko/2008070208 Firefox/3.0.1"
84.203.176.114 - - [01/Aug/2008:00:59:45 -0700] "GET /templates/cworlds2009/images/information.png HTTP/1.1" 304 239 "http://registration.corkworlds2009.com/templates/cworlds2009/css/programs.css" "Mozilla/5.0 (Windows; U; Windows NT 5.1; en-GB; rv:1.9.0.1) Gecko/2008070208 Firefox/3.0.1"
84.203.176.114 - - [01/Aug/2008:00:59:45 -0700] "GET /includes/jquery/plugins/cluetip/jquery.dimensions.js HTTP/1.1" 304 240 "http://registration.corkworlds2009.com/" "Mozilla/5.0 (Windows; U; Windows NT 5.1; en-GB; rv:1.9.0.1) Gecko/2008070208 Firefox/3.0.1"
84.203.176.114 - - [01/Aug/2008:00:59:45 -0700] "GET /includes/jquery/plugins/cluetip/jquery.cluetip.js HTTP/1.1" 304 240 "http://registration.corkworlds2009.com/" "Mozilla/5.0 (Windows; U; Windows NT 5.1; en-GB; rv:1.9.0.1) Gecko/2008070208 Firefox/3.0.1"
84.203.176.114 - - [01/Aug/2008:00:59:46 -0700] "GET /includes/jquery/plugins/simplemodal/css/simplemodal.css HTTP/1.1" 304 239 "http://registration.corkworlds2009.com/" "Mozilla/5.0 (Windows; U; Windows NT 5.1; en-GB; rv:1.9.0.1) Gecko/2008070208 Firefox/3.0.1"
84.203.176.114 - - [01/Aug/2008:00:59:46 -0700] "GET /includes/jquery/plugins/cluetip/jquery.cluetip.css HTTP/1.1" 304 240 "http://registration.corkworlds2009.com/" "Mozilla/5.0 (Windows; U; Windows NT 5.1; en-GB; rv:1.9.0.1) Gecko/2008070208 Firefox/3.0.1"
84.203.176.114 - - [01/Aug/2008:00:59:46 -0700] "GET /templates/cworlds2009/images/box-right.png HTTP/1.1" 304 238 "http://registration.corkworlds2009.com/templates/cworlds2009/css/programs.css" "Mozilla/5.0 (Windows; U; Windows NT 5.1; en-GB; rv:1.9.0.1) Gecko/2008070208 Firefox/3.0.1"
84.203.176.114 - - [01/Aug/2008:00:59:46 -0700] "GET /templates/cworlds2009/images/box-left.png HTTP/1.1" 304 237 "http://registration.corkworlds2009.com/templates/cworlds2009/css/programs.css" "Mozilla/5.0 (Windows; U; Windows NT 5.1; en-GB; rv:1.9.0.1) Gecko/2008070208 Firefox/3.0.1"
84.203.176.114 - - [01/Aug/2008:00:59:46 -0700] "GET /templates/cworlds2009/images/box-top.png HTTP/1.1" 304 237 "http://registration.corkworlds2009.com/templates/cworlds2009/css/programs.css" "Mozilla/5.0 (Windows; U; Windows NT 5.1; en-GB; rv:1.9.0.1) Gecko/2008070208 Firefox/3.0.1"
84.203.176.114 - - [01/Aug/2008:00:59:46 -0700] "GET /templates/cworlds2009/images/box-topleft.png HTTP/1.1" 304 237 "http://registration.corkworlds2009.com/templates/cworlds2009/css/programs.css" "Mozilla/5.0 (Windows; U; Windows NT 5.1; en-GB; rv:1.9.0.1) Gecko/2008070208 Firefox/3.0.1"
84.203.176.114 - - [01/Aug/2008:00:59:46 -0700] "GET /templates/cworlds2009/images/register.jpg HTTP/1.1" 304 240 "http://registration.corkworlds2009.com/templates/cworlds2009/css/programs.css" "Mozilla/5.0 (Windows; U; Windows NT 5.1; en-GB; rv:1.9.0.1) Gecko/2008070208 Firefox/3.0.1"
84.203.176.114 - - [01/Aug/2008:00:59:46 -0700] "GET /templates/cworlds2009/images/footer-bg.jpg HTTP/1.1" 304 239 "http://registration.corkworlds2009.com/templates/cworlds2009/css/cworlds2009.css" "Mozilla/5.0 (Windows; U; Windows NT 5.1; en-GB; rv:1.9.0.1) Gecko/2008070208 Firefox/3.0.1"
