128.12.18.185 - - [01/Aug/2008:02:41:32 -0700] "GET /modules/mod_login/css/mod_login.css HTTP/1.1" 200 489 "http://registration.corkworlds2009.com/" "Mozilla/5.0 (Macintosh; U; Intel Mac OS X; en-us) AppleWebKit/523.15.1 (KHTML, like Gecko) Version/3.0.4 Safari/523.15"
128.12.18.185 - - [01/Aug/2008:02:41:32 -0700] "GET /includes/jquery/plugins/simplemodal/jquery.simplemodal.js HTTP/1.1" 200 11230 "http://registration.corkworlds2009.com/" "Mozilla/5.0 (Macintosh; U; Intel Mac OS X; en-us) AppleWebKit/523.15.1 (KHTML, like Gecko) Version/3.0.4 Safari/523.15"
128.12.18.185 - - [01/Aug/2008:02:41:32 -0700] "GET /includes/css/system.css HTTP/1.1" 200 1571 "http://registration.corkworlds2009.com/" "Mozilla/5.0 (Macintosh; U; Intel Mac OS X; en-us) AppleWebKit/523.15.1 (KHTML, like Gecko) Version/3.0.4 Safari/523.15"
128.12.18.185 - - [01/Aug/2008:02:41:32 -0700] "GET /modules/mod_welcome/css/mod_welcome.css HTTP/1.1" 200 541 "http://registration.corkworlds2009.com/" "Mozilla/5.0 (Macintosh; U; Intel Mac OS X; en-us) AppleWebKit/523.15.1 (KHTML, like Gecko) Version/3.0.4 Safari/523.15"
128.12.18.185 - - [01/Aug/2008:02:41:32 -0700] "GET /templates/cworlds2009/images/submit.png HTTP/1.1" 200 1743 "http://registration.corkworlds2009.com/" "Mozilla/5.0 (Macintosh; U; Intel Mac OS X; en-us) AppleWebKit/523.15.1 (KHTML, like Gecko) Version/3.0.4 Safari/523.15"
128.12.18.185 - - [01/Aug/2008:02:41:32 -0700] "GET /templates/cworlds2009/images/note.png HTTP/1.1" 200 843 "http://registration.corkworlds2009.com/" "Mozilla/5.0 (Macintosh; U; Intel Mac OS X; en-us) AppleWebKit/523.15.1 (KHTML, like Gecko) Version/3.0.4 Safari/523.15"
128.12.18.185 - - [01/Aug/2008:02:41:32 -0700] "GET /templates/cworlds2009/images/information.png HTTP/1.1" 200 1121 "http://registration.corkworlds2009.com/" "Mozilla/5.0 (Macintosh; U; Intel Mac OS X; en-us) AppleWebKit/523.15.1 (KHTML, like Gecko) Version/3.0.4 Safari/523.15"
128.12.18.185 - - [01/Aug/2008:02:41:32 -0700] "GET /templates/cworlds2009/images/mainbody-bg.jpg HTTP/1.1" 200 14263 "http://registration.corkworlds2009.com/" "Mozilla/5.0 (Macintosh; U; Intel Mac OS X; en-us) AppleWebKit/523.15.1 (KHTML, like Gecko) Version/3.0.4 Safari/523.15"
128.12.18.185 - - [01/Aug/2008:02:41:32 -0700] "GET /templates/cworlds2009/images/container-bg.jpg HTTP/1.1" 200 782 "http://registration.corkworlds2009.com/" "Mozilla/5.0 (Macintosh; U; Intel Mac OS X; en-us) AppleWebKit/523.15.1 (KHTML, like Gecko) Version/3.0.4 Safari/523.15"
128.12.18.185 - - [01/Aug/2008:02:41:32 -0700] "GET /templates/cworlds2009/images/top-menu-sp.jpg HTTP/1.1" 200 649 "http://registration.corkworlds2009.com/" "Mozilla/5.0 (Macintosh; U; Intel Mac OS X; en-us) AppleWebKit/523.15.1 (KHTML, like Gecko) Version/3.0.4 Safari/523.15"
128.12.18.185 - - [01/Aug/2008:02:41:32 -0700] "GET /templates/cworlds2009/images/user-actions-box-header.jpg HTTP/1.1" 200 4756 "http://registration.corkworlds2009.com/" "Mozilla/5.0 (Macintosh; U; Intel Mac OS X; en-us) AppleWebKit/523.15.1 (KHTML, like Gecko) Version/3.0.4 Safari/523.15"
128.12.18.185 - - [01/Aug/2008:02:41:32 -0700] "GET /includes/jquery/plugins/cluetip/jquery.dimensions.js HTTP/1.1" 200 24401 "http://registration.corkworlds2009.com/" "Mozilla/5.0 (Macintosh; U; Intel Mac OS X; en-us) AppleWebKit/523.15.1 (KHTML, like Gecko) Version/3.0.4 Safari/523.15"
128.12.18.185 - - [01/Aug/2008:02:41:32 -0700] "GET /templates/cworlds2009/images/user-actions-box-bg.jpg HTTP/1.1" 200 840 "http://registration.corkworlds2009.com/" "Mozilla/5.0 (Macintosh; U; Intel Mac OS X; en-us) AppleWebKit/523.15.1 (KHTML, like Gecko) Version/3.0.4 Safari/523.15"
128.12.18.185 - - [01/Aug/2008:02:41:32 -0700] "GET /templates/cworlds2009/images/top-welcome-menu.jpg HTTP/1.1" 200 3395 "http://registration.corkworlds2009.com/" "Mozilla/5.0 (Macintosh; U; Intel Mac OS X; en-us) AppleWebKit/523.15.1 (KHTML, like Gecko) Version/3.0.4 Safari/523.15"
128.12.18.185 - - [01/Aug/2008:02:41:32 -0700] "GET /templates/cworlds2009/images/banner.jpg HTTP/1.1" 200 16004 "http://registration.corkworlds2009.com/" "Mozilla/5.0 (Macintosh; U; Intel Mac OS X; en-us) AppleWebKit/523.15.1 (KHTML, like Gecko) Version/3.0.4 Safari/523.15"
128.12.18.185 - - [01/Aug/2008:02:41:32 -0700] "GET /includes/jquery/plugins/cluetip/jquery.cluetip.js HTTP/1.1" 200 24415 "http://registration.corkworlds2009.com/" "Mozilla/5.0 (Macintosh; U; Intel Mac OS X; en-us) AppleWebKit/523.15.1 (KHTML, like Gecko) Version/3.0.4 Safari/523.15"
128.12.18.185 - - [01/Aug/2008:02:41:32 -0700] "GET /modules/mod_welcome/images/bullet.jpg HTTP/1.1" 200 782 "http://registration.corkworlds2009.com/" "Mozilla/5.0 (Macintosh; U; Intel Mac OS X; en-us) AppleWebKit/523.15.1 (KHTML, like Gecko) Version/3.0.4 Safari/523.15"
128.12.18.185 - - [01/Aug/2008:02:41:32 -0700] "GET /modules/mod_disable/js/mod_disable.js HTTP/1.1" 200 2467 "http://registration.corkworlds2009.com/" "Mozilla/5.0 (Macintosh; U; Intel Mac OS X; en-us) AppleWebKit/523.15.1 (KHTML, like Gecko) Version/3.0.4 Safari/523.15"
128.12.18.185 - - [01/Aug/2008:02:41:32 -0700] "GET /includes/jquery/plugins/cluetip/jquery.cluetip.css HTTP/1.1" 200 4917 "http://registration.corkworlds2009.com/" "Mozilla/5.0 (Macintosh; U; Intel Mac OS X; en-us) AppleWebKit/523.15.1 (KHTML, like Gecko) Version/3.0.4 Safari/523.15"
128.12.18.185 - - [01/Aug/2008:02:41:32 -0700] "GET /includes/jquery/plugins/simplemodal/css/simplemodal.css HTTP/1.1" 200 1165 "http://registration.corkworlds2009.com/" "Mozilla/5.0 (Macintosh; U; Intel Mac OS X; en-us) AppleWebKit/523.15.1 (KHTML, like Gecko) Version/3.0.4 Safari/523.15"
128.12.18.185 - - [01/Aug/2008:02:41:32 -0700] "GET /templates/cworlds2009/images/footer-bg.jpg HTTP/1.1" 200 5992 "http://registration.corkworlds2009.com/" "Mozilla/5.0 (Macintosh; U; Intel Mac OS X; en-us) AppleWebKit/523.15.1 (KHTML, like Gecko) Version/3.0.4 Safari/523.15"
128.12.18.185 - - [01/Aug/2008:02:41:32 -0700] "GET /templates/cworlds2009/images/box-topleft.png HTTP/1.1" 200 554 "http://registration.corkworlds2009.com/" "Mozilla/5.0 (Macintosh; U; Intel Mac OS X; en-us) AppleWebKit/523.15.1 (KHTML, like Gecko) Version/3.0.4 Safari/523.15"
128.12.18.185 - - [01/Aug/2008:02:41:32 -0700] "GET /templates/cworlds2009/images/box-left.png HTTP/1.1" 200 562 "http://registration.corkworlds2009.com/" "Mozilla/5.0 (Macintosh; U; Intel Mac OS X; en-us) AppleWebKit/523.15.1 (KHTML, like Gecko) Version/3.0.4 Safari/523.15"
128.12.18.185 - - [01/Aug/2008:02:41:32 -0700] "GET /templates/cworlds2009/images/box-top.png HTTP/1.1" 200 579 "http://registration.corkworlds2009.com/" "Mozilla/5.0 (Macintosh; U; Intel Mac OS X; en-us) AppleWebKit/523.15.1 (KHTML, like Gecko) Version/3.0.4 Safari/523.15"
128.12.18.185 - - [01/Aug/2008:02:41:32 -0700] "GET /templates/cworlds2009/images/box-right.png HTTP/1.1" 200 2532 "http://registration.corkworlds2009.com/" "Mozilla/5.0 (Macintosh; U; Intel Mac OS X; en-us) AppleWebKit/523.15.1 (KHTML, like Gecko) Version/3.0.4 Safari/523.15"
128.12.18.185 - - [01/Aug/2008:02:41:32 -0700] "GET /modules/mod_disable/css/mod_disable.css HTTP/1.1" 200 846 "http://registration.corkworlds2009.com/" "Mozilla/5.0 (Macintosh; U; Intel Mac OS X; en-us) AppleWebKit/523.15.1 (KHTML, like Gecko) Version/3.0.4 Safari/523.15"
128.12.18.185 - - [01/Aug/2008:02:41:32 -0700] "GET /templates/cworlds2009/images/register.jpg HTTP/1.1" 200 5780 "http://registration.corkworlds2009.com/" "Mozilla/5.0 (Macintosh; U; Intel Mac OS X; en-us) AppleWebKit/523.15.1 (KHTML, like Gecko) Version/3.0.4 Safari/523.15"
128.12.18.185 - - [01/Aug/2008:02:41:32 -0700] "GET /includes/jquery/plugins/cluetip/wait.gif HTTP/1.1" 200 775 "http://registration.corkworlds2009.com/" "Mozilla/5.0 (Macintosh; U; Intel Mac OS X; en-us) AppleWebKit/523.15.1 (KHTML, like Gecko) Version/3.0.4 Safari/523.15"
217.43.194.200 - - [01/Aug/2008:02:44:57 -0700] "GET / HTTP/1.1" 200 9553 "http://www.corkworlds2009.com/index.php?option=com_content&view=article&id=5&Itemid=4" "Mozilla/4.0 (compatible; MSIE 7.0; Windows NT 5.1; BT Openworld BB; .NET CLR 1.1.4322)"
217.43.194.200 - - [01/Aug/2008:02:44:58 -0700] "GET /includes/validator/validator.js HTTP/1.1" 304 240 "http://registration.corkworlds2009.com/" "Mozilla/4.0 (compatible; MSIE 7.0; Windows NT 5.1; BT Openworld BB; .NET CLR 1.1.4322)"
217.43.194.200 - - [01/Aug/2008:02:44:59 -0700] "GET /includes/jquery/jquery.js HTTP/1.1" 304 241 "http://registration.corkworlds2009.com/" "Mozilla/4.0 (compatible; MSIE 7.0; Windows NT 5.1; BT Openworld BB; .NET CLR 1.1.4322)"
217.43.194.200 - - [01/Aug/2008:02:44:59 -0700] "GET /templates/cworlds2009/css/cworlds2009.css HTTP/1.1" 304 239 "http://registration.corkworlds2009.com/" "Mozilla/4.0 (compatible; MSIE 7.0; Windows NT 5.1; BT Openworld BB; .NET CLR 1.1.4322)"
217.43.194.200 - - [01/Aug/2008:02:44:59 -0700] "GET /includes/css/system.css HTTP/1.1" 304 238 "http://registration.corkworlds2009.com/" "Mozilla/4.0 (compatible; MSIE 7.0; Windows NT 5.1; BT Openworld BB; .NET CLR 1.1.4322)"
217.43.194.200 - - [01/Aug/2008:02:44:59 -0700] "GET /templates/cworlds2009/css/programs.css HTTP/1.1" 304 239 "http://registration.corkworlds2009.com/" "Mozilla/4.0 (compatible; MSIE 7.0; Windows NT 5.1; BT Openworld BB; .NET CLR 1.1.4322)"
217.43.194.200 - - [01/Aug/2008:02:44:59 -0700] "GET /modules/mod_welcome/css/mod_welcome.css HTTP/1.1" 304 238 "http://registration.corkworlds2009.com/" "Mozilla/4.0 (compatible; MSIE 7.0; Windows NT 5.1; BT Openworld BB; .NET CLR 1.1.4322)"
217.43.194.200 - - [01/Aug/2008:02:44:59 -0700] "GET /modules/mod_login/css/mod_login.css HTTP/1.1" 304 238 "http://registration.corkworlds2009.com/" "Mozilla/4.0 (compatible; MSIE 7.0; Windows NT 5.1; BT Openworld BB; .NET CLR 1.1.4322)"
217.43.194.200 - - [01/Aug/2008:02:44:59 -0700] "GET /templates/cworlds2009/images/container-bg.jpg HTTP/1.1" 304 238 "http://registration.corkworlds2009.com/" "Mozilla/4.0 (compatible; MSIE 7.0; Windows NT 5.1; BT Openworld BB; .NET CLR 1.1.4322)"
217.43.194.200 - - [01/Aug/2008:02:45:00 -0700] "GET /templates/cworlds2009/images/banner.jpg HTTP/1.1" 304 239 "http://registration.corkworlds2009.com/" "Mozilla/4.0 (compatible; MSIE 7.0; Windows NT 5.1; BT Openworld BB; .NET CLR 1.1.4322)"
217.43.194.200 - - [01/Aug/2008:02:45:00 -0700] "GET /templates/cworlds2009/images/top-welcome-menu.jpg HTTP/1.1" 304 239 "http://registration.corkworlds2009.com/" "Mozilla/4.0 (compatible; MSIE 7.0; Windows NT 5.1; BT Openworld BB; .NET CLR 1.1.4322)"
217.43.194.200 - - [01/Aug/2008:02:45:00 -0700] "GET /templates/cworlds2009/images/top-menu-sp.jpg HTTP/1.1" 304 239 "http://registration.corkworlds2009.com/" "Mozilla/4.0 (compatible; MSIE 7.0; Windows NT 5.1; BT Openworld BB; .NET CLR 1.1.4322)"
217.43.194.200 - - [01/Aug/2008:02:45:00 -0700] "GET /templates/cworlds2009/images/user-actions-box-header.jpg HTTP/1.1" 304 240 "http://registration.corkworlds2009.com/" "Mozilla/4.0 (compatible; MSIE 7.0; Windows NT 5.1; BT Openworld BB; .NET CLR 1.1.4322)"
217.43.194.200 - - [01/Aug/2008:02:45:00 -0700] "GET /templates/cworlds2009/images/user-actions-box-bg.jpg HTTP/1.1" 304 239 "http://registration.corkworlds2009.com/" "Mozilla/4.0 (compatible; MSIE 7.0; Windows NT 5.1; BT Openworld BB; .NET CLR 1.1.4322)"
217.43.194.200 - - [01/Aug/2008:02:45:00 -0700] "GET /modules/mod_welcome/images/bullet.jpg HTTP/1.1" 304 239 "http://registration.corkworlds2009.com/" "Mozilla/4.0 (compatible; MSIE 7.0; Windows NT 5.1; BT Openworld BB; .NET CLR 1.1.4322)"
217.43.194.200 - - [01/Aug/2008:02:45:00 -0700] "GET /templates/cworlds2009/images/submit.png HTTP/1.1" 304 239 "http://registration.corkworlds2009.com/" "Mozilla/4.0 (compatible; MSIE 7.0; Windows NT 5.1; BT Openworld BB; .NET CLR 1.1.4322)"
217.43.194.200 - - [01/Aug/2008:02:45:00 -0700] "GET /templates/cworlds2009/images/mainbody-bg.jpg HTTP/1.1" 304 240 "http://registration.corkworlds2009.com/" "Mozilla/4.0 (compatible; MSIE 7.0; Windows NT 5.1; BT Openworld BB; .NET CLR 1.1.4322)"
217.43.194.200 - - [01/Aug/2008:02:45:01 -0700] "GET /includes/jquery/plugins/simplemodal/jquery.simplemodal.js HTTP/1.1" 304 240 "http://registration.corkworlds2009.com/" "Mozilla/4.0 (compatible; MSIE 7.0; Windows NT 5.1; BT Openworld BB; .NET CLR 1.1.4322)"
217.43.194.200 - - [01/Aug/2008:02:45:01 -0700] "GET /templates/cworlds2009/images/note.png HTTP/1.1" 304 239 "http://registration.corkworlds2009.com/" "Mozilla/4.0 (compatible; MSIE 7.0; Windows NT 5.1; BT Openworld BB; .NET CLR 1.1.4322)"
217.43.194.200 - - [01/Aug/2008:02:45:01 -0700] "GET /templates/cworlds2009/images/information.png HTTP/1.1" 304 239 "http://registration.corkworlds2009.com/" "Mozilla/4.0 (compatible; MSIE 7.0; Windows NT 5.1; BT Openworld BB; .NET CLR 1.1.4322)"
217.43.194.200 - - [01/Aug/2008:02:45:01 -0700] "GET /includes/jquery/plugins/cluetip/jquery.dimensions.js HTTP/1.1" 304 240 "http://registration.corkworlds2009.com/" "Mozilla/4.0 (compatible; MSIE 7.0; Windows NT 5.1; BT Openworld BB; .NET CLR 1.1.4322)"
217.43.194.200 - - [01/Aug/2008:02:45:01 -0700] "GET /includes/jquery/plugins/cluetip/jquery.cluetip.js HTTP/1.1" 304 240 "http://registration.corkworlds2009.com/" "Mozilla/4.0 (compatible; MSIE 7.0; Windows NT 5.1; BT Openworld BB; .NET CLR 1.1.4322)"
217.43.194.200 - - [01/Aug/2008:02:45:01 -0700] "GET /includes/jquery/plugins/cluetip/jquery.cluetip.css HTTP/1.1" 304 240 "http://registration.corkworlds2009.com/" "Mozilla/4.0 (compatible; MSIE 7.0; Windows NT 5.1; BT Openworld BB; .NET CLR 1.1.4322)"
217.43.194.200 - - [01/Aug/2008:02:45:01 -0700] "GET /includes/jquery/plugins/simplemodal/css/simplemodal.css HTTP/1.1" 304 239 "http://registration.corkworlds2009.com/" "Mozilla/4.0 (compatible; MSIE 7.0; Windows NT 5.1; BT Openworld BB; .NET CLR 1.1.4322)"
217.43.194.200 - - [01/Aug/2008:02:45:02 -0700] "GET /templates/cworlds2009/images/register.jpg HTTP/1.1" 304 240 "http://registration.corkworlds2009.com/" "Mozilla/4.0 (compatible; MSIE 7.0; Windows NT 5.1; BT Openworld BB; .NET CLR 1.1.4322)"
217.43.194.200 - - [01/Aug/2008:02:45:02 -0700] "GET /modules/mod_disable/js/mod_disable.js HTTP/1.1" 304 239 "http://registration.corkworlds2009.com/" "Mozilla/4.0 (compatible; MSIE 7.0; Windows NT 5.1; BT Openworld BB; .NET CLR 1.1.4322)"
217.43.194.200 - - [01/Aug/2008:02:45:02 -0700] "GET /templates/cworlds2009/images/box-right.png HTTP/1.1" 304 238 "http://registration.corkworlds2009.com/" "Mozilla/4.0 (compatible; MSIE 7.0; Windows NT 5.1; BT Openworld BB; .NET CLR 1.1.4322)"
217.43.194.200 - - [01/Aug/2008:02:45:02 -0700] "GET /templates/cworlds2009/images/box-left.png HTTP/1.1" 304 237 "http://registration.corkworlds2009.com/" "Mozilla/4.0 (compatible; MSIE 7.0; Windows NT 5.1; BT Openworld BB; .NET CLR 1.1.4322)"
217.43.194.200 - - [01/Aug/2008:02:45:02 -0700] "GET /templates/cworlds2009/images/box-top.png HTTP/1.1" 304 237 "http://registration.corkworlds2009.com/" "Mozilla/4.0 (compatible; MSIE 7.0; Windows NT 5.1; BT Openworld BB; .NET CLR 1.1.4322)"
217.43.194.200 - - [01/Aug/2008:02:45:02 -0700] "GET /templates/cworlds2009/images/box-topleft.png HTTP/1.1" 304 237 "http://registration.corkworlds2009.com/" "Mozilla/4.0 (compatible; MSIE 7.0; Windows NT 5.1; BT Openworld BB; .NET CLR 1.1.4322)"
217.43.194.200 - - [01/Aug/2008:02:45:02 -0700] "GET /templates/cworlds2009/images/footer-bg.jpg HTTP/1.1" 304 239 "http://registration.corkworlds2009.com/" "Mozilla/4.0 (compatible; MSIE 7.0; Windows NT 5.1; BT Openworld BB; .NET CLR 1.1.4322)"
217.43.194.200 - - [01/Aug/2008:02:45:02 -0700] "GET /modules/mod_disable/css/mod_disable.css HTTP/1.1" 304 238 "http://registration.corkworlds2009.com/" "Mozilla/4.0 (compatible; MSIE 7.0; Windows NT 5.1; BT Openworld BB; .NET CLR 1.1.4322)"
217.43.194.200 - - [01/Aug/2008:02:45:03 -0700] "GET /includes/jquery/plugins/cluetip/wait.gif HTTP/1.1" 304 239 "http://registration.corkworlds2009.com/" "Mozilla/4.0 (compatible; MSIE 7.0; Windows NT 5.1; BT Openworld BB; .NET CLR 1.1.4322)"
82.13.35.143 - - [01/Aug/2008:02:46:40 -0700] "GET / HTTP/1.1" 200 9495 "-" "Mozilla/5.0 (Macintosh; U; Intel Mac OS X; en-US; rv:1.8.1.9) Gecko/20071025 Firefox/2.0.0.9"
82.13.35.143 - - [01/Aug/2008:02:46:41 -0700] "GET /includes/validator/validator.js HTTP/1.1" 304 240 "http://registration.corkworlds2009.com/" "Mozilla/5.0 (Macintosh; U; Intel Mac OS X; en-US; rv:1.8.1.9) Gecko/20071025 Firefox/2.0.0.9"
82.13.35.143 - - [01/Aug/2008:02:46:41 -0700] "GET /includes/jquery/jquery.js HTTP/1.1" 304 241 "http://registration.corkworlds2009.com/" "Mozilla/5.0 (Macintosh; U; Intel Mac OS X; en-US; rv:1.8.1.9) Gecko/20071025 Firefox/2.0.0.9"
82.13.35.143 - - [01/Aug/2008:02:46:42 -0700] "GET /includes/css/system.css HTTP/1.1" 304 238 "http://registration.corkworlds2009.com/" "Mozilla/5.0 (Macintosh; U; Intel Mac OS X; en-US; rv:1.8.1.9) Gecko/20071025 Firefox/2.0.0.9"
82.13.35.143 - - [01/Aug/2008:02:46:42 -0700] "GET /templates/cworlds2009/css/cworlds2009.css HTTP/1.1" 304 239 "http://registration.corkworlds2009.com/" "Mozilla/5.0 (Macintosh; U; Intel Mac OS X; en-US; rv:1.8.1.9) Gecko/20071025 Firefox/2.0.0.9"
82.13.35.143 - - [01/Aug/2008:02:46:42 -0700] "GET /templates/cworlds2009/css/programs.css HTTP/1.1" 304 239 "http://registration.corkworlds2009.com/" "Mozilla/5.0 (Macintosh; U; Intel Mac OS X; en-US; rv:1.8.1.9) Gecko/20071025 Firefox/2.0.0.9"
82.13.35.143 - - [01/Aug/2008:02:46:42 -0700] "GET /templates/cworlds2009/images/banner.jpg HTTP/1.1" 304 239 "http://registration.corkworlds2009.com/templates/cworlds2009/css/cworlds2009.css" "Mozilla/5.0 (Macintosh; U; Intel Mac OS X; en-US; rv:1.8.1.9) Gecko/20071025 Firefox/2.0.0.9"
82.13.35.143 - - [01/Aug/2008:02:46:42 -0700] "GET /templates/cworlds2009/images/container-bg.jpg HTTP/1.1" 304 238 "http://registration.corkworlds2009.com/templates/cworlds2009/css/cworlds2009.css" "Mozilla/5.0 (Macintosh; U; Intel Mac OS X; en-US; rv:1.8.1.9) Gecko/20071025 Firefox/2.0.0.9"
82.13.35.143 - - [01/Aug/2008:02:46:43 -0700] "GET /modules/mod_welcome/css/mod_welcome.css HTTP/1.1" 304 238 "http://registration.corkworlds2009.com/" "Mozilla/5.0 (Macintosh; U; Intel Mac OS X; en-US; rv:1.8.1.9) Gecko/20071025 Firefox/2.0.0.9"
82.13.35.143 - - [01/Aug/2008:02:46:43 -0700] "GET /templates/cworlds2009/images/top-welcome-menu.jpg HTTP/1.1" 304 239 "http://registration.corkworlds2009.com/templates/cworlds2009/css/cworlds2009.css" "Mozilla/5.0 (Macintosh; U; Intel Mac OS X; en-US; rv:1.8.1.9) Gecko/20071025 Firefox/2.0.0.9"
82.13.35.143 - - [01/Aug/2008:02:46:43 -0700] "GET /templates/cworlds2009/images/top-menu-sp.jpg HTTP/1.1" 304 239 "http://registration.corkworlds2009.com/templates/cworlds2009/css/cworlds2009.css" "Mozilla/5.0 (Macintosh; U; Intel Mac OS X; en-US; rv:1.8.1.9) Gecko/20071025 Firefox/2.0.0.9"
82.13.35.143 - - [01/Aug/2008:02:46:43 -0700] "GET /modules/mod_login/css/mod_login.css HTTP/1.1" 304 238 "http://registration.corkworlds2009.com/" "Mozilla/5.0 (Macintosh; U; Intel Mac OS X; en-US; rv:1.8.1.9) Gecko/20071025 Firefox/2.0.0.9"
82.13.35.143 - - [01/Aug/2008:02:46:44 -0700] "GET /templates/cworlds2009/images/user-actions-box-header.jpg HTTP/1.1" 304 240 "http://registration.corkworlds2009.com/templates/cworlds2009/css/cworlds2009.css" "Mozilla/5.0 (Macintosh; U; Intel Mac OS X; en-US; rv:1.8.1.9) Gecko/20071025 Firefox/2.0.0.9"
82.13.35.143 - - [01/Aug/2008:02:46:44 -0700] "GET /templates/cworlds2009/images/user-actions-box-bg.jpg HTTP/1.1" 304 239 "http://registration.corkworlds2009.com/templates/cworlds2009/css/cworlds2009.css" "Mozilla/5.0 (Macintosh; U; Intel Mac OS X; en-US; rv:1.8.1.9) Gecko/20071025 Firefox/2.0.0.9"
82.13.35.143 - - [01/Aug/2008:02:46:44 -0700] "GET /includes/jquery/plugins/simplemodal/jquery.simplemodal.js HTTP/1.1" 304 240 "http://registration.corkworlds2009.com/" "Mozilla/5.0 (Macintosh; U; Intel Mac OS X; en-US; rv:1.8.1.9) Gecko/20071025 Firefox/2.0.0.9"
82.13.35.143 - - [01/Aug/2008:02:46:44 -0700] "GET /modules/mod_welcome/images/bullet.jpg HTTP/1.1" 304 239 "http://registration.corkworlds2009.com/modules/mod_welcome/css/mod_welcome.css" "Mozilla/5.0 (Macintosh; U; Intel Mac OS X; en-US; rv:1.8.1.9) Gecko/20071025 Firefox/2.0.0.9"
82.13.35.143 - - [01/Aug/2008:02:46:45 -0700] "GET /templates/cworlds2009/images/submit.png HTTP/1.1" 304 239 "http://registration.corkworlds2009.com/templates/cworlds2009/css/programs.css" "Mozilla/5.0 (Macintosh; U; Intel Mac OS X; en-US; rv:1.8.1.9) Gecko/20071025 Firefox/2.0.0.9"
82.13.35.143 - - [01/Aug/2008:02:46:45 -0700] "GET /includes/jquery/plugins/cluetip/jquery.dimensions.js HTTP/1.1" 304 240 "http://registration.corkworlds2009.com/" "Mozilla/5.0 (Macintosh; U; Intel Mac OS X; en-US; rv:1.8.1.9) Gecko/20071025 Firefox/2.0.0.9"
82.13.35.143 - - [01/Aug/2008:02:46:45 -0700] "GET /templates/cworlds2009/images/mainbody-bg.jpg HTTP/1.1" 304 240 "http://registration.corkworlds2009.com/templates/cworlds2009/css/cworlds2009.css" "Mozilla/5.0 (Macintosh; U; Intel Mac OS X; en-US; rv:1.8.1.9) Gecko/20071025 Firefox/2.0.0.9"
82.13.35.143 - - [01/Aug/2008:02:46:45 -0700] "GET /templates/cworlds2009/images/note.png HTTP/1.1" 304 239 "http://registration.corkworlds2009.com/templates/cworlds2009/css/programs.css" "Mozilla/5.0 (Macintosh; U; Intel Mac OS X; en-US; rv:1.8.1.9) Gecko/20071025 Firefox/2.0.0.9"
82.13.35.143 - - [01/Aug/2008:02:46:45 -0700] "GET /includes/jquery/plugins/cluetip/jquery.cluetip.js HTTP/1.1" 304 240 "http://registration.corkworlds2009.com/" "Mozilla/5.0 (Macintosh; U; Intel Mac OS X; en-US; rv:1.8.1.9) Gecko/20071025 Firefox/2.0.0.9"
82.13.35.143 - - [01/Aug/2008:02:46:45 -0700] "GET /templates/cworlds2009/images/information.png HTTP/1.1" 304 239 "http://registration.corkworlds2009.com/templates/cworlds2009/css/programs.css" "Mozilla/5.0 (Macintosh; U; Intel Mac OS X; en-US; rv:1.8.1.9) Gecko/20071025 Firefox/2.0.0.9"
82.13.35.143 - - [01/Aug/2008:02:46:46 -0700] "GET /includes/jquery/plugins/simplemodal/css/simplemodal.css HTTP/1.1" 304 239 "http://registration.corkworlds2009.com/" "Mozilla/5.0 (Macintosh; U; Intel Mac OS X; en-US; rv:1.8.1.9) Gecko/20071025 Firefox/2.0.0.9"
82.13.35.143 - - [01/Aug/2008:02:46:46 -0700] "GET /includes/jquery/plugins/cluetip/jquery.cluetip.css HTTP/1.1" 304 240 "http://registration.corkworlds2009.com/" "Mozilla/5.0 (Macintosh; U; Intel Mac OS X; en-US; rv:1.8.1.9) Gecko/20071025 Firefox/2.0.0.9"
82.13.35.143 - - [01/Aug/2008:02:46:46 -0700] "GET /templates/cworlds2009/images/box-right.png HTTP/1.1" 304 238 "http://registration.corkworlds2009.com/templates/cworlds2009/css/programs.css" "Mozilla/5.0 (Macintosh; U; Intel Mac OS X; en-US; rv:1.8.1.9) Gecko/20071025 Firefox/2.0.0.9"
82.13.35.143 - - [01/Aug/2008:02:46:46 -0700] "GET /templates/cworlds2009/images/box-left.png HTTP/1.1" 304 237 "http://registration.corkworlds2009.com/templates/cworlds2009/css/programs.css" "Mozilla/5.0 (Macintosh; U; Intel Mac OS X; en-US; rv:1.8.1.9) Gecko/20071025 Firefox/2.0.0.9"
82.13.35.143 - - [01/Aug/2008:02:46:47 -0700] "GET /modules/mod_disable/js/mod_disable.js HTTP/1.1" 304 239 "http://registration.corkworlds2009.com/" "Mozilla/5.0 (Macintosh; U; Intel Mac OS X; en-US; rv:1.8.1.9) Gecko/20071025 Firefox/2.0.0.9"
82.13.35.143 - - [01/Aug/2008:02:46:47 -0700] "GET /templates/cworlds2009/images/box-top.png HTTP/1.1" 304 237 "http://registration.corkworlds2009.com/templates/cworlds2009/css/programs.css" "Mozilla/5.0 (Macintosh; U; Intel Mac OS X; en-US; rv:1.8.1.9) Gecko/20071025 Firefox/2.0.0.9"
82.13.35.143 - - [01/Aug/2008:02:46:47 -0700] "GET /templates/cworlds2009/images/box-topleft.png HTTP/1.1" 304 237 "http://registration.corkworlds2009.com/templates/cworlds2009/css/programs.css" "Mozilla/5.0 (Macintosh; U; Intel Mac OS X; en-US; rv:1.8.1.9) Gecko/20071025 Firefox/2.0.0.9"
82.13.35.143 - - [01/Aug/2008:02:46:47 -0700] "GET /modules/mod_disable/css/mod_disable.css HTTP/1.1" 200 846 "http://registration.corkworlds2009.com/" "Mozilla/5.0 (Macintosh; U; Intel Mac OS X; en-US; rv:1.8.1.9) Gecko/20071025 Firefox/2.0.0.9"
82.13.35.143 - - [01/Aug/2008:02:46:47 -0700] "GET /templates/cworlds2009/images/register.jpg HTTP/1.1" 304 240 "http://registration.corkworlds2009.com/templates/cworlds2009/css/programs.css" "Mozilla/5.0 (Macintosh; U; Intel Mac OS X; en-US; rv:1.8.1.9) Gecko/20071025 Firefox/2.0.0.9"
82.13.35.143 - - [01/Aug/2008:02:46:47 -0700] "GET /templates/cworlds2009/images/footer-bg.jpg HTTP/1.1" 304 239 "http://registration.corkworlds2009.com/templates/cworlds2009/css/cworlds2009.css" "Mozilla/5.0 (Macintosh; U; Intel Mac OS X; en-US; rv:1.8.1.9) Gecko/20071025 Firefox/2.0.0.9"
82.13.35.143 - - [01/Aug/2008:02:46:47 -0700] "GET /includes/jquery/plugins/cluetip/wait.gif HTTP/1.1" 304 239 "http://registration.corkworlds2009.com/includes/jquery/plugins/cluetip/jquery.cluetip.css" "Mozilla/5.0 (Macintosh; U; Intel Mac OS X; en-US; rv:1.8.1.9) Gecko/20071025 Firefox/2.0.0.9"
75.69.93.93 - - [01/Aug/2008:02:47:21 -0700] "GET / HTTP/1.1" 200 9495 "http://www.corkworlds2009.com/index.php?option=com_content&view=article&id=5&Itemid=4" "Mozilla/5.0 (Windows; U; Windows NT 5.1; en-US; rv:1.9.0.1) Gecko/2008070208 Firefox/3.0.1"
75.69.93.93 - - [01/Aug/2008:02:47:22 -0700] "GET /modules/mod_disable/css/mod_disable.css HTTP/1.1" 200 846 "http://registration.corkworlds2009.com/" "Mozilla/5.0 (Windows; U; Windows NT 5.1; en-US; rv:1.9.0.1) Gecko/2008070208 Firefox/3.0.1"
77.125.102.83 - - [01/Aug/2008:02:47:30 -0700] "GET / HTTP/1.1" 200 9553 "http://www.corkworlds2009.com/" "Mozilla/5.0 (Windows; U; Windows NT 5.1; en-US; rv:1.8.1.16) Gecko/20080702 Firefox/2.0.0.16"
77.125.102.83 - - [01/Aug/2008:02:47:31 -0700] "GET /includes/validator/validator.js HTTP/1.1" 200 11850 "http://registration.corkworlds2009.com/" "Mozilla/5.0 (Windows; U; Windows NT 5.1; en-US; rv:1.8.1.16) Gecko/20080702 Firefox/2.0.0.16"
213.219.91.14 - - [01/Aug/2008:02:47:34 -0700] "GET / HTTP/1.1" 200 9554 "http://www.corkworlds2009.com/" "Mozilla/5.0 (Windows; U; Windows NT 5.1; en-US; rv:1.8.1.12) Gecko/20080201 Firefox/2.0.0.12"
77.125.102.83 - - [01/Aug/2008:02:47:33 -0700] "GET /includes/jquery/jquery.js HTTP/1.1" 200 100557 "http://registration.corkworlds2009.com/" "Mozilla/5.0 (Windows; U; Windows NT 5.1; en-US; rv:1.8.1.16) Gecko/20080702 Firefox/2.0.0.16"
77.125.102.83 - - [01/Aug/2008:02:47:34 -0700] "GET /includes/css/system.css HTTP/1.1" 200 1570 "http://registration.corkworlds2009.com/" "Mozilla/5.0 (Windows; U; Windows NT 5.1; en-US; rv:1.8.1.16) Gecko/20080702 Firefox/2.0.0.16"
213.219.91.14 - - [01/Aug/2008:02:47:35 -0700] "GET /includes/validator/validator.js HTTP/1.1" 200 11850 "http://registration.corkworlds2009.com/" "Mozilla/5.0 (Windows; U; Windows NT 5.1; en-US; rv:1.8.1.12) Gecko/20080201 Firefox/2.0.0.12"
77.125.102.83 - - [01/Aug/2008:02:47:35 -0700] "GET /templates/cworlds2009/favicon.ico HTTP/1.1" 200 1508 "-" "Mozilla/5.0 (Windows; U; Windows NT 5.1; en-US; rv:1.8.1.16) Gecko/20080702 Firefox/2.0.0.16"
77.125.102.83 - - [01/Aug/2008:02:47:35 -0700] "GET /templates/cworlds2009/css/cworlds2009.css HTTP/1.1" 200 4459 "http://registration.corkworlds2009.com/" "Mozilla/5.0 (Windows; U; Windows NT 5.1; en-US; rv:1.8.1.16) Gecko/20080702 Firefox/2.0.0.16"
77.125.102.83 - - [01/Aug/2008:02:47:35 -0700] "GET /templates/cworlds2009/css/programs.css HTTP/1.1" 200 5160 "http://registration.corkworlds2009.com/" "Mozilla/5.0 (Windows; U; Windows NT 5.1; en-US; rv:1.8.1.16) Gecko/20080702 Firefox/2.0.0.16"
77.125.102.83 - - [01/Aug/2008:02:47:36 -0700] "GET /templates/cworlds2009/images/container-bg.jpg HTTP/1.1" 200 782 "http://registration.corkworlds2009.com/templates/cworlds2009/css/cworlds2009.css" "Mozilla/5.0 (Windows; U; Windows NT 5.1; en-US; rv:1.8.1.16) Gecko/20080702 Firefox/2.0.0.16"
77.125.102.83 - - [01/Aug/2008:02:47:36 -0700] "GET /templates/cworlds2009/images/banner.jpg HTTP/1.1" 200 16004 "http://registration.corkworlds2009.com/templates/cworlds2009/css/cworlds2009.css" "Mozilla/5.0 (Windows; U; Windows NT 5.1; en-US; rv:1.8.1.16) Gecko/20080702 Firefox/2.0.0.16"
77.125.102.83 - - [01/Aug/2008:02:47:36 -0700] "GET /modules/mod_welcome/css/mod_welcome.css HTTP/1.1" 200 541 "http://registration.corkworlds2009.com/" "Mozilla/5.0 (Windows; U; Windows NT 5.1; en-US; rv:1.8.1.16) Gecko/20080702 Firefox/2.0.0.16"
77.125.102.83 - - [01/Aug/2008:02:47:36 -0700] "GET /templates/cworlds2009/images/top-welcome-menu.jpg HTTP/1.1" 200 3395 "http://registration.corkworlds2009.com/templates/cworlds2009/css/cworlds2009.css" "Mozilla/5.0 (Windows; U; Windows NT 5.1; en-US; rv:1.8.1.16) Gecko/20080702 Firefox/2.0.0.16"
77.125.102.83 - - [01/Aug/2008:02:47:36 -0700] "GET /templates/cworlds2009/images/top-menu-sp.jpg HTTP/1.1" 200 649 "http://registration.corkworlds2009.com/templates/cworlds2009/css/cworlds2009.css" "Mozilla/5.0 (Windows; U; Windows NT 5.1; en-US; rv:1.8.1.16) Gecko/20080702 Firefox/2.0.0.16"
77.125.102.83 - - [01/Aug/2008:02:47:36 -0700] "GET /modules/mod_login/css/mod_login.css HTTP/1.1" 200 488 "http://registration.corkworlds2009.com/" "Mozilla/5.0 (Windows; U; Windows NT 5.1; en-US; rv:1.8.1.16) Gecko/20080702 Firefox/2.0.0.16"
77.125.102.83 - - [01/Aug/2008:02:47:37 -0700] "GET /templates/cworlds2009/images/user-actions-box-header.jpg HTTP/1.1" 200 4756 "http://registration.corkworlds2009.com/templates/cworlds2009/css/cworlds2009.css" "Mozilla/5.0 (Windows; U; Windows NT 5.1; en-US; rv:1.8.1.16) Gecko/20080702 Firefox/2.0.0.16"
77.125.102.83 - - [01/Aug/2008:02:47:37 -0700] "GET /templates/cworlds2009/images/user-actions-box-bg.jpg HTTP/1.1" 200 840 "http://registration.corkworlds2009.com/templates/cworlds2009/css/cworlds2009.css" "Mozilla/5.0 (Windows; U; Windows NT 5.1; en-US; rv:1.8.1.16) Gecko/20080702 Firefox/2.0.0.16"
77.125.102.83 - - [01/Aug/2008:02:47:37 -0700] "GET /includes/jquery/plugins/simplemodal/jquery.simplemodal.js HTTP/1.1" 200 11230 "http://registration.corkworlds2009.com/" "Mozilla/5.0 (Windows; U; Windows NT 5.1; en-US; rv:1.8.1.16) Gecko/20080702 Firefox/2.0.0.16"
213.219.91.14 - - [01/Aug/2008:02:47:36 -0700] "GET /includes/jquery/jquery.js HTTP/1.1" 200 100557 "http://registration.corkworlds2009.com/" "Mozilla/5.0 (Windows; U; Windows NT 5.1; en-US; rv:1.8.1.12) Gecko/20080201 Firefox/2.0.0.12"
77.125.102.83 - - [01/Aug/2008:02:47:37 -0700] "GET /modules/mod_welcome/images/bullet.jpg HTTP/1.1" 200 782 "http://registration.corkworlds2009.com/modules/mod_welcome/css/mod_welcome.css" "Mozilla/5.0 (Windows; U; Windows NT 5.1; en-US; rv:1.8.1.16) Gecko/20080702 Firefox/2.0.0.16"
77.125.102.83 - - [01/Aug/2008:02:47:37 -0700] "GET /templates/cworlds2009/images/submit.png HTTP/1.1" 200 1743 "http://registration.corkworlds2009.com/templates/cworlds2009/css/programs.css" "Mozilla/5.0 (Windows; U; Windows NT 5.1; en-US; rv:1.8.1.16) Gecko/20080702 Firefox/2.0.0.16"
77.125.102.83 - - [01/Aug/2008:02:47:38 -0700] "GET /templates/cworlds2009/images/mainbody-bg.jpg HTTP/1.1" 200 14263 "http://registration.corkworlds2009.com/templates/cworlds2009/css/cworlds2009.css" "Mozilla/5.0 (Windows; U; Windows NT 5.1; en-US; rv:1.8.1.16) Gecko/20080702 Firefox/2.0.0.16"
213.219.91.14 - - [01/Aug/2008:02:47:38 -0700] "GET /includes/css/system.css HTTP/1.1" 200 1570 "http://registration.corkworlds2009.com/" "Mozilla/5.0 (Windows; U; Windows NT 5.1; en-US; rv:1.8.1.12) Gecko/20080201 Firefox/2.0.0.12"
77.125.102.83 - - [01/Aug/2008:02:47:38 -0700] "GET /templates/cworlds2009/images/note.png HTTP/1.1" 200 843 "http://registration.corkworlds2009.com/templates/cworlds2009/css/programs.css" "Mozilla/5.0 (Windows; U; Windows NT 5.1; en-US; rv:1.8.1.16) Gecko/20080702 Firefox/2.0.0.16"
77.125.102.83 - - [01/Aug/2008:02:47:38 -0700] "GET /includes/jquery/plugins/cluetip/jquery.dimensions.js HTTP/1.1" 200 24401 "http://registration.corkworlds2009.com/" "Mozilla/5.0 (Windows; U; Windows NT 5.1; en-US; rv:1.8.1.16) Gecko/20080702 Firefox/2.0.0.16"
213.219.91.14 - - [01/Aug/2008:02:47:39 -0700] "GET /templates/cworlds2009/css/cworlds2009.css HTTP/1.1" 200 4458 "http://registration.corkworlds2009.com/" "Mozilla/5.0 (Windows; U; Windows NT 5.1; en-US; rv:1.8.1.12) Gecko/20080201 Firefox/2.0.0.12"
77.125.102.83 - - [01/Aug/2008:02:47:39 -0700] "GET /templates/cworlds2009/images/information.png HTTP/1.1" 200 1121 "http://registration.corkworlds2009.com/templates/cworlds2009/css/programs.css" "Mozilla/5.0 (Windows; U; Windows NT 5.1; en-US; rv:1.8.1.16) Gecko/20080702 Firefox/2.0.0.16"
77.125.102.83 - - [01/Aug/2008:02:47:39 -0700] "GET /includes/jquery/plugins/cluetip/jquery.cluetip.js HTTP/1.1" 200 24415 "http://registration.corkworlds2009.com/" "Mozilla/5.0 (Windows; U; Windows NT 5.1; en-US; rv:1.8.1.16) Gecko/20080702 Firefox/2.0.0.16"
213.219.91.14 - - [01/Aug/2008:02:47:39 -0700] "GET /templates/cworlds2009/css/programs.css HTTP/1.1" 200 5160 "http://registration.corkworlds2009.com/" "Mozilla/5.0 (Windows; U; Windows NT 5.1; en-US; rv:1.8.1.12) Gecko/20080201 Firefox/2.0.0.12"
77.125.102.83 - - [01/Aug/2008:02:47:39 -0700] "GET /includes/jquery/plugins/simplemodal/css/simplemodal.css HTTP/1.1" 200 1165 "http://registration.corkworlds2009.com/" "Mozilla/5.0 (Windows; U; Windows NT 5.1; en-US; rv:1.8.1.16) Gecko/20080702 Firefox/2.0.0.16"
77.125.102.83 - - [01/Aug/2008:02:47:40 -0700] "GET /includes/jquery/plugins/cluetip/jquery.cluetip.css HTTP/1.1" 200 4917 "http://registration.corkworlds2009.com/" "Mozilla/5.0 (Windows; U; Windows NT 5.1; en-US; rv:1.8.1.16) Gecko/20080702 Firefox/2.0.0.16"
77.125.102.83 - - [01/Aug/2008:02:47:40 -0700] "GET /templates/cworlds2009/images/box-left.png HTTP/1.1" 200 562 "http://registration.corkworlds2009.com/templates/cworlds2009/css/programs.css" "Mozilla/5.0 (Windows; U; Windows NT 5.1; en-US; rv:1.8.1.16) Gecko/20080702 Firefox/2.0.0.16"
77.125.102.83 - - [01/Aug/2008:02:47:40 -0700] "GET /templates/cworlds2009/images/box-right.png HTTP/1.1" 200 2532 "http://registration.corkworlds2009.com/templates/cworlds2009/css/programs.css" "Mozilla/5.0 (Windows; U; Windows NT 5.1; en-US; rv:1.8.1.16) Gecko/20080702 Firefox/2.0.0.16"
77.125.102.83 - - [01/Aug/2008:02:47:40 -0700] "GET /modules/mod_disable/js/mod_disable.js HTTP/1.1" 200 2467 "http://registration.corkworlds2009.com/" "Mozilla/5.0 (Windows; U; Windows NT 5.1; en-US; rv:1.8.1.16) Gecko/20080702 Firefox/2.0.0.16"
77.125.102.83 - - [01/Aug/2008:02:47:40 -0700] "GET /templates/cworlds2009/images/box-top.png HTTP/1.1" 200 579 "http://registration.corkworlds2009.com/templates/cworlds2009/css/programs.css" "Mozilla/5.0 (Windows; U; Windows NT 5.1; en-US; rv:1.8.1.16) Gecko/20080702 Firefox/2.0.0.16"
77.125.102.83 - - [01/Aug/2008:02:47:41 -0700] "GET /templates/cworlds2009/images/box-topleft.png HTTP/1.1" 200 554 "http://registration.corkworlds2009.com/templates/cworlds2009/css/programs.css" "Mozilla/5.0 (Windows; U; Windows NT 5.1; en-US; rv:1.8.1.16) Gecko/20080702 Firefox/2.0.0.16"
213.219.91.14 - - [01/Aug/2008:02:47:41 -0700] "GET /templates/cworlds2009/images/container-bg.jpg HTTP/1.1" 200 782 "http://registration.corkworlds2009.com/templates/cworlds2009/css/cworlds2009.css" "Mozilla/5.0 (Windows; U; Windows NT 5.1; en-US; rv:1.8.1.12) Gecko/20080201 Firefox/2.0.0.12"
77.125.102.83 - - [01/Aug/2008:02:47:41 -0700] "GET /modules/mod_disable/css/mod_disable.css HTTP/1.1" 200 846 "http://registration.corkworlds2009.com/" "Mozilla/5.0 (Windows; U; Windows NT 5.1; en-US; rv:1.8.1.16) Gecko/20080702 Firefox/2.0.0.16"
213.219.91.14 - - [01/Aug/2008:02:47:41 -0700] "GET /modules/mod_welcome/css/mod_welcome.css HTTP/1.1" 200 541 "http://registration.corkworlds2009.com/" "Mozilla/5.0 (Windows; U; Windows NT 5.1; en-US; rv:1.8.1.12) Gecko/20080201 Firefox/2.0.0.12"
77.125.102.83 - - [01/Aug/2008:02:47:41 -0700] "GET /templates/cworlds2009/images/register.jpg HTTP/1.1" 200 5780 "http://registration.corkworlds2009.com/templates/cworlds2009/css/programs.css" "Mozilla/5.0 (Windows; U; Windows NT 5.1; en-US; rv:1.8.1.16) Gecko/20080702 Firefox/2.0.0.16"
77.125.102.83 - - [01/Aug/2008:02:47:41 -0700] "GET /templates/cworlds2009/images/footer-bg.jpg HTTP/1.1" 200 5992 "http://registration.corkworlds2009.com/templates/cworlds2009/css/cworlds2009.css" "Mozilla/5.0 (Windows; U; Windows NT 5.1; en-US; rv:1.8.1.16) Gecko/20080702 Firefox/2.0.0.16"
213.219.91.14 - - [01/Aug/2008:02:47:41 -0700] "GET /templates/cworlds2009/images/top-welcome-menu.jpg HTTP/1.1" 200 3395 "http://registration.corkworlds2009.com/templates/cworlds2009/css/cworlds2009.css" "Mozilla/5.0 (Windows; U; Windows NT 5.1; en-US; rv:1.8.1.12) Gecko/20080201 Firefox/2.0.0.12"
77.125.102.83 - - [01/Aug/2008:02:47:41 -0700] "GET /includes/jquery/plugins/cluetip/wait.gif HTTP/1.1" 200 775 "http://registration.corkworlds2009.com/includes/jquery/plugins/cluetip/jquery.cluetip.css" "Mozilla/5.0 (Windows; U; Windows NT 5.1; en-US; rv:1.8.1.16) Gecko/20080702 Firefox/2.0.0.16"
213.219.91.14 - - [01/Aug/2008:02:47:41 -0700] "GET /templates/cworlds2009/images/banner.jpg HTTP/1.1" 200 16005 "http://registration.corkworlds2009.com/templates/cworlds2009/css/cworlds2009.css" "Mozilla/5.0 (Windows; U; Windows NT 5.1; en-US; rv:1.8.1.12) Gecko/20080201 Firefox/2.0.0.12"
213.219.91.14 - - [01/Aug/2008:02:47:41 -0700] "GET /modules/mod_login/css/mod_login.css HTTP/1.1" 200 488 "http://registration.corkworlds2009.com/" "Mozilla/5.0 (Windows; U; Windows NT 5.1; en-US; rv:1.8.1.12) Gecko/20080201 Firefox/2.0.0.12"
213.219.91.14 - - [01/Aug/2008:02:47:42 -0700] "GET /templates/cworlds2009/favicon.ico HTTP/1.1" 200 1508 "-" "Mozilla/5.0 (Windows; U; Windows NT 5.1; en-US; rv:1.8.1.12) Gecko/20080201 Firefox/2.0.0.12"
213.219.91.14 - - [01/Aug/2008:02:47:42 -0700] "GET /templates/cworlds2009/images/top-menu-sp.jpg HTTP/1.1" 200 649 "http://registration.corkworlds2009.com/templates/cworlds2009/css/cworlds2009.css" "Mozilla/5.0 (Windows; U; Windows NT 5.1; en-US; rv:1.8.1.12) Gecko/20080201 Firefox/2.0.0.12"
213.219.91.14 - - [01/Aug/2008:02:47:42 -0700] "GET /templates/cworlds2009/images/user-actions-box-header.jpg HTTP/1.1" 200 4756 "http://registration.corkworlds2009.com/templates/cworlds2009/css/cworlds2009.css" "Mozilla/5.0 (Windows; U; Windows NT 5.1; en-US; rv:1.8.1.12) Gecko/20080201 Firefox/2.0.0.12"
213.219.91.14 - - [01/Aug/2008:02:47:42 -0700] "GET /templates/cworlds2009/images/user-actions-box-bg.jpg HTTP/1.1" 200 840 "http://registration.corkworlds2009.com/templates/cworlds2009/css/cworlds2009.css" "Mozilla/5.0 (Windows; U; Windows NT 5.1; en-US; rv:1.8.1.12) Gecko/20080201 Firefox/2.0.0.12"
213.219.91.14 - - [01/Aug/2008:02:47:42 -0700] "GET /modules/mod_welcome/images/bullet.jpg HTTP/1.1" 200 782 "http://registration.corkworlds2009.com/modules/mod_welcome/css/mod_welcome.css" "Mozilla/5.0 (Windows; U; Windows NT 5.1; en-US; rv:1.8.1.12) Gecko/20080201 Firefox/2.0.0.12"
213.219.91.14 - - [01/Aug/2008:02:47:42 -0700] "GET /templates/cworlds2009/images/submit.png HTTP/1.1" 200 1743 "http://registration.corkworlds2009.com/templates/cworlds2009/css/programs.css" "Mozilla/5.0 (Windows; U; Windows NT 5.1; en-US; rv:1.8.1.12) Gecko/20080201 Firefox/2.0.0.12"
213.219.91.14 - - [01/Aug/2008:02:47:42 -0700] "GET /includes/jquery/plugins/simplemodal/jquery.simplemodal.js HTTP/1.1" 200 11230 "http://registration.corkworlds2009.com/" "Mozilla/5.0 (Windows; U; Windows NT 5.1; en-US; rv:1.8.1.12) Gecko/20080201 Firefox/2.0.0.12"
213.219.91.14 - - [01/Aug/2008:02:47:42 -0700] "GET /templates/cworlds2009/images/mainbody-bg.jpg HTTP/1.1" 200 14263 "http://registration.corkworlds2009.com/templates/cworlds2009/css/cworlds2009.css" "Mozilla/5.0 (Windows; U; Windows NT 5.1; en-US; rv:1.8.1.12) Gecko/20080201 Firefox/2.0.0.12"
213.219.91.14 - - [01/Aug/2008:02:47:43 -0700] "GET /templates/cworlds2009/images/note.png HTTP/1.1" 200 843 "http://registration.corkworlds2009.com/templates/cworlds2009/css/programs.css" "Mozilla/5.0 (Windows; U; Windows NT 5.1; en-US; rv:1.8.1.12) Gecko/20080201 Firefox/2.0.0.12"
213.219.91.14 - - [01/Aug/2008:02:47:43 -0700] "GET /templates/cworlds2009/images/information.png HTTP/1.1" 200 1121 "http://registration.corkworlds2009.com/templates/cworlds2009/css/programs.css" "Mozilla/5.0 (Windows; U; Windows NT 5.1; en-US; rv:1.8.1.12) Gecko/20080201 Firefox/2.0.0.12"
213.219.91.14 - - [01/Aug/2008:02:47:43 -0700] "GET /includes/jquery/plugins/cluetip/jquery.dimensions.js HTTP/1.1" 200 24401 "http://registration.corkworlds2009.com/" "Mozilla/5.0 (Windows; U; Windows NT 5.1; en-US; rv:1.8.1.12) Gecko/20080201 Firefox/2.0.0.12"
213.219.91.14 - - [01/Aug/2008:02:47:43 -0700] "GET /includes/jquery/plugins/cluetip/jquery.cluetip.js HTTP/1.1" 200 24415 "http://registration.corkworlds2009.com/" "Mozilla/5.0 (Windows; U; Windows NT 5.1; en-US; rv:1.8.1.12) Gecko/20080201 Firefox/2.0.0.12"
213.219.91.14 - - [01/Aug/2008:02:47:44 -0700] "GET /includes/jquery/plugins/simplemodal/css/simplemodal.css HTTP/1.1" 200 1165 "http://registration.corkworlds2009.com/" "Mozilla/5.0 (Windows; U; Windows NT 5.1; en-US; rv:1.8.1.12) Gecko/20080201 Firefox/2.0.0.12"
213.219.91.14 - - [01/Aug/2008:02:47:44 -0700] "GET /includes/jquery/plugins/cluetip/jquery.cluetip.css HTTP/1.1" 200 4917 "http://registration.corkworlds2009.com/" "Mozilla/5.0 (Windows; U; Windows NT 5.1; en-US; rv:1.8.1.12) Gecko/20080201 Firefox/2.0.0.12"
213.219.91.14 - - [01/Aug/2008:02:47:45 -0700] "GET /templates/cworlds2009/images/box-left.png HTTP/1.1" 200 562 "http://registration.corkworlds2009.com/templates/cworlds2009/css/programs.css" "Mozilla/5.0 (Windows; U; Windows NT 5.1; en-US; rv:1.8.1.12) Gecko/20080201 Firefox/2.0.0.12"
213.219.91.14 - - [01/Aug/2008:02:47:45 -0700] "GET /templates/cworlds2009/images/box-right.png HTTP/1.1" 200 2532 "http://registration.corkworlds2009.com/templates/cworlds2009/css/programs.css" "Mozilla/5.0 (Windows; U; Windows NT 5.1; en-US; rv:1.8.1.12) Gecko/20080201 Firefox/2.0.0.12"
213.219.91.14 - - [01/Aug/2008:02:47:45 -0700] "GET /modules/mod_disable/js/mod_disable.js HTTP/1.1" 200 2467 "http://registration.corkworlds2009.com/" "Mozilla/5.0 (Windows; U; Windows NT 5.1; en-US; rv:1.8.1.12) Gecko/20080201 Firefox/2.0.0.12"
213.219.91.14 - - [01/Aug/2008:02:47:45 -0700] "GET /templates/cworlds2009/images/box-top.png HTTP/1.1" 200 579 "http://registration.corkworlds2009.com/templates/cworlds2009/css/programs.css" "Mozilla/5.0 (Windows; U; Windows NT 5.1; en-US; rv:1.8.1.12) Gecko/20080201 Firefox/2.0.0.12"
213.219.91.14 - - [01/Aug/2008:02:47:45 -0700] "GET /templates/cworlds2009/images/box-topleft.png HTTP/1.1" 200 554 "http://registration.corkworlds2009.com/templates/cworlds2009/css/programs.css" "Mozilla/5.0 (Windows; U; Windows NT 5.1; en-US; rv:1.8.1.12) Gecko/20080201 Firefox/2.0.0.12"
213.219.91.14 - - [01/Aug/2008:02:47:45 -0700] "GET /templates/cworlds2009/images/register.jpg HTTP/1.1" 200 5780 "http://registration.corkworlds2009.com/templates/cworlds2009/css/programs.css" "Mozilla/5.0 (Windows; U; Windows NT 5.1; en-US; rv:1.8.1.12) Gecko/20080201 Firefox/2.0.0.12"
213.219.91.14 - - [01/Aug/2008:02:47:45 -0700] "GET /modules/mod_disable/css/mod_disable.css HTTP/1.1" 200 846 "http://registration.corkworlds2009.com/" "Mozilla/5.0 (Windows; U; Windows NT 5.1; en-US; rv:1.8.1.12) Gecko/20080201 Firefox/2.0.0.12"
213.219.91.14 - - [01/Aug/2008:02:47:46 -0700] "GET /templates/cworlds2009/images/footer-bg.jpg HTTP/1.1" 200 5992 "http://registration.corkworlds2009.com/templates/cworlds2009/css/cworlds2009.css" "Mozilla/5.0 (Windows; U; Windows NT 5.1; en-US; rv:1.8.1.12) Gecko/20080201 Firefox/2.0.0.12"
213.219.91.14 - - [01/Aug/2008:02:47:48 -0700] "GET /includes/jquery/plugins/cluetip/wait.gif HTTP/1.1" 200 776 "http://registration.corkworlds2009.com/includes/jquery/plugins/cluetip/jquery.cluetip.css" "Mozilla/5.0 (Windows; U; Windows NT 5.1; en-US; rv:1.8.1.12) Gecko/20080201 Firefox/2.0.0.12"
217.43.194.200 - - [01/Aug/2008:02:47:49 -0700] "GET / HTTP/1.1" 200 9496 "http://www.corkworlds2009.com/index.php?option=com_content&view=article&id=8&Itemid=9" "Mozilla/4.0 (compatible; MSIE 7.0; Windows NT 5.1; BT Openworld BB; .NET CLR 1.1.4322)"
217.43.194.200 - - [01/Aug/2008:02:47:50 -0700] "GET /includes/validator/validator.js HTTP/1.1" 304 240 "http://registration.corkworlds2009.com/" "Mozilla/4.0 (compatible; MSIE 7.0; Windows NT 5.1; BT Openworld BB; .NET CLR 1.1.4322)"
217.43.194.200 - - [01/Aug/2008:02:47:50 -0700] "GET /includes/jquery/jquery.js HTTP/1.1" 304 241 "http://registration.corkworlds2009.com/" "Mozilla/4.0 (compatible; MSIE 7.0; Windows NT 5.1; BT Openworld BB; .NET CLR 1.1.4322)"
217.43.194.200 - - [01/Aug/2008:02:47:50 -0700] "GET /includes/css/system.css HTTP/1.1" 304 238 "http://registration.corkworlds2009.com/" "Mozilla/4.0 (compatible; MSIE 7.0; Windows NT 5.1; BT Openworld BB; .NET CLR 1.1.4322)"
217.43.194.200 - - [01/Aug/2008:02:47:50 -0700] "GET /templates/cworlds2009/css/cworlds2009.css HTTP/1.1" 304 239 "http://registration.corkworlds2009.com/" "Mozilla/4.0 (compatible; MSIE 7.0; Windows NT 5.1; BT Openworld BB; .NET CLR 1.1.4322)"
217.43.194.200 - - [01/Aug/2008:02:47:51 -0700] "GET /modules/mod_welcome/css/mod_welcome.css HTTP/1.1" 304 238 "http://registration.corkworlds2009.com/" "Mozilla/4.0 (compatible; MSIE 7.0; Windows NT 5.1; BT Openworld BB; .NET CLR 1.1.4322)"
217.43.194.200 - - [01/Aug/2008:02:47:51 -0700] "GET /modules/mod_login/css/mod_login.css HTTP/1.1" 304 238 "http://registration.corkworlds2009.com/" "Mozilla/4.0 (compatible; MSIE 7.0; Windows NT 5.1; BT Openworld BB; .NET CLR 1.1.4322)"
217.43.194.200 - - [01/Aug/2008:02:47:51 -0700] "GET /templates/cworlds2009/css/programs.css HTTP/1.1" 304 239 "http://registration.corkworlds2009.com/" "Mozilla/4.0 (compatible; MSIE 7.0; Windows NT 5.1; BT Openworld BB; .NET CLR 1.1.4322)"
217.43.194.200 - - [01/Aug/2008:02:47:51 -0700] "GET /templates/cworlds2009/images/container-bg.jpg HTTP/1.1" 304 238 "http://registration.corkworlds2009.com/" "Mozilla/4.0 (compatible; MSIE 7.0; Windows NT 5.1; BT Openworld BB; .NET CLR 1.1.4322)"
217.43.194.200 - - [01/Aug/2008:02:47:51 -0700] "GET /templates/cworlds2009/images/user-actions-box-bg.jpg HTTP/1.1" 304 239 "http://registration.corkworlds2009.com/" "Mozilla/4.0 (compatible; MSIE 7.0; Windows NT 5.1; BT Openworld BB; .NET CLR 1.1.4322)"
217.43.194.200 - - [01/Aug/2008:02:47:51 -0700] "GET /includes/jquery/plugins/simplemodal/jquery.simplemodal.js HTTP/1.1" 304 240 "http://registration.corkworlds2009.com/" "Mozilla/4.0 (compatible; MSIE 7.0; Windows NT 5.1; BT Openworld BB; .NET CLR 1.1.4322)"
217.43.194.200 - - [01/Aug/2008:02:47:51 -0700] "GET /templates/cworlds2009/images/submit.png HTTP/1.1" 304 239 "http://registration.corkworlds2009.com/" "Mozilla/4.0 (compatible; MSIE 7.0; Windows NT 5.1; BT Openworld BB; .NET CLR 1.1.4322)"
217.43.194.200 - - [01/Aug/2008:02:47:52 -0700] "GET /templates/cworlds2009/images/mainbody-bg.jpg HTTP/1.1" 304 240 "http://registration.corkworlds2009.com/" "Mozilla/4.0 (compatible; MSIE 7.0; Windows NT 5.1; BT Openworld BB; .NET CLR 1.1.4322)"
217.43.194.200 - - [01/Aug/2008:02:47:52 -0700] "GET /templates/cworlds2009/images/banner.jpg HTTP/1.1" 304 239 "http://registration.corkworlds2009.com/" "Mozilla/4.0 (compatible; MSIE 7.0; Windows NT 5.1; BT Openworld BB; .NET CLR 1.1.4322)"
217.43.194.200 - - [01/Aug/2008:02:47:52 -0700] "GET /templates/cworlds2009/images/top-welcome-menu.jpg HTTP/1.1" 304 239 "http://registration.corkworlds2009.com/" "Mozilla/4.0 (compatible; MSIE 7.0; Windows NT 5.1; BT Openworld BB; .NET CLR 1.1.4322)"
217.43.194.200 - - [01/Aug/2008:02:47:52 -0700] "GET /templates/cworlds2009/images/top-menu-sp.jpg HTTP/1.1" 304 239 "http://registration.corkworlds2009.com/" "Mozilla/4.0 (compatible; MSIE 7.0; Windows NT 5.1; BT Openworld BB; .NET CLR 1.1.4322)"
217.43.194.200 - - [01/Aug/2008:02:47:52 -0700] "GET /templates/cworlds2009/images/user-actions-box-header.jpg HTTP/1.1" 304 240 "http://registration.corkworlds2009.com/" "Mozilla/4.0 (compatible; MSIE 7.0; Windows NT 5.1; BT Openworld BB; .NET CLR 1.1.4322)"
217.43.194.200 - - [01/Aug/2008:02:47:52 -0700] "GET /modules/mod_welcome/images/bullet.jpg HTTP/1.1" 304 239 "http://registration.corkworlds2009.com/" "Mozilla/4.0 (compatible; MSIE 7.0; Windows NT 5.1; BT Openworld BB; .NET CLR 1.1.4322)"
217.43.194.200 - - [01/Aug/2008:02:47:52 -0700] "GET /templates/cworlds2009/images/note.png HTTP/1.1" 304 239 "http://registration.corkworlds2009.com/" "Mozilla/4.0 (compatible; MSIE 7.0; Windows NT 5.1; BT Openworld BB; .NET CLR 1.1.4322)"
217.43.194.200 - - [01/Aug/2008:02:47:52 -0700] "GET /templates/cworlds2009/images/information.png HTTP/1.1" 304 239 "http://registration.corkworlds2009.com/" "Mozilla/4.0 (compatible; MSIE 7.0; Windows NT 5.1; BT Openworld BB; .NET CLR 1.1.4322)"
217.43.194.200 - - [01/Aug/2008:02:47:52 -0700] "GET /includes/jquery/plugins/cluetip/jquery.dimensions.js HTTP/1.1" 304 240 "http://registration.corkworlds2009.com/" "Mozilla/4.0 (compatible; MSIE 7.0; Windows NT 5.1; BT Openworld BB; .NET CLR 1.1.4322)"
217.43.194.200 - - [01/Aug/2008:02:47:53 -0700] "GET /includes/jquery/plugins/cluetip/jquery.cluetip.js HTTP/1.1" 304 240 "http://registration.corkworlds2009.com/" "Mozilla/4.0 (compatible; MSIE 7.0; Windows NT 5.1; BT Openworld BB; .NET CLR 1.1.4322)"
217.43.194.200 - - [01/Aug/2008:02:47:53 -0700] "GET /includes/jquery/plugins/simplemodal/css/simplemodal.css HTTP/1.1" 304 239 "http://registration.corkworlds2009.com/" "Mozilla/4.0 (compatible; MSIE 7.0; Windows NT 5.1; BT Openworld BB; .NET CLR 1.1.4322)"
217.43.194.200 - - [01/Aug/2008:02:47:53 -0700] "GET /includes/jquery/plugins/cluetip/jquery.cluetip.css HTTP/1.1" 304 240 "http://registration.corkworlds2009.com/" "Mozilla/4.0 (compatible; MSIE 7.0; Windows NT 5.1; BT Openworld BB; .NET CLR 1.1.4322)"
217.43.194.200 - - [01/Aug/2008:02:47:53 -0700] "GET /templates/cworlds2009/images/register.jpg HTTP/1.1" 304 240 "http://registration.corkworlds2009.com/" "Mozilla/4.0 (compatible; MSIE 7.0; Windows NT 5.1; BT Openworld BB; .NET CLR 1.1.4322)"
